Dež Od: 25-11-2017 07:00 Do: 26-11-2017 07:59 Opozorilo za: Dež Stopnja: Rumena info button

Možne so izdatnejše padavine. Količina padavin : od 50 do 85 mm/24h. Vodotoki lahko poplavljajo ob strugah na območju pogostih poplav. Verjetne so motnje v prometu in pri oskrbi z električno energijo in pitno vodo. Možni so zemeljski plazovi. Iz nižjih prostorov in kleti umaknite hrano, premičnine, dokumente, denar in druge dragocenosti. Izklopite elektriko, plin in vodovod. Ne skušajte prečkati vodnega toka. Bodite previdni pri uživanju hrane in vode. Spremljajte trend vodostaja in meteorološka ter hidrološka obvestila in opozorila ter informacije, ki jih posredujejo pristojne službe in organi.

Nevihte Od: 25-11-2017 15:00 Do: 23:59 Opozorilo za: Nevihte Stopnja: Rumena info button

Možne so krajevne nevihte. Lokalno možni močnejši nalivi, piš vetra in udari strel. Hitro lahko narastejo hudourniški vodotoki. Bodite pozorni na bližajoče se nevihtne oblake. Med nevihto se ne zadržujte na izpostavljenih mestih, počakajte na varnem mestu, nevihta običajno ne traja dolgo.

Veter Od: 25-11-2017 12:00 Do: 21:59 Opozorilo za: Veter Stopnja: Rumena info button

Maksimalna hitrost vetra : od 70 do 85 km/h. Veter maje drevesa in lahko že lomi veje. Ovira cestni promet določenih kategorij in lahko že nekoliko otežuje gibanje. Morje je zmerno vzvalovano (3). Vrata in okna naj bodo zaprta. Na prostem se ne zadržujte na potencialno nevarnih mestih. Priporočamo dodatno previdnost v prometu. Priporočamo previdnost na morju.

NOAA-Style klimatska poročila

Izberi mesečna ali letna poročila
2017: jan feb mar apr maj jun jul avg sep okt nov dec
2016: jan feb mar apr maj jun jul avg sep okt nov dec
2015: jan feb mar apr maj jun jul avg sep okt nov dec
2014: jan feb mar apr maj jun jul avg sep okt nov dec
2013: jan feb mar apr maj jun jul avg sep okt nov dec
2012: jan feb mar apr maj jun jul avg sep okt nov dec
2011: jan feb mar apr maj jun jul avg sep okt nov dec
2010: jan feb mar apr maj jun jul avg sep okt nov dec
2009: jan feb mar apr maj jun jul avg sep okt nov dec
2008: jan feb mar apr maj jun jul avg sep okt nov dec
2007: jan feb mar apr maj jun jul avg sep okt nov dec
2006: jan feb mar apr maj jun jul avg sep okt nov dec
2005: jan feb mar apr maj jun jul avg sep okt nov dec
2004: jan feb mar apr maj jun jul avg sep okt nov dec
2003: jan feb mar apr maj jun jul avg sep okt nov dec
2002: jan feb mar apr maj jun jul avg sep okt nov dec

Poročilo za 2017 november
                   Monthly Climatological Summary for nov 2017

Name: Vremenska postaja Okroglo   City: Kal nad Kanalom   State: Slovenija
Elevation: 770 m  Lat: N 46 04 21   Lon: E 013 44 04

                  Temperature (°C), Rain (mm), Wind Speed (km/h)

                                      Heat  Cool        Avg
    Mean                              Deg   Deg         Wind                 Dom
Day Temp  High   Time   Low    Time   Days  Days  Rain  Speed High   Time    Dir
----------------------------------------------------------------------------------
01   8,6  13,4   10:51   6,1   05:27   9,4   0,0   0,0   2,8  24,1   14:39    JZ
02   7,5   8,9   13:34   5,8   04:06  10,5   0,0   0,0   2,8  16,9   17:46   ZJZ
03  10,0  14,9   13:01   6,9   04:13   8,0   0,0   0,0  ----  28,1   12:37    JV
04   9,5  11,6   11:32   7,6   04:26   8,5   0,0   1,6  ----  24,5   23:19   JJZ
05   9,7  12,6   14:28   7,5   23:55   8,3   0,0  10,4  ----  37,4   22:46     J
06   5,5   7,5   00:00   3,6   20:07  12,5   0,0  97,9  ----  51,5   18:29    SV
07   5,2   7,0   08:40   3,6   16:50  12,8   0,0  37,3  ----  54,0   08:31    SV
08   7,0  11,4   13:56   5,4   00:00  11,0   0,0   0,0  ----  32,4   01:28   VSV
09   5,9   6,9   11:20   5,3   06:42  12,1   0,0   1,0  ----  30,2   11:02   VSV
10   7,1  15,1   13:13   5,1   03:33  10,9   0,0   0,0  ----  27,4   06:14   JJV
11   6,2   8,4   14:15   4,9   20:34  11,8   0,0   0,0  ----  15,8   21:13     J
12   6,1   7,9   22:53   5,4   00:21  11,9   0,0  10,9  ----  28,4   13:41   JJZ
13   2,7   7,4   00:29   0,1   08:43  15,3   0,0  15,5  ----  55,8   03:08    SV
14   2,5   5,1   14:03   1,1   23:48  15,5   0,0  74,6  ----  71,3   21:00    SV
15   2,1   4,1   12:03   0,6   01:28  15,9   0,0  57,0  ----  61,6   03:34   VSV
16   3,7   5,6   10:08   2,1   05:33  14,3   0,0  11,4  ----  54,0   10:58     V
17   4,8   7,5   13:53   3,5   04:24  13,2   0,0   0,0  ----  44,6   06:11   VJV
18   3,8   7,6   14:03   1,6   23:37  14,2   0,0   0,0  ----  43,6   00:10   VJV
19   5,1  12,6   13:08   1,5   00:58  12,9   0,0   0,0  ----  18,4   23:26     S
20   4,9  12,1   12:10   1,3   03:24  13,1   0,0   0,0  ----  24,1   13:34    JZ
21   5,1   9,1   12:59   2,9   00:00  12,9   0,0   0,0  ----  30,6   13:34     J
22   6,1   8,1   12:21   4,9   00:00  11,9   0,0   0,0  ----  25,2   21:42   JJZ
23   6,7   8,3   14:35   5,4   19:08  11,3   0,0   0,0  ----  20,5   09:40   JJZ
24   6,9  13,5   11:58   4,9   07:36  11,1   0,0   0,0  ----  19,1   15:26   JJZ
----------------------------------------------------------------------------------
     5,9  15,1    10     0,1    13   289,3   0,0 317,6   2,8  71,3    14      JZ

Max >=  30,0  0
Max <=   0,0  0
Min <=   0,0  0
Min <=  -5,0  0
Max Rain: 97,9 on day 6
Days of Rain: 10 (>= 1,0 mm)  8 (>= 10,0 mm)  4 (>= 20,0 mm)
Heat Base: 18,0  Cool Base: 18,0  Method: Integration