Veter Od: 18-02-2018 23:00 Do: 19-02-2018 11:59 Opozorilo za: Veter Stopnja: Oranžna info button

Maksimalna hitrost vetra : od 100 do 120 km/h. Veter lomi veje in lahko podira posamezna drevesa, odkriva strehe. Možne so prekinitve v oskrbi z električno energijo. Oviran je cestni, lahko tudi pomorski promet. Gibanje na prostem je zelo oteženo in nevarno. Morje je zmerno vzvalovano do vzvalovano (3-4). Pri gibanju na prostem se izogibajte nevarnih mest. Ne vključujte se v promet, če ni nujno potrebno. Plovila naj bodo privezana na varnih privezih. Ostanite na kopnem. Spremljajte meteorološka obvestila in opozorila ter informacije, ki jih posredujejo pristojne službe in organi.

NOAA-Style klimatska poročila

Izberi mesečna ali letna poročila
2018: jan feb mar apr maj jun jul avg sep okt nov dec
2017: jan feb mar apr maj jun jul avg sep okt nov dec
2016: jan feb mar apr maj jun jul avg sep okt nov dec
2015: jan feb mar apr maj jun jul avg sep okt nov dec
2014: jan feb mar apr maj jun jul avg sep okt nov dec
2013: jan feb mar apr maj jun jul avg sep okt nov dec
2012: jan feb mar apr maj jun jul avg sep okt nov dec
2011: jan feb mar apr maj jun jul avg sep okt nov dec
2010: jan feb mar apr maj jun jul avg sep okt nov dec
2009: jan feb mar apr maj jun jul avg sep okt nov dec
2008: jan feb mar apr maj jun jul avg sep okt nov dec
2007: jan feb mar apr maj jun jul avg sep okt nov dec
2006: jan feb mar apr maj jun jul avg sep okt nov dec
2005: jan feb mar apr maj jun jul avg sep okt nov dec
2004: jan feb mar apr maj jun jul avg sep okt nov dec
2003: jan feb mar apr maj jun jul avg sep okt nov dec
2002: jan feb mar apr maj jun jul avg sep okt nov dec

Poročilo za 2018 februar
                   Monthly Climatological Summary for feb 2018

Name: Vremenska postaja Okroglo   City: Kal nad Kanalom   State: Slovenija
Elevation: 770 m  Lat: N 46 04 21   Lon: E 013 44 04

                  Temperature (°C), Rain (mm), Wind Speed (km/h)

                                      Heat  Cool        Avg
    Mean                              Deg   Deg         Wind                 Dom
Day Temp  High   Time   Low    Time   Days  Days  Rain  Speed High   Time    Dir
----------------------------------------------------------------------------------
01   4,2   5,3   10:32   2,6   22:07  13,8   0,0  47,1  23,3  68,8   12:26     J
02   1,3   4,3   00:42  -0,9   23:27  13,2   0,0  24,3   9,2  44,3   00:42     J
03  -1,6  -0,9   00:02  -2,4   23:21  19,6   0,0   0,0  10,7  41,0   10:46   JJV
04  -0,8   3,5   12:27  -2,8   06:39  18,8   0,0   2,6   2,0  21,2   23:20   VJV
05  -1,1   3,5   12:44  -3,1   05:23  19,1   0,0   0,0   5,7  32,0   05:11   SSV
06  -1,0   7,3   12:27  -3,5   05:38  19,0   0,0   0,0   6,4  47,9   23:20   SSV
07  -1,0   1,4   22:19  -2,7   05:34  19,0   0,0   1,5  10,3  42,1   09:55     V
08   2,1   6,5   13:43  -0,9   03:56  15,9   0,0   0,0   0,9  18,0   02:50   ZSZ
09   1,9   5,4   10:38   0,5   19:49  16,1   0,0   1,0   1,0  10,4   04:38     S
10   0,1   3,3   12:12  -1,7   23:19  17,9   0,0   0,5   8,7  43,2   09:37   VSV
11  -1,0   3,1   14:48  -3,2   08:00  19,0   0,0   0,0   5,3  31,3   06:49   VJV
12  -0,9   0,3   12:11  -2,2   07:24  18,9   0,0   2,1   5,8  38,5   20:56    SV
13  -1,0   1,0   14:00  -2,7   23:59  19,0   0,0   0,0   8,0  38,9   03:58   SSV
14  -0,7   5,5   13:51  -5,1   05:12  18,7   0,0   0,5   2,3  22,0   19:50   SSV
15  -0,8   4,8   13:48  -4,4   06:50  18,8   0,0   0,0   2,2  23,8   09:51    JZ
16   2,0   7,2   14:49  -2,7   00:53  16,0   0,0   4,7   4,1  47,2   21:01   VSV
17   2,7   9,6   12:32   0,4   02:00  15,1   0,0   0,5   8,4  50,0   00:45   VJV
18   0,1   1,9   04:52  -1,4   23:52  17,9   0,0  18,1  11,8  61,9   20:30   VSV
----------------------------------------------------------------------------------
     0,3   9,6    17    -5,1    14   315,8   0,0 102,9   7,0  68,8     1     VJV

Max >=  30,0  0
Max <=   0,0  1
Min <=   0,0 15
Min <=  -5,0  1
Max Rain: 47,1 on day 1
Days of Rain: 8 (>= 1,0 mm)  3 (>= 10,0 mm)  2 (>= 20,0 mm)
Heat Base: 18,0  Cool Base: 18,0  Method: Integration