Veter Od: 15-12-2017 00:00 Do: 08:59 Opozorilo za: Veter Stopnja: Oranžna info button

Maksimalna hitrost vetra : od 70 do 85 km/h. Veter maje drevesa in lahko že lomi veje. Ovira cestni promet določenih kategorij in lahko že nekoliko otežuje gibanje. Morje je zmerno vzvalovano (3). Vrata in okna naj bodo zaprta. Na prostem se ne zadržujte na potencialno nevarnih mestih. Priporočamo dodatno previdnost v prometu. Priporočamo previdnost na morju.

Dež Od: 14-12-2017 23:00 Do: 15-12-2017 22:59 Opozorilo za: Dež Stopnja: Rumena info button

Možne so izdatnejše padavine. Količina padavin : od 50 do 85 mm/24h. Vodotoki lahko poplavljajo ob strugah na območju pogostih poplav. Verjetne so motnje v prometu in pri oskrbi z električno energijo in pitno vodo. Možni so zemeljski plazovi. Iz nižjih prostorov in kleti umaknite hrano, premičnine, dokumente, denar in druge dragocenosti. Izklopite elektriko, plin in vodovod. Ne skušajte prečkati vodnega toka. Bodite previdni pri uživanju hrane in vode. Spremljajte trend vodostaja in meteorološka ter hidrološka obvestila in opozorila ter informacije, ki jih posredujejo pristojne službe in organi.

NOAA-Style klimatska poročila

Izberi mesečna ali letna poročila
2017: jan feb mar apr maj jun jul avg sep okt nov dec
2016: jan feb mar apr maj jun jul avg sep okt nov dec
2015: jan feb mar apr maj jun jul avg sep okt nov dec
2014: jan feb mar apr maj jun jul avg sep okt nov dec
2013: jan feb mar apr maj jun jul avg sep okt nov dec
2012: jan feb mar apr maj jun jul avg sep okt nov dec
2011: jan feb mar apr maj jun jul avg sep okt nov dec
2010: jan feb mar apr maj jun jul avg sep okt nov dec
2009: jan feb mar apr maj jun jul avg sep okt nov dec
2008: jan feb mar apr maj jun jul avg sep okt nov dec
2007: jan feb mar apr maj jun jul avg sep okt nov dec
2006: jan feb mar apr maj jun jul avg sep okt nov dec
2005: jan feb mar apr maj jun jul avg sep okt nov dec
2004: jan feb mar apr maj jun jul avg sep okt nov dec
2003: jan feb mar apr maj jun jul avg sep okt nov dec
2002: jan feb mar apr maj jun jul avg sep okt nov dec

Poročilo za 2012
                   Annual Climatological Summary for 2012

Name: Vremenska postaja Okroglo   City: Kal nad Kanalom   State: Slovenija
Elevation: 770 m  Lat: N 46° 04' 21"   Lon: E 013° 44' 04"

                  Temperature (°C), Heat Base: 18,0  Cool Base: 18,0
                          Dep.  Heat  Cool                       Max  Max  Min  Min
        Mean  Mean        From  Deg   Deg                        >=   <=   <=   <=
 YR MO  Max   Min   Mean  Norm  Days  Days  Hi  Date  Low  Date 30,0  0,0  0,0  -5,0
------------------------------------------------------------------------------------
 12  1   4,4  -1,3   0,9   0.0   541     0   9,8  10  -8,6   31    0    4   16    3
 12  2   1,4  -5,1  -2,3   0.0   602     0  20,5  29 -13,7    6    0   13   24   14
 12  3  14,1   5,5   8,9   0.0   283     0  18,9  26  -2,2    7    0    0    1    0
 12  4  11,4   5,1   7,8   0.0   309     3  25,4  28  -2,2    9    0    0    2    0
 12  5  18,3   9,4  13,2   0.0   158     9  24,1  24   2,6   16    0    0    0    0
 12  6  22,3  14,4  18,0   0.0    66    47  29,8  19   8,6   14    0    0    0    0
 12  7  25,9  16,2  20,3   0.0    33    85  30,8   1  11,3   15    3    0    0    0
 12  8  28,6  17,3  21,7   0.0    27   121  35,1  20  10,1   26   12    0    0    0
 12  9  20,5  12,5  15,7   0.0    86    23  28,1   8   6,8   20    0    0    0    0
 12 10  14,9   8,2  10,6   0.0   237     6  21,3   2  -2,4   30    0    0    3    0
 12 11   9,7   5,1   7,1   0.0   292    43  15,1   5  -0,2   30    0    0    1    0
 12 12   4,7  -0,8   1,3   0.0   521     0  11,4  28  -5,4    7    0    2   18    1
------------------------------------------------------------------------------------
        14,7   7,2  10,3   0.0  3159   340  35,1 avg -13,7  feb   15   19   65   18

                                Precipitation (mm)

              Dep.   Max        Days of Rain
              From   Obs.           >=
 YR MO Total  Norm   Day Date  1,0 10,0 20,0
---------------------------------------------
 12  1  78,2   0.0  47,1   3     3    2    2
 12  2  16,6   0.0   7,8  19     3    0    0
 12  3   8,3   0.0   8,3  19     1    0    0
 12  4 364,9   0.0  64,4   6    17   10    9
 12  5 171,7   0.0  36,3  28    15    7    4
 12  6 211,0   0.0  91,7  11    11    7    2
 12  7 126,4   0.0  54,4  11    11    4    3
 12  8  72,5   0.0  28,5  26     4    3    2
 12  9 162,2   0.0  61,1  12    11    6    2
 12 10 312,3   0.0 137,8  27    12    6    4
 12 11 307,3   0.0  58,5  28    16    7    6
 12 12 149,0   0.0  66,8  15    10    3    3
---------------------------------------------
      1980,4   0.0 137,8  okt  114   55   37

                                Wind Speed (km/h)
                          Dom
 YR MO   Avg.  Hi   Date  Dir
------------------------------
 12  1   4,7  72,7   29     V
 12  2   9,6  77,4    3     V
 12  3   5,8  55,8    6    JV
 12  4   5,5  50,8    1     J
 12  5   4,1  65,2   13    SV
 12  6   3,9  39,6   23    JZ
 12  7   3,6  44,3   23   VSV
 12  8   3,5  41,4    9   JJV
 12  9   5,9  54,0   27    JV
 12 10   5,2  69,1   28   JJV
 12 11   7,3  87,1    5   JJV
 12 12   3,6  61,9    8   VJV
------------------------------
         5,2  87,1  nov    JV