Veter Od: 15-12-2017 00:00 Do: 08:59 Opozorilo za: Veter Stopnja: Oranžna info button

Maksimalna hitrost vetra : od 70 do 85 km/h. Veter maje drevesa in lahko že lomi veje. Ovira cestni promet določenih kategorij in lahko že nekoliko otežuje gibanje. Morje je zmerno vzvalovano (3). Vrata in okna naj bodo zaprta. Na prostem se ne zadržujte na potencialno nevarnih mestih. Priporočamo dodatno previdnost v prometu. Priporočamo previdnost na morju.

Dež Od: 14-12-2017 23:00 Do: 15-12-2017 22:59 Opozorilo za: Dež Stopnja: Rumena info button

Možne so izdatnejše padavine. Količina padavin : od 50 do 85 mm/24h. Vodotoki lahko poplavljajo ob strugah na območju pogostih poplav. Verjetne so motnje v prometu in pri oskrbi z električno energijo in pitno vodo. Možni so zemeljski plazovi. Iz nižjih prostorov in kleti umaknite hrano, premičnine, dokumente, denar in druge dragocenosti. Izklopite elektriko, plin in vodovod. Ne skušajte prečkati vodnega toka. Bodite previdni pri uživanju hrane in vode. Spremljajte trend vodostaja in meteorološka ter hidrološka obvestila in opozorila ter informacije, ki jih posredujejo pristojne službe in organi.

NOAA-Style klimatska poročila

Izberi mesečna ali letna poročila
2017: jan feb mar apr maj jun jul avg sep okt nov dec
2016: jan feb mar apr maj jun jul avg sep okt nov dec
2015: jan feb mar apr maj jun jul avg sep okt nov dec
2014: jan feb mar apr maj jun jul avg sep okt nov dec
2013: jan feb mar apr maj jun jul avg sep okt nov dec
2012: jan feb mar apr maj jun jul avg sep okt nov dec
2011: jan feb mar apr maj jun jul avg sep okt nov dec
2010: jan feb mar apr maj jun jul avg sep okt nov dec
2009: jan feb mar apr maj jun jul avg sep okt nov dec
2008: jan feb mar apr maj jun jul avg sep okt nov dec
2007: jan feb mar apr maj jun jul avg sep okt nov dec
2006: jan feb mar apr maj jun jul avg sep okt nov dec
2005: jan feb mar apr maj jun jul avg sep okt nov dec
2004: jan feb mar apr maj jun jul avg sep okt nov dec
2003: jan feb mar apr maj jun jul avg sep okt nov dec
2002: jan feb mar apr maj jun jul avg sep okt nov dec

Poročilo za 2015
                   Annual Climatological Summary for 2015

Name: Vremenska postaja Okroglo   City: Kal nad Kanalom   State: Slovenija
Elevation: 770 m  Lat: N 46° 04' 21"   Lon: E 013° 44' 04"

                  Temperature (°C), Heat Base: 18,0  Cool Base: 18,0
                          Dep.  Heat  Cool                       Max  Max  Min  Min
        Mean  Mean        From  Deg   Deg                        >=   <=   <=   <=
 YR MO  Max   Min   Mean  Norm  Days  Days  Hi  Date  Low  Date 30,0  0,0  0,0  -5,0
------------------------------------------------------------------------------------
 15  1   5,5   0,3   2,5   0.0   478     0  10,9   2  -8,3    1    0    0    9    1
 15  2   4,5  -1,0   1,2   0.0   469     0  12,1  11  -5,5    9    0    2   17    1
 15  3   9,5   2,7   5,5   0.0   386     0  14,4  10  -0,7    7    0    0    1    0
 15  4  13,2   5,8   9,0   0.0   270     0  19,3  22   0,8    6    0    0    0    0
 15  5  18,4  11,0  14,0   0.0   134     8  23,9  18   6,9   28    0    0    0    0
 15  6  23,1  14,1  17,9   0.0    56    56  29,5   7   8,2   24    0    0    0    0
 15  7  27,2  17,9  21,7   0.0    13   121  33,3  21  12,1   30   12    0    0    0
 15  8  26,3  16,9  20,5   0.0    27   104  32,9  12  11,9   22    9    0    0    0
 15  9  19,6  11,7  14,5   0.0   118    13  26,9   1   6,3   30    0    0    0    0
 15 10  13,9   7,6   9,8   0.0   253     0  20,1   5   3,2   17    0    0    0    0
 15 11  11,3   4,9   7,4   0.0   319     1  20,9   8  -3,5   25    0    1    8    0
 15 12   8,4   2,9   5,3   0.0   392     0  14,5  28  -4,8   31    0    1    3    0
------------------------------------------------------------------------------------
        15,1   7,9  10,8   0.0  2922   306  33,3 jul  -8,3  jan   21    4   38    2

                                Precipitation (mm)

              Dep.   Max        Days of Rain
              From   Obs.           >=
 YR MO Total  Norm   Day Date  1,0 10,0 20,0
---------------------------------------------
 15  1  42,0   0.0  21,8  17     5    2    1
 15  2  35,7   0.0  18,1  22     5    1    0
 15  3 156,5   0.0  62,7  26     8    5    3
 15  4  46,0   0.0  17,1  28     6    1    0
 15  5 171,0   0.0  30,0  21    12    7    4
 15  6 129,9   0.0  67,3  23     8    3    2
 15  7 221,6   0.0  52,0   9    10    7    5
 15  8 160,0   0.0  63,7  25     9    5    3
 15  9 195,2   0.0  57,0   4    10    4    4
 15 10 245,0   0.0  82,4  14    14    7    3
 15 11  32,1   0.0  15,5  21     4    1    0
 15 12   5,6   0.0   2,6  21     3    0    0
---------------------------------------------
      1440,6   0.0  82,4  okt   94   43   25

                                Wind Speed (km/h)
                          Dom
 YR MO   Avg.  Hi   Date  Dir
------------------------------
 15  1   2,8  48,6   17    JZ
 15  2   3,9  37,8    5     J
 15  3   3,5  32,4    9    JZ
 15  4   3,1  41,4   18    JZ
 15  5   2,9  38,5   23    JZ
 15  6   1,8  36,4   20    JZ
 15  7   3,1  34,9   31   ZJZ
 15  8   1,6  30,2   26   ZJZ
 15  9   2,8  36,0   14    JZ
 15 10   3,3  43,2   31   ZJZ
 15 11   2,4  37,8   23   JJZ
 15 12   1,6  44,3   30   JJZ
------------------------------
         2,7  48,6  jan    JZ