NOAA-Style klimatska poročila


Poročilo za 2017 december
                   Monthly Climatological Summary for dec 2017

Name: Vremenska postaja Okroglo   City: Kal nad Kanalom   State: Slovenija
Elevation: 770 m  Lat: N 46 04 21   Lon: E 013 44 04

                  Temperature (°C), Rain (mm), Wind Speed (km/h)

                                      Heat  Cool        Avg
    Mean                              Deg   Deg         Wind                 Dom
Day Temp  High   Time   Low    Time   Days  Days  Rain  Speed High   Time    Dir
----------------------------------------------------------------------------------
01  -0,6   1,1   13:09  -1,4   04:48  18,6   0,0   0,0  10,5  41,0   22:13   VSV
02  -0,6   1,6   12:21  -1,8   21:55  18,6   0,0   0,0  13,1  56,5   23:56    SV
03  -2,4  -0,1   13:48  -3,6   22:35  20,4   0,0   0,0   9,1  43,9   00:12     V
04  -1,7   3,6   10:11  -4,4   03:21  19,7   0,0   0,0   1,9  24,5   00:13    SZ
05   3,7  11,3   12:05  -2,2   00:21  14,3   0,0   0,0   2,8  20,9   13:09     J
06   3,1   9,5   13:13   0,3   06:38  14,9   0,0   0,0   2,3  19,4   15:02    JZ
07   2,2   2,9   13:27   0,9   02:35  15,8   0,0   0,0   4,8  30,6   14:11   JJZ
08   3,6   4,9   11:47   1,3   23:59  14,4   0,0  39,4   9,9  43,9   14:26   JJZ
09  -1,3   3,6   14:14  -3,9   23:50  19,3   0,0   1,6   3,4  32,4   02:23   SSV
10  -2,0   0,8   23:54  -4,2   00:04  20,0   0,0   0,0   5,1  29,9   09:53   SSV
11   6,3  10,4   23:34   0,3   00:07  11,7   0,0  67,3  20,7  74,5   15:33     J
12   7,7  10,5   00:00   5,9   22:53  10,3   0,0  53,9  24,0  88,2   01:55     J
13   1,8   5,9   00:00  -0,1   09:56  16,2   0,0   2,1   9,4  43,6   08:26   VJV
14   2,7   4,9   23:33   0,7   09:21  15,3   0,0  12,4   6,7  31,3   12:24    JZ
15   5,2   6,9   09:32   0,0   23:57  12,8   0,0   7,3  15,5  55,1   09:28     J
16   0,5   3,0   13:41  -0,2   02:25  17,5   0,0   2,1   4,7  38,9   18:49    SV
17   0,6   4,9   14:40  -1,7   22:58  17,4   0,0   1,6   3,3  25,2   01:10   VJV
18  -0,4   5,8   14:09  -3,1   07:35  18,4   0,0   0,0   2,5  24,5   23:13   VJV
19  -1,1   5,3   13:56  -4,7   07:11  19,1   0,0   0,5   2,1  21,6   01:20     Z
20  -0,5   5,9   12:28  -3,7   23:40  18,5   0,0   0,0   2,6  20,5   21:35   SSZ
21   1,0   7,3   13:18  -2,7   00:00  17,0   0,0   0,0   0,8   8,6   13:12   VSV
22   4,9  11,2   11:57  -0,3   04:35  13,1   0,0   0,0   1,9  20,2   02:51     Z
23   5,8  11,3   11:44   3,8   02:02  12,2   0,0   0,0   2,2  15,8   13:10     J
24   7,4  14,7   14:16   3,6   05:02  10,6   0,0   0,0   1,1   9,0   05:32   JJV
25   2,4   4,6   00:01   1,3   08:09  15,6   0,0   0,0   2,8  22,7   13:15   JJZ
26   4,0   5,3   23:12   2,4   00:00  14,0   0,0   8,8   8,3  36,0   23:48    JZ
27   5,4   6,4   18:12   4,6   04:57  12,6   0,0  48,2  22,8  56,9   18:47     J
28   2,6   5,6   00:00   0,7   16:32  15,4   0,0  11,9   5,9  51,1   01:33     J
29   1,1   3,9   13:19  -1,1   23:57  16,9   0,0   0,0   0,9  14,0   06:12     S
30   0,0   1,9   10:53  -1,4   01:10  18,0   0,0   0,0   2,0  20,9   18:40     J
31   1,8   6,8   12:43  -0,5   00:30  16,2   0,0   1,6   2,1  20,2   10:32   JJZ
----------------------------------------------------------------------------------
     2,0  14,7    24    -4,7    19   494,8   0,0 258,7   6,6  88,2    12     JJV

Max >=  30,0  0
Max <=   0,0  1
Min <=   0,0 19
Min <=  -5,0  0
Max Rain: 67,3 on day 11
Days of Rain: 13 (>= 1,0 mm)  6 (>= 10,0 mm)  4 (>= 20,0 mm)
Heat Base: 18,0  Cool Base: 18,0  Method: Integration