NOAA-Style klimatska poročila

Izberi mesečna ali letna poročila
2017: jan feb mar apr maj jun jul avg sep okt nov dec
2016: jan feb mar apr maj jun jul avg sep okt nov dec
2015: jan feb mar apr maj jun jul avg sep okt nov dec
2014: jan feb mar apr maj jun jul avg sep okt nov dec
2013: jan feb mar apr maj jun jul avg sep okt nov dec
2012: jan feb mar apr maj jun jul avg sep okt nov dec
2011: jan feb mar apr maj jun jul avg sep okt nov dec
2010: jan feb mar apr maj jun jul avg sep okt nov dec
2009: jan feb mar apr maj jun jul avg sep okt nov dec
2008: jan feb mar apr maj jun jul avg sep okt nov dec
2007: jan feb mar apr maj jun jul avg sep okt nov dec
2006: jan feb mar apr maj jun jul avg sep okt nov dec
2005: jan feb mar apr maj jun jul avg sep okt nov dec
2004: jan feb mar apr maj jun jul avg sep okt nov dec
2003: jan feb mar apr maj jun jul avg sep okt nov dec
2002: jan feb mar apr maj jun jul avg sep okt nov dec

Poročilo za 2017 oktober
                   Monthly Climatological Summary for okt 2017

Name: Vremenska postaja Okroglo   City: Kal nad Kanalom   State: Slovenija
Elevation: 770 m  Lat: N 46 04 21   Lon: E 013 44 04

                  Temperature (°C), Rain (mm), Wind Speed (km/h)

                                      Heat  Cool        Avg
    Mean                              Deg   Deg         Wind                 Dom
Day Temp  High   Time   Low    Time   Days  Days  Rain  Speed High   Time    Dir
----------------------------------------------------------------------------------
01  10,9  16,2   13:11   8,3   03:46   7,1   0,0   0,0   7,9  32,4   22:44    JV
02  11,7  19,3   13:25   8,2   06:32   6,3   0,1   0,0   6,9  35,3   02:12     J
03  10,9  11,7   12:11   9,9   00:00   7,1   0,0   4,2   3,3  19,1   04:10   JJZ
04  12,6  16,1   13:38  10,2   00:11   5,4   0,0   0,0   4,1  31,7   09:19    SV
05  12,4  13,8   11:23  11,6   02:50   5,6   0,0   0,0   6,9  27,4   19:21   JJZ
06  11,2  13,6   14:05   7,0   22:06   6,8   0,0   9,8   7,1  51,5   16:40   VJV
07  10,4  17,8   14:38   6,1   01:55   7,6   0,0   0,0   2,8  19,1   15:29    JZ
08  11,1  16,4   13:29   8,1   01:06   6,9   0,0   0,0   3,4  23,4   12:44     J
09  11,9  18,3   12:21   8,9   04:15   6,1   0,0   0,5   3,0  24,5   19:03     J
10  12,0  17,4   13:35   9,7   04:50   6,0   0,0   0,0   2,3  19,1   18:55   JJZ
11  11,9  14,4   12:59  10,5   06:26   6,1   0,0   0,0   1,6  14,8   13:01    JZ
12  13,3  18,1   12:34  10,9   04:57   4,7   0,0   0,0   2,6  19,1   15:23    JZ
13  14,2  21,6   13:59  10,1   07:29   4,1   0,3   0,0   1,7  24,1   09:22     Z
14  16,2  23,9   13:55  11,8   05:57   2,8   0,9   0,0   2,6  27,7   09:32   SSZ
15  17,9  25,3   13:18  13,4   06:05   1,7   1,6   0,0   1,0  11,2   12:34    SV
16  18,2  26,8   14:09  13,6   07:29   1,6   1,8   0,0   1,0  12,2   10:26   SSZ
17  17,6  25,2   13:49  13,8   06:00   1,8   1,4   0,0   1,7  16,2   15:16   JJZ
18  14,1  19,8   12:46  10,9   23:58   4,0   0,1   0,0  ----  28,1   14:03   JJZ
19  13,3  19,4   14:10   9,7   04:55   4,8   0,1   0,0  ----  19,4   12:30     J
20  10,1  11,9   00:00   7,8   07:52   7,9   0,0   0,0  ----  23,0   14:32   JJZ
21  10,6  13,1   13:09   8,8   01:11   7,4   0,0   0,0  ----  17,3   19:20   JJZ
22   9,0  11,8   11:48   5,6   21:13   9,0   0,0  42,0  ----  54,7   19:36    SV
23   9,8  16,4   13:13   5,8   07:42   8,2   0,0   0,0  ----  29,5   00:13   JJV
24  12,6  19,8   12:41   8,6   02:45   5,5   0,1   0,0  ----  23,4   01:10     S
25  11,9  18,2   13:01   7,5   08:11   6,1   0,0   0,0  ----  23,4   07:16   ZJZ
26  15,2  21,8   12:39  11,3   00:02   3,3   0,5   0,0  ----  20,2   13:53   JJZ
27  11,0  13,6   14:12   8,6   23:50   7,0   0,0   0,0  ----  29,5   17:14   ZSZ
28   8,7  12,4   12:59   6,8   23:48   9,3   0,0   0,0  ----  26,3   15:03   JJZ
29   8,5  11,6   19:50   6,5   00:14   9,9   0,0   0,0  ----  35,3   18:39   JJZ
30   8,9  16,1   14:01   5,8   23:49   9,1   0,0   0,0  ----  32,4   21:11   JJV
31   8,2  14,7   12:07   4,6   06:11   9,8   0,0   0,0  ----  33,5   01:03   JJZ
----------------------------------------------------------------------------------
    12,1  26,8    16     4,6    31   189,0   6,9  56,5   3,5  54,7    22       J

Max >=  30,0  0
Max <=   0,0  0
Min <=   0,0  0
Min <=  -5,0  0
Max Rain: 42,0 on day 22
Days of Rain: 3 (>= 1,0 mm)  1 (>= 10,0 mm)  1 (>= 20,0 mm)
Heat Base: 18,0  Cool Base: 18,0  Method: Integration