NOAA-Style klimatska poročila

Izberi mesečna ali letna poročila
2018: jan feb mar apr maj jun jul avg sep okt nov dec
2017: jan feb mar apr maj jun jul avg sep okt nov dec
2016: jan feb mar apr maj jun jul avg sep okt nov dec
2015: jan feb mar apr maj jun jul avg sep okt nov dec
2014: jan feb mar apr maj jun jul avg sep okt nov dec
2013: jan feb mar apr maj jun jul avg sep okt nov dec
2012: jan feb mar apr maj jun jul avg sep okt nov dec
2011: jan feb mar apr maj jun jul avg sep okt nov dec
2010: jan feb mar apr maj jun jul avg sep okt nov dec
2009: jan feb mar apr maj jun jul avg sep okt nov dec
2008: jan feb mar apr maj jun jul avg sep okt nov dec
2007: jan feb mar apr maj jun jul avg sep okt nov dec
2006: jan feb mar apr maj jun jul avg sep okt nov dec
2005: jan feb mar apr maj jun jul avg sep okt nov dec
2004: jan feb mar apr maj jun jul avg sep okt nov dec
2003: jan feb mar apr maj jun jul avg sep okt nov dec
2002: jan feb mar apr maj jun jul avg sep okt nov dec

Poročilo za 2017 avgust
                   Monthly Climatological Summary for avg 2017

Name: Vremenska postaja Okroglo   City: Kal nad Kanalom   State: Slovenija
Elevation: 770 m  Lat: N 46 04 21   Lon: E 013 44 04

                  Temperature (°C), Rain (mm), Wind Speed (km/h)

                                      Heat  Cool        Avg
    Mean                              Deg   Deg         Wind                 Dom
Day Temp  High   Time   Low    Time   Days  Days  Rain  Speed High   Time    Dir
----------------------------------------------------------------------------------
01  26,7  33,1   13:04  22,4   00:10   0,0   8,7   0,0   3,3  18,4   07:56   ZSZ
02  27,4  33,3   13:14  23,8   02:55   0,0   9,4   0,0   2,8  27,4   21:47   JJZ
03  26,9  33,3   13:13  21,4   04:37   0,0   8,9   0,0   3,2  24,8   03:32    JZ
04  27,8  34,2   13:55  23,6   04:14   0,0   9,8   0,0   2,3  19,8   14:45    JZ
05  26,8  31,0   16:34  23,2   06:47   0,0   8,8   0,0   7,2  31,7   23:02   VSV
06  22,7  27,5   13:16  16,1   22:26   0,3   5,0  56,5  12,2  60,5   17:19    SV
07  18,2  21,6   16:42  14,6   06:36   0,9   1,2   0,0  10,3  44,3   03:39     V
08  21,4  28,1   13:45  16,3   05:49   0,3   3,8   0,0   5,2  43,2   05:20   VSV
09  25,1  30,8   14:01  20,1   04:34   0,0   7,1   0,0   2,9  24,1   12:34    SV
10  22,5  28,9   13:28  16,8   18:03   0,1   4,6   8,8   3,6  68,4   17:04     V
11  19,0  21,3   09:37  16,6   10:59   0,2   1,2  13,0   7,6  33,8   14:08     J
12  17,3  21,1   13:02  14,4   06:22   1,1   0,4   0,0   3,2  27,4   10:23   VSV
13  19,2  24,9   13:10  13,8   05:30   1,2   2,4   0,0   1,8  17,3   13:50    SZ
14  20,2  25,5   13:35  17,1   03:23   0,2   2,4   0,0   4,4  31,7   06:37   JJV
15  22,1  28,5   13:02  16,9   06:29   0,1   4,2   0,0   2,3  18,0   14:39   ZSZ
16  22,5  28,1   15:37  18,8   06:03   0,0   4,5   0,0   4,0  34,2   19:29   VSV
17  22,6  26,9   14:00  18,9   06:22   0,0   4,6   0,0   5,9  32,8   06:04     V
18  24,6  31,4   14:03  20,4   07:47   0,0   6,6   0,0   3,2  20,5   09:09   ZJZ
19  20,5  24,5   10:50  13,4   23:56   0,2   2,7  15,5   5,7  42,5   22:29    SV
20  16,3  21,3   13:40  12,2   05:42   2,4   0,7  14,5  10,0  40,7   03:17    SV
21  16,6  21,3   14:12  13,2   06:59   2,0   0,6   0,0   5,3  28,1   05:38    JV
22  16,6  21,9   13:36  12,9   06:48   2,1   0,7   0,0   4,4  25,2   07:23     J
23  18,2  24,9   14:16  13,5   05:43   1,4   1,6   0,0   2,8  23,0   09:06   ZJZ
24  20,1  26,3   13:55  15,9   06:27   0,6   2,7   0,0   2,0  21,2   11:52   ZJZ
25  21,9  28,4   12:24  17,2   03:47   0,1   4,0   0,0   1,7  17,6   14:47   ZJZ
26  23,0  28,9   13:36  19,4   04:36   0,0   5,0   0,0   2,2  16,6   17:16   ZJZ
27  24,4  31,3   13:46  19,8   06:30   0,0   6,4   0,0   1,8  18,0   14:43   ZSZ
28  21,2  26,6   15:23  16,4   19:22   0,2   3,4   6,7   7,5  42,5   17:47   JJV
29  19,1  23,3   14:15  16,1   07:05   0,4   1,6   0,0   7,2  34,9   06:43   JJV
30  20,8  27,9   14:08  16,7   06:32   0,3   3,1   0,0   4,1  31,3   01:52   ZJZ
31  20,9  27,2   13:26  17,3   04:16   0,1   3,0   0,0   4,6  24,8   10:10    JZ
----------------------------------------------------------------------------------
    21,7  34,2     4    12,2    20    14,2 129,1 115,0   4,7  68,4    10     VJV

Max >=  30,0  8
Max <=   0,0  0
Min <=   0,0  0
Min <=  -5,0  0
Max Rain: 56,5 on day 6
Days of Rain: 6 (>= 1,0 mm)  4 (>= 10,0 mm)  1 (>= 20,0 mm)
Heat Base: 18,0  Cool Base: 18,0  Method: Integration