NOAA-Style klimatska poročila

Izberi mesečna ali letna poročila
2017: jan feb mar apr maj jun jul avg sep okt nov dec
2016: jan feb mar apr maj jun jul avg sep okt nov dec
2015: jan feb mar apr maj jun jul avg sep okt nov dec
2014: jan feb mar apr maj jun jul avg sep okt nov dec
2013: jan feb mar apr maj jun jul avg sep okt nov dec
2012: jan feb mar apr maj jun jul avg sep okt nov dec
2011: jan feb mar apr maj jun jul avg sep okt nov dec
2010: jan feb mar apr maj jun jul avg sep okt nov dec
2009: jan feb mar apr maj jun jul avg sep okt nov dec
2008: jan feb mar apr maj jun jul avg sep okt nov dec
2007: jan feb mar apr maj jun jul avg sep okt nov dec
2006: jan feb mar apr maj jun jul avg sep okt nov dec
2005: jan feb mar apr maj jun jul avg sep okt nov dec
2004: jan feb mar apr maj jun jul avg sep okt nov dec
2003: jan feb mar apr maj jun jul avg sep okt nov dec
2002: jan feb mar apr maj jun jul avg sep okt nov dec

Poročilo za 2017 julij
                   Monthly Climatological Summary for jul 2017

Name: Vremenska postaja Okroglo   City: Kal nad Kanalom   State: Slovenija
Elevation: 770 m  Lat: N 46 04 21   Lon: E 013 44 04

                  Temperature (°C), Rain (mm), Wind Speed (km/h)

                                      Heat  Cool        Avg
    Mean                              Deg   Deg         Wind                 Dom
Day Temp  High   Time   Low    Time   Days  Days  Rain  Speed High   Time    Dir
----------------------------------------------------------------------------------
01  15,9  19,9   11:47  11,9   04:45   2,4   0,2   5,7   6,3  31,7   16:10     J
02  17,9  21,9   11:02  13,4   04:31   1,2   1,1   0,0   2,2  20,9   10:22    SV
03  18,8  25,6   12:22  15,9   05:10   0,7   1,6   3,1   2,5  27,0   16:38    SZ
04  19,6  25,4   13:23  14,9   05:03   0,6   2,2   0,0   3,0  24,5   15:07    JZ
05  21,1  27,2   13:16  16,4   05:35   0,3   3,4   0,0   2,0  20,9   13:54   ZJZ
06  23,0  29,2   12:53  18,2   03:38   0,0   5,0   0,0   2,4  19,4   17:23   ZJZ
07  23,1  29,0   11:51  19,9   04:43   0,0   5,1   0,0   2,6  25,2   14:11    JZ
08  24,3  30,1   13:21  19,5   02:16   0,0   6,3   0,0   2,1  25,6   23:02    SZ
09  23,5  30,1   13:21  16,1   05:31   0,1   5,6   5,2   3,1  19,1   00:34    SZ
10  23,2  27,6   13:19  20,3   23:56   0,0   5,2   0,0   5,8  31,7   14:15   JJZ
11  20,1  24,4   12:07  15,4   23:40   0,4   2,5  18,1   8,2  32,8   13:38     J
12  20,9  26,1   11:58  14,9   01:17   0,4   2,8   0,0   4,4  26,3   14:11   JJZ
13  19,8  22,6   16:33  17,9   05:18   0,0   1,8   4,7   7,1  44,6   22:04   VSV
14  16,0  19,1   17:07  11,3   08:52   2,1   0,1   4,1  11,1  52,2   10:18   VSV
15  18,0  22,1   13:18  14,9   01:40   1,0   1,1   0,0   7,7  34,6   11:53   VSV
16  17,6  21,6   13:44  13,4   05:43   1,4   1,0   0,0   7,8  36,0   12:35    SV
17  19,9  25,9   13:48  13,6   06:39   1,0   2,9   0,0   2,1  18,7   00:30   ZSZ
18  22,3  28,5   13:24  17,4   06:44   0,0   4,3   0,0   2,4  16,9   02:51     Z
19  21,7  27,9   13:11  17,8   06:39   0,0   3,7   0,0   3,4  23,8   15:10   JJZ
20  22,0  27,3   11:53  17,3   03:12   0,0   4,1   0,0   2,8  23,4   14:35    JZ
21  23,5  29,6   13:50  18,5   05:52   0,0   5,5   0,0   1,8  19,8   10:27    JZ
22  23,7  28,8   13:23  20,7   07:00   0,0   5,7   0,0   4,7  28,1   12:30     J
23  23,0  29,5   13:31  18,9   03:23   0,0   5,2   0,0   2,2  24,1   14:22    JZ
24  18,5  22,7   13:51  14,3   09:26   0,9   1,4  39,4   4,7  40,0   17:20   SSV
25  17,0  24,9   13:16  11,3   21:56   2,5   1,5   8,3   4,0  33,1   18:24   ZJZ
26  15,9  21,6   11:44  10,4   04:18   2,5   0,4   0,0   2,9  26,3   01:50   ZJZ
27  19,2  24,9   12:06  14,9   00:01   1,0   2,2   0,0   1,8  16,6   15:44     Z
28  21,3  27,7   13:46  17,2   03:34   0,2   3,5   0,0   2,0  20,5   13:49     Z
29  21,6  26,8   15:25  17,5   06:10   0,0   3,3   0,0   4,2  30,2   07:50   VJV
30  21,8  25,3   14:54  19,4   23:54   0,0   3,8   0,0   2,6  21,6   12:59    JZ
31  23,5  29,3   13:57  17,8   05:54   0,0   5,5   0,0   1,7  14,8   15:46     Z
----------------------------------------------------------------------------------
    20,6  30,1     8    10,4    26    18,7  98,0  88,6   3,9  52,2    14       J

Max >=  30,0  2
Max <=   0,0  0
Min <=   0,0  0
Min <=  -5,0  0
Max Rain: 39,4 on day 24
Days of Rain: 8 (>= 1,0 mm)  2 (>= 10,0 mm)  1 (>= 20,0 mm)
Heat Base: 18,0  Cool Base: 18,0  Method: Integration