NOAA-Style klimatska poročila

Izberi mesečna ali letna poročila
2017: jan feb mar apr maj jun jul avg sep okt nov dec
2016: jan feb mar apr maj jun jul avg sep okt nov dec
2015: jan feb mar apr maj jun jul avg sep okt nov dec
2014: jan feb mar apr maj jun jul avg sep okt nov dec
2013: jan feb mar apr maj jun jul avg sep okt nov dec
2012: jan feb mar apr maj jun jul avg sep okt nov dec
2011: jan feb mar apr maj jun jul avg sep okt nov dec
2010: jan feb mar apr maj jun jul avg sep okt nov dec
2009: jan feb mar apr maj jun jul avg sep okt nov dec
2008: jan feb mar apr maj jun jul avg sep okt nov dec
2007: jan feb mar apr maj jun jul avg sep okt nov dec
2006: jan feb mar apr maj jun jul avg sep okt nov dec
2005: jan feb mar apr maj jun jul avg sep okt nov dec
2004: jan feb mar apr maj jun jul avg sep okt nov dec
2003: jan feb mar apr maj jun jul avg sep okt nov dec
2002: jan feb mar apr maj jun jul avg sep okt nov dec

Poročilo za 2017 junij
                   Monthly Climatological Summary for jun 2017

Name: Vremenska postaja Okroglo   City: Kal nad Kanalom   State: Slovenija
Elevation: 770 m  Lat: N 46 04 21   Lon: E 013 44 04

                  Temperature (°C), Rain (mm), Wind Speed (km/h)

                                      Heat  Cool        Avg
    Mean                              Deg   Deg         Wind                 Dom
Day Temp  High   Time   Low    Time   Days  Days  Rain  Speed High   Time    Dir
----------------------------------------------------------------------------------
01  19,7  24,7   11:00  15,8   02:49   0,5   2,3   0,0   4,5  26,6   15:55     J
02  20,6  26,5   13:22  15,9   03:54   0,4   3,0   0,0   3,5  23,8   14:02    JZ
03  19,9  25,7   10:59  16,1   05:02   0,3   2,2   0,0   1,8  25,2   14:24     J
04  19,5  23,5   15:47  17,1   21:39   0,1   1,7   0,0   4,0  28,1   16:58   JJZ
05  16,5  20,6   15:53  13,3   06:35   1,9   0,5  21,2   6,3  35,3   09:33    SV
06  15,5  18,5   09:32  12,8   18:55   2,5   0,0  68,9   4,7  31,3   13:46    JV
07  12,2  14,9   01:59   8,7   21:47   5,8   0,0   8,3  10,7  46,4   08:32   VSV
08  14,2  19,8   15:21   8,3   02:16   4,1   0,2   0,0   5,7  34,6   00:27   JJV
09  18,1  25,6   13:37  12,2   05:57   1,8   1,9   0,0   3,5  27,0   09:00     Z
10  19,6  24,9   13:16  14,9   05:18   0,6   2,2   0,0   2,2  29,5   14:00   VJV
11  20,1  26,9   13:38  15,5   05:57   0,4   2,4   0,0   4,4  28,8   05:43     J
12  20,8  26,4   13:41  15,8   05:26   0,4   3,2   0,0   3,4  24,5   11:43    JZ
13  21,8  27,6   12:35  17,1   03:47   0,2   3,9   0,0   2,2  23,4   15:05    JZ
14  19,0  22,6   12:43  16,3   22:48   0,2   1,3   0,5   6,0  32,8   23:03    JV
15  20,0  26,1   15:51  15,9   02:17   0,5   2,6   0,0   7,3  41,8   05:21    JV
16  20,3  25,6   12:52  16,9   05:06   0,0   2,4   0,0   3,6  29,5   15:59   JJZ
17  19,1  22,4   15:10  15,5   23:28   0,2   1,3   0,0   6,7  31,0   12:42    JV
18  19,4  24,8   13:28  14,4   05:33   0,9   2,3   0,0   5,6  31,7   02:00     J
19  20,7  27,2   13:13  15,9   05:15   0,4   3,1   0,0   3,4  22,7   09:18   JJZ
20  21,9  26,5   10:38  18,1   04:22   0,0   3,9   0,0   3,7  23,4   11:24   JJZ
21  22,7  28,9   13:39  17,9   03:21   0,0   4,7   0,0   2,8  19,1   20:43   ZJZ
22  24,1  30,1   13:32  19,6   06:26   0,0   6,1   0,0   3,6  22,0   17:08   JJZ
23  23,0  27,1   11:54  17,9   01:43   0,0   5,0   5,7   5,1  29,5   16:06     J
24  24,6  30,9   13:13  20,4   04:34   0,0   6,6   0,0   3,0  23,4   15:09    JZ
25  19,2  22,3   14:35  14,6   11:54   0,7   2,4  27,4   2,8  39,6   11:24    JV
26  21,3  27,8   13:30  14,9   05:06   0,6   3,9   0,0   3,1  25,9   01:18   ZJZ
27  20,5  26,5   09:37  17,8   13:15   0,0   2,5   2,1   1,3  12,2   12:38     S
28  18,6  22,5   14:29  13,1   23:22   0,9   1,5  68,4   5,4  55,1   17:06     J
29  15,8  18,4   19:45  12,9   06:02   2,2   0,0  23,3  13,1  42,5   19:39     J
30  16,7  21,4   12:19  13,6   22:20   1,7   0,4   3,6   7,3  30,6   22:20     J
----------------------------------------------------------------------------------
    19,5  30,9    24     8,3     8    27,3  73,5 229,4   4,7  55,1    28       J

Max >=  30,0  2
Max <=   0,0  0
Min <=   0,0  0
Min <=  -5,0  0
Max Rain: 68,9 on day 6
Days of Rain: 9 (>= 1,0 mm)  5 (>= 10,0 mm)  5 (>= 20,0 mm)
Heat Base: 18,0  Cool Base: 18,0  Method: Integration