NOAA-Style klimatska poročila

Izberi mesečna ali letna poročila
2017: jan feb mar apr maj jun jul avg sep okt nov dec
2016: jan feb mar apr maj jun jul avg sep okt nov dec
2015: jan feb mar apr maj jun jul avg sep okt nov dec
2014: jan feb mar apr maj jun jul avg sep okt nov dec
2013: jan feb mar apr maj jun jul avg sep okt nov dec
2012: jan feb mar apr maj jun jul avg sep okt nov dec
2011: jan feb mar apr maj jun jul avg sep okt nov dec
2010: jan feb mar apr maj jun jul avg sep okt nov dec
2009: jan feb mar apr maj jun jul avg sep okt nov dec
2008: jan feb mar apr maj jun jul avg sep okt nov dec
2007: jan feb mar apr maj jun jul avg sep okt nov dec
2006: jan feb mar apr maj jun jul avg sep okt nov dec
2005: jan feb mar apr maj jun jul avg sep okt nov dec
2004: jan feb mar apr maj jun jul avg sep okt nov dec
2003: jan feb mar apr maj jun jul avg sep okt nov dec
2002: jan feb mar apr maj jun jul avg sep okt nov dec

Poročilo za 2017 januar
                   Monthly Climatological Summary for jan 2017

Name: Vremenska postaja Okroglo   City: Kal nad Kanalom   State: Slovenija
Elevation: 770 m  Lat: N 46 04 21   Lon: E 013 44 04

                  Temperature (°C), Rain (mm), Wind Speed (km/h)

                                      Heat  Cool        Avg
    Mean                              Deg   Deg         Wind                 Dom
Day Temp  High   Time   Low    Time   Days  Days  Rain  Speed High   Time    Dir
----------------------------------------------------------------------------------
01   5,2  11,9   11:35   0,7   23:55  12,2   0,0   0,0   2,1  18,7   14:51   JJZ
02   2,4   7,8   12:29  -0,4   04:20  15,6   0,0   0,0   2,6  23,8   14:09   JJZ
03   0,4   4,1   00:50  -2,4   21:30  17,6   0,0   0,0   6,7  42,5   03:56     V
04  -0,3   3,8   11:52  -2,1   00:58  18,3   0,0   0,0   3,7  27,4   12:08   JJZ
05  -0,8   2,6   13:06  -4,8   23:52  18,8   0,0   0,0   7,6  40,0   11:24     S
06  -5,6  -2,4   13:35  -7,9   23:51  23,8   0,0   0,0   8,1  41,0   13:09   SSV
07  -6,6  -0,4   13:56  -9,6   08:25  24,6   0,0   0,0   3,9  25,6   02:55     J
08  -5,1   1,4   13:26  -9,1   00:17  23,0   0,0   0,0   2,1  28,8   15:15    JV
09  -2,6   5,1   11:23  -6,6   22:51  20,7   0,0   0,0   3,2  37,8   23:36    SV
10  -7,7  -5,2   11:22 -11,6   23:03  25,8   0,0   0,0  11,0  51,1   19:19     V
11  -7,3   0,1   13:25 -12,4   03:38  25,4   0,0   0,0   6,6  64,4   00:12     V
12  -3,5  -0,7   23:43  -7,5   00:02  21,5   0,0   0,0   1,2  16,9   00:46   ZSZ
13   0,3   3,3   07:26  -2,4   19:15  17,7   0,0  60,1   3,9  37,1   16:36     V
14  -1,1   4,8   13:04  -3,6   08:24  19,1   0,0   2,1   2,3  21,6   04:51   VSV
15  -1,2   1,8   13:08  -2,9   23:10  19,6   0,0   0,0   6,7  40,3   22:07     V
16  -3,2  -1,4   13:32  -4,2   20:25  21,2   0,0   0,0  12,7  45,7   23:45    SV
17  -3,0   0,1   14:06  -4,1   00:00  21,3   0,0   0,0  21,1  68,0   07:00    SV
18  -3,0  -0,6   13:56  -3,9   05:53  21,3   0,0   0,0  18,5  60,5   22:54    SV
19  -2,6   0,5   13:06  -4,7   23:49  20,8   0,0   0,0  19,8  76,0   08:17    SV
20  -3,5  -0,2   14:25  -5,9   05:22  21,7   0,0   0,0  13,5  51,5   03:15     V
21   0,6   4,5   13:54  -3,5   00:00  17,4   0,0   0,0   8,7  36,4   21:05    JV
22   0,2   3,1   13:53  -2,5   23:31  17,9   0,0   0,0  11,6  43,6   11:10     V
23   0,3   4,6   13:49  -2,4   00:01  17,7   0,0   0,0   3,1  32,8   02:44   SSZ
24  -1,1   3,1   12:43  -6,6   23:08  19,1   0,0   0,0  10,1  64,1   20:27   VJV
25  -5,5  -2,1   14:32  -6,9   05:14  23,7   0,0   0,0  16,4  57,2   08:43     V
26  -5,3  -3,4   13:08  -6,7   00:49  23,5   0,0   0,0  18,0  78,8   13:45     V
27  -1,8   6,8   12:28  -7,1   07:52  19,9   0,0   0,0   4,2  35,6   00:24    JZ
28  -1,1   5,2   12:39  -3,1   03:26  19,1   0,0   0,0   3,3  18,4   11:07   JJZ
29   0,7   7,6   11:38  -4,1   03:59  17,3   0,0   0,0   0,6  14,4   20:57   SSZ
30   2,2   8,9   12:16  -0,4   08:02  15,8   0,0   0,0   2,4  19,4   14:44   JJZ
----------------------------------------------------------------------------------
    -2,0  11,9     1   -12,4    11   601,4   0,0  62,2   7,9  78,8    26     VSV

Max >=  30,0  0
Max <=   0,0  9
Min <=   0,0 29
Min <=  -5,0 12
Max Rain: 60,1 on day 13
Days of Rain: 2 (>= 1,0 mm)  1 (>= 10,0 mm)  1 (>= 20,0 mm)
Heat Base: 18,0  Cool Base: 18,0  Method: Integration