NOAA-Style klimatska poročila

Izberi mesečna ali letna poročila
2017: jan feb mar apr maj jun jul avg sep okt nov dec
2016: jan feb mar apr maj jun jul avg sep okt nov dec
2015: jan feb mar apr maj jun jul avg sep okt nov dec
2014: jan feb mar apr maj jun jul avg sep okt nov dec
2013: jan feb mar apr maj jun jul avg sep okt nov dec
2012: jan feb mar apr maj jun jul avg sep okt nov dec
2011: jan feb mar apr maj jun jul avg sep okt nov dec
2010: jan feb mar apr maj jun jul avg sep okt nov dec
2009: jan feb mar apr maj jun jul avg sep okt nov dec
2008: jan feb mar apr maj jun jul avg sep okt nov dec
2007: jan feb mar apr maj jun jul avg sep okt nov dec
2006: jan feb mar apr maj jun jul avg sep okt nov dec
2005: jan feb mar apr maj jun jul avg sep okt nov dec
2004: jan feb mar apr maj jun jul avg sep okt nov dec
2003: jan feb mar apr maj jun jul avg sep okt nov dec
2002: jan feb mar apr maj jun jul avg sep okt nov dec

Poročilo za 2016 september
                   Monthly Climatological Summary for sep 2016

Name: Vremenska postaja Okroglo   City: Kal nad Kanalom   State: Slovenija
Elevation: 770 m  Lat: N 46 04 21   Lon: E 013 44 04

                  Temperature (°C), Rain (mm), Wind Speed (km/h)

                                      Heat  Cool        Avg
    Mean                              Deg   Deg         Wind                 Dom
Day Temp  High   Time   Low    Time   Days  Days  Rain  Speed High   Time    Dir
----------------------------------------------------------------------------------
01  19,9  28,2   17:12  16,1   03:26   0,6   2,5   0,5   2,7  23,4   08:18    JZ
02  21,3  27,2   17:37  17,2   07:14   0,0   3,3   0,0   1,1  10,8   04:44   ZJZ
03  21,2  26,5   17:50  17,6   03:08   0,0   3,3   0,0   0,9  11,9   15:03   ZJZ
04  20,4  24,7   15:45  15,8   23:57   0,1   2,6  17,1   1,8  22,3   16:03    JZ
05  17,2  24,4   17:47  14,9   04:05   1,7   1,0   1,5   1,7  19,1   17:27   JJZ
06  15,7  18,6   10:56  13,9   04:52   2,4   0,0   0,5   2,3  33,1   20:07   SSZ
07  17,8  22,9   17:06  13,8   03:33   1,4   1,3   0,0   5,3  30,2   08:11     S
08  19,4  25,2   17:02  15,2   02:45   0,5   1,9   0,0   3,6  31,7   10:46   SSZ
09  21,1  27,9   17:02  17,8   02:12   0,0   3,1   0,0   2,2  21,6   03:58     S
10  19,9  22,9   13:08  16,6   05:48   0,2   2,1   0,0   1,0  15,8   12:37   ZSZ
11  20,7  24,1   14:55  18,4   02:10   0,8   2,3   0,0   4,7  32,4   21:05   SSV
12  22,0  27,6   14:17  18,6   03:42   0,0   4,0   0,0   3,6  25,9   11:37   VSV
13  22,0  26,9   14:19  18,9   01:09   0,0   4,0   0,0   3,2  33,8   16:53   VJV
14  20,4  28,6   14:03  15,3   21:23   0,4   2,9  13,0   3,2  21,6   16:08   JJZ
15  17,9  22,9   12:38  15,6   17:54   1,0   0,9   3,6   3,3  37,8   17:27     J
16  16,2  18,2   13:26  14,9   21:13   1,9   0,0  17,1   2,9  21,6   00:22     J
17  14,5  16,8   15:28  13,3   23:57   3,7   0,0  18,1   4,5  28,8   03:36     J
18  13,4  16,3   10:32  11,6   23:30   4,8   0,0  25,9   0,9   8,6   10:34   SSV
19  15,3  22,1   13:15  11,3   05:41   3,1   0,4   0,0   1,7  18,4   10:12   SSZ
20  15,4  21,4   13:24  12,5   23:57   3,0   0,3   1,0   4,1  64,8   16:49   JJV
21  11,6  15,5   14:29   8,9   05:01   6,4   0,0   3,6   9,3  36,7   05:22     V
22  13,2  18,7   14:07   9,6   06:35   4,8   0,0   0,0   4,5  30,2   05:44     V
23  14,4  20,2   13:12  10,5   05:57   3,8   0,2   0,0   2,5  21,2   12:35    JZ
24  15,5  21,2   14:27  12,7   07:08   2,7   0,2   0,0   3,9  26,6   04:03    JZ
25  15,5  20,5   14:23  11,5   06:19   3,1   0,4   0,0   3,4  20,5   07:42   ZSZ
26  15,4  20,9   13:02  11,9   05:54   2,8   0,1   0,0   2,9  21,6   10:54    JZ
27  15,1  20,1   13:34  12,1   05:40   3,0   0,2   0,0   3,1  18,7   23:52   JJZ
28  15,7  22,1   14:29  11,0   07:12   3,1   0,7   0,0   1,8  14,4   01:53     Z
29  15,6  21,7   12:24  12,6   06:02   2,9   0,5   0,0   3,2  23,0   13:13    JZ
30  14,3  18,1   11:41  12,4   06:54   3,7   0,0   0,0   5,4  27,7   23:36   JJZ
----------------------------------------------------------------------------------
    17,3  28,6    14     8,9    21    61,9  38,2 101,9   3,2  64,8    20       J

Max >=  30,0  0
Max <=   0,0  0
Min <=   0,0  0
Min <=  -5,0  0
Max Rain: 25,9 on day 18
Days of Rain: 9 (>= 1,0 mm)  5 (>= 10,0 mm)  1 (>= 20,0 mm)
Heat Base: 18,0  Cool Base: 18,0  Method: Integration