Nevihte Od: 20-07-2018 14:00 Do: 21:59 Opozorilo za: Nevihte Stopnja: Rumena info button

Mone so krajevne nevihte. Lokalno moni moneji nalivi, pi vetra in udari strel. Hitro lahko narastejo hudourniki vodotoki. Bodite pozorni na bliajoe se nevihtne oblake. Med nevihto se ne zadrujte na izpostavljenih mestih, poakajte na varnem mestu, nevihta obiajno ne traja dolgo.

NOAA-Style klimatska poročila


Poročilo za 2016 avgust
                   Monthly Climatological Summary for avg 2016

Name: Vremenska postaja Okroglo   City: Kal nad Kanalom   State: Slovenija
Elevation: 770 m  Lat: N 46 04 21   Lon: E 013 44 04

                  Temperature (°C), Rain (mm), Wind Speed (km/h)

                                      Heat  Cool        Avg
    Mean                              Deg   Deg         Wind                 Dom
Day Temp  High   Time   Low    Time   Days  Days  Rain  Speed High   Time    Dir
----------------------------------------------------------------------------------
01  17,8  19,3   04:14  16,4   23:11   0,4   0,2   0,0   3,5  28,4   08:10     Z
02  19,0  24,5   17:05  15,0   07:13   0,8   1,8   0,0   2,6  22,3   09:10   JJZ
03  21,2  26,3   18:34  16,7   04:27   0,2   3,5   0,0   1,8  14,4   16:50   ZJZ
04  22,5  28,0   16:01  17,6   05:32   0,0   4,7   0,0   1,6  16,9   17:08   ZJZ
05  20,3  22,4   11:34  15,5   19:34   0,0   2,3  11,9   1,8  13,3   18:24   JJZ
06  19,7  23,8   17:36  14,1   06:46   0,0   1,7   2,6   4,3  16,2   18:06     S
07  19,6  25,2   18:00  15,9   06:56   0,0   1,6   0,0   3,9  22,3   12:10     S
08  19,8  27,3   17:59  14,9   04:05   0,9   2,7   0,0   2,3  22,0   06:24   ZSZ
09  21,5  29,8   16:34  16,4   06:14   0,2   3,7   0,0   2,5  19,1   10:57    JZ
10  13,3  18,2   00:14  11,1   16:54   4,7   0,0  60,6   4,5  14,8   05:54   ZJZ
11  13,5  19,6   17:34  11,1   06:14   4,8   0,2   0,0   3,6  19,8   22:19    JZ
12  14,5  20,9   19:13   9,9   05:43   3,9   0,3   0,0   1,8  22,0   00:57    JZ
13  17,5  24,1   17:03  12,6   06:39   2,1   1,6   0,0   1,2  14,8   15:01     Z
14  20,3  26,8   16:30  15,8   05:33   0,6   3,0   0,0   1,2  13,7   16:20   ZJZ
15  20,4  26,1   15:37  16,9   23:47   0,1   2,6   0,5   1,4  20,9   22:23   ZJZ
16  20,4  27,2   16:26  15,6   03:18   0,6   3,0   0,5   1,9  14,8   17:46   ZJZ
17  17,5  24,4   16:06  14,4   17:38   1,5   1,1  20,7   3,2  27,0   23:04   ZJZ
18  17,4  23,8   17:53  13,5   05:53   1,6   0,9   0,0   2,0  15,1   01:28   ZJZ
19  18,6  24,4   16:11  15,4   06:52   0,7   1,4   0,5   1,3  14,4   14:30   ZJZ
20  20,1  26,3   17:31  15,9   06:30   0,6   2,8   0,0   0,8  12,2   17:30     Z
21  17,9  23,3   16:11  11,4   23:57   1,3   1,3  47,1   1,4  24,5   22:08     Z
22  16,9  24,9   17:13  11,1   00:12   2,4   1,3   0,0   2,5  25,6   04:15   ZJZ
23  19,2  27,4   17:56  13,6   05:59   1,3   2,5   0,0   2,0  19,4   09:52    SZ
24  19,6  25,9   17:17  15,8   04:35   0,7   2,3   0,0   3,2  19,8   09:17   JJZ
25  19,7  25,9   17:07  15,6   06:37   0,6   2,3   0,0   2,3  22,0   14:16     J
26  19,9  28,2   17:35  15,5   05:02   0,7   2,6   0,0   2,6  22,7   07:38     J
27  21,1  28,5   19:16  16,0   06:35   0,4   3,5   0,0   1,6  19,4   00:06    JZ
28  21,4  26,9   16:59  17,3   06:53   0,0   3,5   0,0   1,4  11,9   16:26   ZJZ
29  21,2  26,4   15:27  17,3   22:13   0,0   3,2   1,0   2,0  26,3   20:18     Z
30  20,3  26,7   18:17  16,5   05:40   0,2   2,5   0,0   2,8  28,8   07:03   ZSZ
31  19,2  25,2   17:09  15,9   06:09   0,5   1,7   0,0   3,9  22,7   04:16   ZJZ
----------------------------------------------------------------------------------
    19,1  29,8     9     9,9    12    31,8  65,8 145,4   2,3  28,8    30     ZJZ

Max >=  30,0  0
Max <=   0,0  0
Min <=   0,0  0
Min <=  -5,0  0
Max Rain: 60,6 on day 10
Days of Rain: 6 (>= 1,0 mm)  4 (>= 10,0 mm)  3 (>= 20,0 mm)
Heat Base: 18,0  Cool Base: 18,0  Method: Integration