NOAA-Style klimatska poročila

Izberi mesečna ali letna poročila
2017: jan feb mar apr maj jun jul avg sep okt nov dec
2016: jan feb mar apr maj jun jul avg sep okt nov dec
2015: jan feb mar apr maj jun jul avg sep okt nov dec
2014: jan feb mar apr maj jun jul avg sep okt nov dec
2013: jan feb mar apr maj jun jul avg sep okt nov dec
2012: jan feb mar apr maj jun jul avg sep okt nov dec
2011: jan feb mar apr maj jun jul avg sep okt nov dec
2010: jan feb mar apr maj jun jul avg sep okt nov dec
2009: jan feb mar apr maj jun jul avg sep okt nov dec
2008: jan feb mar apr maj jun jul avg sep okt nov dec
2007: jan feb mar apr maj jun jul avg sep okt nov dec
2006: jan feb mar apr maj jun jul avg sep okt nov dec
2005: jan feb mar apr maj jun jul avg sep okt nov dec
2004: jan feb mar apr maj jun jul avg sep okt nov dec
2003: jan feb mar apr maj jun jul avg sep okt nov dec
2002: jan feb mar apr maj jun jul avg sep okt nov dec

Poročilo za 2016 julij
                   Monthly Climatological Summary for jul 2016

Name: Vremenska postaja Okroglo   City: Kal nad Kanalom   State: Slovenija
Elevation: 770 m  Lat: N 46 04 21   Lon: E 013 44 04

                  Temperature (°C), Rain (mm), Wind Speed (km/h)

                                      Heat  Cool        Avg
    Mean                              Deg   Deg         Wind                 Dom
Day Temp  High   Time   Low    Time   Days  Days  Rain  Speed High   Time    Dir
----------------------------------------------------------------------------------
01  20,6  25,4   17:00  14,9   04:30   0,5   3,3   7,3   1,0   8,3   13:00   ZJZ
02  21,2  25,6   16:11  17,8   05:16   0,0   3,3   0,0   1,7  20,9   15:48    JZ
03  15,9  19,5   00:35  13,9   22:46   2,3   0,2  23,3   5,1  30,2   23:26   JJZ
04  18,1  25,1   17:29  13,3   04:31   1,8   1,9   0,0   4,8  28,4   00:29    JZ
05  20,2  25,9   15:55  16,3   06:30   0,5   2,8   0,0   3,5  23,0   05:56    JZ
06  20,7  26,8   18:38  14,9   05:24   0,6   3,5  13,5   1,2  15,5   20:53   JJZ
07  20,5  25,3   00:32  16,4   14:29   0,2   2,8   0,0   3,0  15,1   00:41   ZJZ
08  21,3  26,5   23:23  18,4   12:21   0,0   3,4   0,0   1,2  19,1   00:16    JZ
09  22,3  28,1   17:39  18,5   02:39   0,0   4,5   0,0   0,9   9,7   17:59     Z
10  23,7  29,1   16:22  19,9   04:54   0,0   6,1   0,0   2,5  14,8   02:32   ZJZ
11  23,7  28,3   16:20  20,2   05:10   0,0   6,0   0,0   1,5  18,4   14:13   ZJZ
12  22,4  26,3   15:03  20,2   03:41   0,0   5,2   0,0   1,4  18,0   14:26   JJZ
13  21,4  25,1   13:43  16,3   23:13   0,1   3,5   2,1   4,7  14,8   11:43   JJZ
14  15,8  21,9   19:06  11,0   12:13   2,8   0,6  11,4   1,7  19,1   23:29    SZ
15  14,7  19,0   18:21  12,4   07:10   3,4   0,0   0,0   4,1  25,6   12:44     S
16  15,8  21,6   17:30  11,2   06:06   3,0   0,6   0,0   1,1  19,1   19:44    SZ
17  13,9  22,8   19:26  12,1   05:10   4,1   0,0   0,0   0,9  10,8   00:00   JJZ
18  20,7  26,1   17:26  16,1   03:26   0,0   2,7   0,0   2,3   8,6   17:26   ZJZ
19  22,2  26,4   17:26  18,2   05:26   0,0   4,2   0,0   4,1   9,7   17:26    JZ
20  22,0  25,9   17:26  18,6   05:26   0,0   4,0   0,0   2,1   7,9   13:26    JZ
21  22,0  26,9   17:26  18,5   05:26   0,0   4,0   0,0   0,6   5,0   17:26   JJZ
22  22,4  26,9   17:26  19,2   07:26   0,0   4,4   0,0   1,9  12,2   15:26     Z
23  22,4  26,9   15:26  19,2   07:26   0,0   4,4   0,0   1,1   6,5   15:26   ZJZ
24  22,2  26,3   15:26  18,6   03:26   0,0   4,2   0,0   3,4  14,8   15:26    JZ
25  22,3  27,6   17:26  19,5   05:26   0,0   4,3   1,0   4,3  13,0   23:26   ZJZ
26  21,0  26,3   13:26  18,9   03:26   0,0   3,0  25,9   2,6   5,8   05:26    JZ
27  20,3  25,2   13:26  18,0   21:26   0,0   2,3  19,6   2,1   6,8   13:26    JZ
28  18,9  21,9   11:26  16,7   15:26   0,0   0,9  27,5   2,0   7,6   11:26     J
29  21,1  27,6   17:26  12,1   05:06   3,9  44,3   0,0   1,0  14,8   15:26    JZ
31  20,9  25,9   14:44  17,9   22:16   0,0   3,0   0,0   1,2  36,7   15:51   ZJZ
----------------------------------------------------------------------------------
    20,4  29,1    10    11,0    14    23,2 133,4 131,6   2,4  36,7    31      JZ

Max >=  30,0  0
Max <=   0,0  0
Min <=   0,0  0
Min <=  -5,0  0
Max Rain: 27,5 on day 28
Days of Rain: 9 (>= 1,0 mm)  6 (>= 10,0 mm)  3 (>= 20,0 mm)
Heat Base: 18,0  Cool Base: 18,0  Method: Integration