NOAA-Style klimatska poročila

Izberi mesečna ali letna poročila
2017: jan feb mar apr maj jun jul avg sep okt nov dec
2016: jan feb mar apr maj jun jul avg sep okt nov dec
2015: jan feb mar apr maj jun jul avg sep okt nov dec
2014: jan feb mar apr maj jun jul avg sep okt nov dec
2013: jan feb mar apr maj jun jul avg sep okt nov dec
2012: jan feb mar apr maj jun jul avg sep okt nov dec
2011: jan feb mar apr maj jun jul avg sep okt nov dec
2010: jan feb mar apr maj jun jul avg sep okt nov dec
2009: jan feb mar apr maj jun jul avg sep okt nov dec
2008: jan feb mar apr maj jun jul avg sep okt nov dec
2007: jan feb mar apr maj jun jul avg sep okt nov dec
2006: jan feb mar apr maj jun jul avg sep okt nov dec
2005: jan feb mar apr maj jun jul avg sep okt nov dec
2004: jan feb mar apr maj jun jul avg sep okt nov dec
2003: jan feb mar apr maj jun jul avg sep okt nov dec
2002: jan feb mar apr maj jun jul avg sep okt nov dec

Poročilo za 2016 junij
                   Monthly Climatological Summary for jun 2016

Name: Vremenska postaja Okroglo   City: Kal nad Kanalom   State: Slovenija
Elevation: 770 m  Lat: N 46 04 21   Lon: E 013 44 04

                  Temperature (°C), Rain (mm), Wind Speed (km/h)

                                      Heat  Cool        Avg
    Mean                              Deg   Deg         Wind                 Dom
Day Temp  High   Time   Low    Time   Days  Days  Rain  Speed High   Time    Dir
----------------------------------------------------------------------------------
01  11,1  13,9   13:21   9,2   02:02   7,0   0,0   4,7   0,7  14,8   14:25   JJZ
02  12,5  15,9   16:06  10,8   04:58   5,5   0,0   1,0   1,1  16,9   15:58    JZ
03  13,6  17,9   17:09  10,9   06:56   4,6   0,0   0,0   0,9   7,6   17:39   ZJZ
04  14,9  19,2   18:39  11,8   02:09   3,2   0,1   3,6   1,1  10,1   13:39    JZ
05  15,2  19,4   15:39  13,0   05:39   2,9   0,1   0,0   0,6   7,2   15:39   JJZ
06  15,9  20,8   16:41  13,2   04:23   2,5   0,3   5,7   1,0  21,2   17:37     Z
07  16,9  23,9   15:55  13,8   19:20   2,2   1,0  11,4   1,7  19,4   10:41    JZ
08  15,8  20,6   13:09  12,8   23:45   2,4   0,2  12,9   1,6  16,6   05:00   ZJZ
09  13,3  14,3   06:05  12,4   22:17   4,9   0,0   6,2   2,2  19,4   13:22    JZ
10  14,5  19,9   13:29  11,3   06:30   3,8   0,1   5,2   2,5  19,8   02:34    JZ
11  14,3  18,8   12:38  12,9   18:42   3,9   0,0  39,4   1,4  21,2   13:13   JJZ
12  14,9  20,9   15:39  11,9   02:09   3,5   0,2  34,7   1,3  13,3   01:42   JJZ
13  14,8  20,5   14:12  11,3   04:39   3,6   0,2  17,1   0,9  20,5   15:05     Z
14  14,8  17,5   15:22  13,0   05:27   3,4   0,0   0,0   0,5  13,3   11:54   ZJZ
15  14,4  18,0   16:31  11,5   08:17   3,8   0,0  36,8   4,2  28,4   14:40   JJZ
16  17,0  20,3   13:56  13,8   05:56   1,5   0,4   5,7   1,8  20,9   00:48     J
17  16,4  18,9   16:58  14,2   07:31   1,7   0,1  19,7   7,8  29,5   13:36   JJZ
18  16,3  20,6   15:01  12,4   05:54   2,3   0,5   0,0   2,3  22,7   17:21    JZ
19  15,9  20,6   16:19  12,1   03:58   2,4   0,2   0,0   3,2  28,1   13:25    SZ
20  16,0  19,4   12:12  12,6   04:45   2,3   0,1   1,0   1,3  18,0   01:15   SSZ
21  18,3  23,9   15:55  13,3   05:15   1,6   1,9   0,0   1,2  13,0   16:54     Z
22  21,5  27,8   16:09  17,3   02:45   0,1   3,8   0,0   3,1  28,1   05:32     S
23  22,8  27,6   16:19  19,1   04:31   0,0   5,0   0,0   4,7  25,6   09:04   ZSZ
24  24,6  30,5   16:50  20,9   05:12   0,0   6,9   0,0   2,4  22,7   08:16    JZ
25  23,7  28,6   15:40  17,3   23:20   0,0   6,0   0,5   1,2  16,9   10:39    JZ
26  19,2  22,5   16:23  17,1   11:52   0,1   1,3   4,1   4,5  27,4   13:25    JZ
27  17,8  20,7   10:55  14,9   23:29   0,8   0,5   3,6   3,2  20,5   00:41    JZ
28  17,9  23,5   16:57  13,3   05:56   1,6   1,5   0,0   2,3  16,6   00:30   ZJZ
29  19,8  24,9   17:14  15,3   06:10   0,7   2,6   0,0   1,5  15,8   13:37   ZJZ
30  20,8  25,2   16:15  17,1   03:03   0,1   3,0   0,0   1,9  16,9   11:56    JZ
----------------------------------------------------------------------------------
    16,8  30,5    24     9,2     1    72,4  36,0 213,3   2,2  29,5    17      JZ

Max >=  30,0  1
Max <=   0,0  0
Min <=   0,0  0
Min <=  -5,0  0
Max Rain: 39,4 on day 11
Days of Rain: 17 (>= 1,0 mm)  7 (>= 10,0 mm)  3 (>= 20,0 mm)
Heat Base: 18,0  Cool Base: 18,0  Method: Integration