Nevihte Od: 20-07-2018 14:00 Do: 21:59 Opozorilo za: Nevihte Stopnja: Rumena info button

Možne so krajevne nevihte. Lokalno možni močnejši nalivi, piš vetra in udari strel. Hitro lahko narastejo hudourniški vodotoki. Bodite pozorni na bližajoče se nevihtne oblake. Med nevihto se ne zadržujte na izpostavljenih mestih, počakajte na varnem mestu, nevihta običajno ne traja dolgo.

NOAA-Style klimatska poročila


Poročilo za 2016 maj
                   Monthly Climatological Summary for maj 2016

Name: Vremenska postaja Okroglo   City: Kal nad Kanalom   State: Slovenija
Elevation: 770 m  Lat: N 46 04 21   Lon: E 013 44 04

                  Temperature (°C), Rain (mm), Wind Speed (km/h)

                                      Heat  Cool        Avg
    Mean                              Deg   Deg         Wind                 Dom
Day Temp  High   Time   Low    Time   Days  Days  Rain  Speed High   Time    Dir
----------------------------------------------------------------------------------
01   7,3   8,4   00:00   5,8   08:23  11,1   0,0  17,6   4,8  34,9   03:51   SSV
02  11,1  14,5   15:52   8,3   00:00   7,0   0,0   0,0   6,7  29,2   07:22     S
03  13,3  19,0   15:29   9,9   23:53   4,8   0,0   0,0   2,4  22,0   01:42    SZ
04  12,6  18,1   15:31   8,4   06:56   5,5   0,0   0,0   1,9  20,5   22:05     S
05  11,8  18,1   15:24   8,0   07:18   6,3   0,0   0,0   2,3  22,3   11:13     S
06  13,4  20,3   15:02   8,9   05:41   4,7   0,1   0,0   2,1  22,0   17:18   JJZ
07  12,3  19,4   13:33  10,1   04:13   5,8   0,0  14,0   1,2  17,3   15:27   ZJZ
08  13,0  17,8   15:17   9,4   04:35   5,0   0,0   0,0   1,8  15,8   16:17    JZ
09  12,7  16,2   13:21   9,8   05:26   5,5   0,0   0,0   1,6  19,1   14:47    JZ
10  11,3  12,2   12:49  10,8   16:22   6,8   0,0   0,0   0,5   9,0   10:47   JJZ
11  11,4  13,8   11:53  10,1   04:49   6,8   0,0  13,0   0,2  11,2   14:03    JZ
12  11,0  14,1   15:31   9,4   23:33   7,2   0,0  47,1   2,5  21,2   21:28   JJZ
13   9,4  10,7   12:34   8,6   06:48   8,7   0,0  68,4   3,1  20,9   16:59   JJZ
14  10,3  14,8   13:31   8,3   23:02   7,8   0,0  22,3   0,8  18,7   23:43    JZ
15   8,5  12,2   13:38   6,0   23:46   9,6   0,0   2,6   4,3  27,4   13:17     J
16   7,8  12,9   15:11   4,6   05:48  10,4   0,0   0,0   2,2  22,0   01:17   JJZ
17   9,3  14,9   17:16   4,4   04:39   8,8   0,0   0,5   1,0  16,2   09:26   JJZ
18  10,5  13,3   17:38   7,9   03:38   7,6   0,0   0,0   1,9  23,4   14:19    JZ
19   9,4  11,1   12:06   8,5   04:59   8,8   0,0  10,4   0,5  13,3   10:43   JJZ
20  14,2  20,5   17:22   9,2   00:00   4,0   0,2   0,0   2,4  26,6   11:25     S
21  16,1  22,2   15:21  10,3   06:35   2,9   0,9   9,3   1,3  15,8   16:06   ZJZ
22  17,1  21,8   15:35  12,6   06:05   1,9   1,0   0,0   2,1  20,2   13:38    JZ
23  13,2  17,3   12:40   8,5   21:36   5,0   0,0   6,7   1,5  25,2   18:19   JJZ
24  10,2  14,1   13:06   7,9   06:30   7,9   0,0   2,6   0,7  12,2   15:49     Z
25  13,4  19,5   16:04   9,0   05:08   4,7   0,1   0,0   1,8  16,6   12:08    JZ
26  16,6  21,1   13:12  12,4   01:37   2,3   0,9   0,0   1,6  16,6   15:18   ZJZ
27  17,6  22,9   16:25  13,4   04:24   1,8   1,3   0,0   2,1  18,4   15:13    JZ
28  18,1  22,9   14:43  14,4   04:14   1,3   1,5   0,0   2,4  25,9   15:44    JZ
29  15,9  20,7   13:38  11,8   23:43   2,5   0,3  17,6   1,6  26,6   14:53   JJZ
30  12,5  14,9   16:58  10,8   22:11   5,7   0,0  58,0   2,9  23,4   11:56     J
31  11,8  13,9   12:00   9,7   23:57   6,4   0,0  42,0   1,4  23,0   13:22   JJZ
----------------------------------------------------------------------------------
    12,4  22,9    27     4,4    17   184,6   6,3 332,1   2,0  34,9     1      JZ

Max >=  30,0  0
Max <=   0,0  0
Min <=   0,0  0
Min <=  -5,0  0
Max Rain: 68,4 on day 13
Days of Rain: 14 (>= 1,0 mm)  10 (>= 10,0 mm)  5 (>= 20,0 mm)
Heat Base: 18,0  Cool Base: 18,0  Method: Integration