Veter Od: 15-12-2017 00:00 Do: 08:59 Opozorilo za: Veter Stopnja: Oranžna info button

Maksimalna hitrost vetra : od 70 do 85 km/h. Veter maje drevesa in lahko že lomi veje. Ovira cestni promet določenih kategorij in lahko že nekoliko otežuje gibanje. Morje je zmerno vzvalovano (3). Vrata in okna naj bodo zaprta. Na prostem se ne zadržujte na potencialno nevarnih mestih. Priporočamo dodatno previdnost v prometu. Priporočamo previdnost na morju.

Dež Od: 14-12-2017 23:00 Do: 15-12-2017 22:59 Opozorilo za: Dež Stopnja: Rumena info button

Možne so izdatnejše padavine. Količina padavin : od 50 do 85 mm/24h. Vodotoki lahko poplavljajo ob strugah na območju pogostih poplav. Verjetne so motnje v prometu in pri oskrbi z električno energijo in pitno vodo. Možni so zemeljski plazovi. Iz nižjih prostorov in kleti umaknite hrano, premičnine, dokumente, denar in druge dragocenosti. Izklopite elektriko, plin in vodovod. Ne skušajte prečkati vodnega toka. Bodite previdni pri uživanju hrane in vode. Spremljajte trend vodostaja in meteorološka ter hidrološka obvestila in opozorila ter informacije, ki jih posredujejo pristojne službe in organi.

NOAA-Style klimatska poročila

Izberi mesečna ali letna poročila
2017: jan feb mar apr maj jun jul avg sep okt nov dec
2016: jan feb mar apr maj jun jul avg sep okt nov dec
2015: jan feb mar apr maj jun jul avg sep okt nov dec
2014: jan feb mar apr maj jun jul avg sep okt nov dec
2013: jan feb mar apr maj jun jul avg sep okt nov dec
2012: jan feb mar apr maj jun jul avg sep okt nov dec
2011: jan feb mar apr maj jun jul avg sep okt nov dec
2010: jan feb mar apr maj jun jul avg sep okt nov dec
2009: jan feb mar apr maj jun jul avg sep okt nov dec
2008: jan feb mar apr maj jun jul avg sep okt nov dec
2007: jan feb mar apr maj jun jul avg sep okt nov dec
2006: jan feb mar apr maj jun jul avg sep okt nov dec
2005: jan feb mar apr maj jun jul avg sep okt nov dec
2004: jan feb mar apr maj jun jul avg sep okt nov dec
2003: jan feb mar apr maj jun jul avg sep okt nov dec
2002: jan feb mar apr maj jun jul avg sep okt nov dec

Poročilo za 2016 marec
                   Monthly Climatological Summary for mar 2016

Name: Vremenska postaja Okroglo   City: Kal nad Kanalom   State: Slovenija
Elevation: 770 m  Lat: N 46° 04' 21"   Lon: E 013° 44' 04"

                  Temperature (°C), Rain (mm), Wind Speed (km/h)

                                      Heat  Cool        Avg
    Mean                              Deg   Deg         Wind                 Dom
Day Temp  High   Time   Low    Time   Days  Days  Rain  Speed High   Time    Dir
----------------------------------------------------------------------------------
 1   5,2  10,2   16:12   2,7   09:08  12,8   0,0   3,6   1,1  15,5   10:09    JZ
 2   4,7   8,5   13:49   2,1   04:52  13,4   0,0   0,0   1,8  18,0   14:10    JZ
 3   0,7   4,9   00:00  -0,3   22:47  17,3   0,0   7,8   0,7  17,3   02:49    SV
 4   2,4   6,9   14:20  -0,7   06:21  15,6   0,0  12,9   1,6  14,0   14:04   JJZ
 5   3,9   6,1   20:38   1,9   01:26  14,1   0,0  19,2   7,2  34,2   22:01     J
 6   4,0   5,9   16:17   1,6   23:28  14,0   0,0   6,2   7,1  32,4   02:16   JJZ
 7   1,4   2,9   13:27   0,3   23:59  16,6   0,0   0,5   3,1  21,6   10:45   JJV
 8   0,7   1,8   12:49  -0,4   02:44  17,3   0,0   5,7   1,5  18,4   21:19   VSV
 9   1,5   3,9   15:31  -0,1   05:58  16,7   0,0  12,9   4,7  27,0   15:54     V
10   5,7   9,9   14:27   2,0   00:10  12,4   0,0   0,0   3,2  24,1   01:23   SSV
11   6,6   9,1   15:07   4,7   23:38  11,4   0,0   0,0   1,5  14,8   13:59    JV
12   5,6  10,1   14:39   3,5   05:14  12,4   0,0   0,0   3,3  27,0   07:44    SV
13   5,1   8,2   15:01   3,8   08:22  12,9   0,0   0,0   4,5  22,7   12:53     S
14   5,2   9,9   16:13   1,9   23:40  13,1   0,0   0,0   2,7  22,7   00:21     S
15   2,0   4,8   13:50  -0,6   23:55  16,0   0,0   0,0   2,2  21,6   21:36     J
16   0,8   3,9   14:09  -1,6   03:38  17,2   0,0   0,0   6,6  33,8   12:19   VSV
17   5,2  11,2   16:18   1,6   05:39  12,9   0,0   0,0   4,5  31,0   02:59    JV
18   7,0  12,9   13:57   2,9   06:24  11,0   0,0   0,0   1,9  18,0   16:11    JZ
19   8,5  13,6   14:08   5,3   04:57   9,5   0,0   0,0   2,5  20,9   13:35   JJZ
20   7,4  11,4   14:45   4,6   05:27  10,7   0,0   0,0   3,8  23,8   11:07   JJZ
21   7,0  12,8   13:40   5,4   00:00  11,0   0,0  10,4   1,3  22,7   14:29    JZ
22   6,4  11,2   14:32   3,8   23:11  11,7   0,0   0,0   4,9  31,0   10:26    JV
23   4,5   6,3   14:36   2,9   07:49  13,5   0,0   0,0   9,5  32,8   08:18     S
24   6,1  11,5   15:39   1,9   06:09  11,9   0,0   0,0   2,0  23,0   13:45   SSZ
25   4,5   6,3   11:20   3,6   19:06  13,6   0,0   0,0   2,4  20,9   14:10    JZ
26   6,5  11,5   16:01   3,4   00:57  11,5   0,0   0,0   1,3  14,4   14:52   ZJZ
27   6,0   8,3   14:31   4,1   04:41  11,5   0,0   0,0   0,9  13,3   13:13   ZJZ
28   5,9   6,8   22:35   5,1   04:09  12,1   0,0   3,1   4,0  25,2   16:00   JJZ
29   7,5  10,1   17:15   6,3   04:13  10,5   0,0   1,0   6,1  24,5   14:05   JJZ
30   8,3   9,9   14:16   7,6   00:05   9,7   0,0   0,5   4,5  29,2   12:52   JJZ
31   9,3  12,5   16:50   8,0   23:59   8,7   0,0   1,5   4,2  18,0   16:54    JZ
----------------------------------------------------------------------------------
     5,0  13,6    19    -1,6    16   403,0   0,0  85,3   3,4  34,2     5     JJV

Max >=  30,0:  0
Max <=   0,0:  0
Min <=   0,0:  6
Min <=  -5,0:  0
Max Rain: 19,2 on day 5
Days of Rain: 11 (>= 1,0 mm)  4 (>= 10,0 mm)  0 (>= 20,0 mm)
Heat Base: 18,0  Cool Base: 18,0  Method: Integration