NOAA-Style klimatska poročila

Izberi mesečna ali letna poročila
2017: jan feb mar apr maj jun jul avg sep okt nov dec
2016: jan feb mar apr maj jun jul avg sep okt nov dec
2015: jan feb mar apr maj jun jul avg sep okt nov dec
2014: jan feb mar apr maj jun jul avg sep okt nov dec
2013: jan feb mar apr maj jun jul avg sep okt nov dec
2012: jan feb mar apr maj jun jul avg sep okt nov dec
2011: jan feb mar apr maj jun jul avg sep okt nov dec
2010: jan feb mar apr maj jun jul avg sep okt nov dec
2009: jan feb mar apr maj jun jul avg sep okt nov dec
2008: jan feb mar apr maj jun jul avg sep okt nov dec
2007: jan feb mar apr maj jun jul avg sep okt nov dec
2006: jan feb mar apr maj jun jul avg sep okt nov dec
2005: jan feb mar apr maj jun jul avg sep okt nov dec
2004: jan feb mar apr maj jun jul avg sep okt nov dec
2003: jan feb mar apr maj jun jul avg sep okt nov dec
2002: jan feb mar apr maj jun jul avg sep okt nov dec

Poročilo za 2016 januar
                   Monthly Climatological Summary for jan 2016

Name: Vremenska postaja Okroglo   City: Kal nad Kanalom   State: Slovenija
Elevation: 770 m  Lat: N 46° 04' 21"   Lon: E 013° 44' 04"

                  Temperature (°C), Rain (mm), Wind Speed (km/h)

                                      Heat  Cool        Avg
    Mean                              Deg   Deg         Wind                 Dom
Day Temp  High   Time   Low    Time   Days  Days  Rain  Speed High   Time    Dir
----------------------------------------------------------------------------------
 1   0,4   5,4   14:48  -3,2   01:43  17,9   0,0   0,0   0,2   8,3   13:23   ZJZ
 2  -0,2   2,4   12:27  -3,3   23:53  18,2   0,0   1,5   0,2   6,5   18:26   JJV
 3  -4,5  -3,2   00:00  -5,9   22:49  22,5   0,0   2,1   0,0   0,0   00:00   ---
 4  -2,0   1,2   17:29  -5,9   00:30  20,0   0,0   0,5   0,1   6,1   22:15     V
 5   0,6   2,8   20:43  -1,8   06:55  17,1   0,0   7,8   0,0   9,4   22:55   SSZ
 6   1,3   2,4   14:49   0,2   22:12  17,0   0,0   2,6   2,6  26,6   11:37    JZ
 7   1,9   5,1   11:59   0,3   00:24  16,2   0,0   0,5   0,8  14,4   14:20    JZ
 8   3,4   5,8   14:15   0,6   00:00  14,6   0,0   1,0   0,3  14,4   22:46     J
 9   5,3   7,3   22:17   4,3   02:36  12,7   0,0  51,3   1,5  14,4   19:02   JJZ
10   5,5   7,3   23:44   4,7   17:06  12,5   0,0  27,5   3,6  26,6   23:19   JJZ
11   7,7   8,4   15:50   6,4   23:52  10,4   0,0  72,5  19,1  60,1   15:41     J
12   4,0   7,2   13:47   1,5   22:25  14,0   0,0   2,1   3,0  30,6   00:12   JJZ
13   3,0   6,4   14:10   1,3   01:25  15,4   0,0   0,0   1,2  16,9   13:14   JJZ
14   1,6   3,9   12:08   0,1   18:04  16,5   0,0   0,0   0,9  19,4   15:31   JJZ
15   0,5   2,7   14:36  -0,9   22:23  17,8   0,0   7,8   1,5  21,2   11:44     J
16  -0,3   3,3   13:23  -2,4   23:53  18,8   0,0   0,5   1,8  22,0   21:17   SSZ
17  -2,1   2,7   15:21  -4,8   07:57  20,0   0,0   0,0   1,4  14,4   17:11     Z
18  -3,3   1,6   14:12  -6,2   23:58  21,7   0,0   0,0   1,1  22,7   09:38   JJZ
19  -4,4  -1,1   13:30  -6,9   07:10  22,6   0,0   0,0   1,0  14,4   13:33    JZ
20  -2,9  -0,1   12:24  -5,1   00:04  20,9   0,0   0,0   1,5  10,4   12:34   JJZ
21  -1,4   4,4   14:19  -4,4   05:32  19,4   0,0   0,0   2,4  27,7   21:50   JJV
22  -2,7   2,8   15:23  -4,6   08:54  20,7   0,0   0,0   2,9  34,6   01:06   ZJZ
23  -0,6   6,6   15:39  -4,4   00:36  18,6   0,0   0,0   0,8  34,6   11:21    JZ
24   2,3   5,9   12:46  -0,7   02:10  15,9   0,0   0,0   0,2  34,6   05:48   VJV
25   3,4   6,1   12:23  -0,1   00:45  14,7   0,0   0,0   0,7  51,8   11:24    JZ
26   6,2  10,3   13:58   3,5   00:10  11,9   0,0   0,0   0,1  34,6   10:49    SZ
27   3,8   7,7   18:43   2,2   05:50  14,6   0,0   0,0   1,1  63,4   14:46    JZ
28   4,8   5,4   14:43   4,2   02:12  13,2   0,0   0,5   0,9   8,3   09:42    JZ
29   4,8   6,2   14:10   3,6   08:03  13,2   0,0   0,0   0,5  10,8   14:44    JZ
30   4,4   5,3   22:55   3,5   07:45  13,6   0,0   1,6   3,4  25,6   22:46   JJZ
31   5,3   5,8   17:20   4,7   02:56  12,9   0,0   0,0   5,9  25,6   07:59   JJZ
----------------------------------------------------------------------------------
     1,5  10,3    26    -6,9    19   515,5   0,0 179,8   2,0  63,4    27     JJZ

Max >=  30,0:  0
Max <=   0,0:  3
Min <=   0,0: 16
Min <=  -5,0:  5
Max Rain: 72,5 on day 11
Days of Rain: 11 (>= 1,0 mm)  3 (>= 10,0 mm)  3 (>= 20,0 mm)
Heat Base: 18,0  Cool Base: 18,0  Method: Integration