Veter Od: 22-10-2017 17:00 Do: 23-10-2017 02:59 Opozorilo za: Veter Stopnja: Oranžna info button

Maksimalna hitrost vetra : od 100 do 120 km/h. Veter lomi veje in lahko podira posamezna drevesa, odkriva strehe. Mone so prekinitve v oskrbi z elektrino energijo. Oviran je cestni, lahko tudi pomorski promet. Gibanje na prostem je zelo oteeno in nevarno. Morje je zmerno vzvalovano do vzvalovano (3-4). Pri gibanju na prostem se izogibajte nevarnih mest. Ne vkljuujte se v promet, e ni nujno potrebno. Plovila naj bodo privezana na varnih privezih. Ostanite na kopnem. Spremljajte meteoroloka obvestila in opozorila ter informacije, ki jih posredujejo pristojne slube in organi.

NOAA-Style klimatska poročila

Izberi mesečna ali letna poročila
2017: jan feb mar apr maj jun jul avg sep okt nov dec
2016: jan feb mar apr maj jun jul avg sep okt nov dec
2015: jan feb mar apr maj jun jul avg sep okt nov dec
2014: jan feb mar apr maj jun jul avg sep okt nov dec
2013: jan feb mar apr maj jun jul avg sep okt nov dec
2012: jan feb mar apr maj jun jul avg sep okt nov dec
2011: jan feb mar apr maj jun jul avg sep okt nov dec
2010: jan feb mar apr maj jun jul avg sep okt nov dec
2009: jan feb mar apr maj jun jul avg sep okt nov dec
2008: jan feb mar apr maj jun jul avg sep okt nov dec
2007: jan feb mar apr maj jun jul avg sep okt nov dec
2006: jan feb mar apr maj jun jul avg sep okt nov dec
2005: jan feb mar apr maj jun jul avg sep okt nov dec
2004: jan feb mar apr maj jun jul avg sep okt nov dec
2003: jan feb mar apr maj jun jul avg sep okt nov dec
2002: jan feb mar apr maj jun jul avg sep okt nov dec

Poročilo za 2015 december
                   Monthly Climatological Summary for dec 2015

Name: Vremenska postaja Okroglo   City: Kal nad Kanalom   State: Slovenija
Elevation: 770 m  Lat: N 46° 04' 21"   Lon: E 013° 44' 04"

                  Temperature (°C), Rain (mm), Wind Speed (km/h)

                                      Heat  Cool        Avg
    Mean                              Deg   Deg         Wind                 Dom
Day Temp  High   Time   Low    Time   Days  Days  Rain  Speed High   Time    Dir
----------------------------------------------------------------------------------
 1   5,0   6,3   21:41   4,1   01:01  13,0   0,0   0,0   0,6  10,8   01:19    JZ
 2   7,7  14,3   13:12   4,9   08:18  10,4   0,0   0,0   0,2   6,5   14:13     Z
 3   7,1  11,0   14:50   4,3   22:07  10,9   0,0   0,0   0,2   6,1   11:39     Z
 4   4,2   4,9   14:23   2,9   03:44  13,8   0,0   0,5   0,6  10,8   11:57    JZ
 5   6,3  11,5   12:40   2,3   01:00  11,7   0,0   0,0   1,1  18,7   09:13   JJZ
 6   4,8   6,1   12:10   3,9   23:09  13,2   0,0   0,0   0,9   9,0   12:22   JJZ
 7   5,8   9,3   14:19   2,1   08:32  12,3   0,0   0,0   1,0  19,1   17:06     Z
 8   5,4   8,1   00:01   2,1   23:41  12,7   0,0   0,0   4,7  27,0   10:42    JZ
 9   4,6  10,9   14:21   0,5   07:55  13,6   0,0   0,0   1,0  16,2   23:39    JZ
10   3,8   6,5   00:08   1,5   20:37  14,2   0,0   0,0   4,8  26,6   22:11    JZ
11   3,4   8,2   15:13   0,5   06:21  14,8   0,0   0,0   0,9  18,4   00:10     Z
12   3,4   7,3   15:35   0,9   06:59  14,7   0,0   0,0   0,1   6,5   13:02     Z
13   2,5   4,4   20:03  -0,1   02:39  15,5   0,0   0,0   1,4  16,6   10:31   JJZ
14   4,9   6,3   14:55   2,6   03:22  12,9   0,0   0,0   0,0   4,7   08:24     Z
15   3,5   6,1   13:33   1,8   07:51  14,6   0,0   0,0   0,1   6,1   13:46   ZJZ
16   6,9  11,9   14:32   3,9   00:36  11,2   0,0   0,0   0,4   8,3   19:06    SZ
17   6,5  10,6   14:27   3,6   01:51  11,0   0,0   0,0   0,1   4,3   11:47   SSZ
18   6,3   9,9   14:04   4,8   23:32   9,4   0,0   0,0   0,8  12,2   11:48    JZ
19   9,9  14,3   14:35   4,9   00:23   8,1   0,0   0,0   0,1   5,8   09:40    SZ
20   7,8  10,9   13:39   4,1   22:54  10,2   0,0   0,0   1,3  20,9   14:57   JJZ
21   4,7   5,3   20:17   3,9   06:43  13,3   0,0   2,6   1,0  14,4   02:47    JZ
22   4,9   5,6   13:16   3,8   23:04  12,8   0,0   1,0   0,9  10,4   03:17    JZ
23   3,9   4,8   23:00   3,4   08:22  14,1   0,0   0,5   1,9  19,1   09:46   JJZ
24   4,8   6,2   09:39   3,8   18:56  13,3   0,0   1,0   1,7  15,1   10:54   JJZ
25   4,2   6,9   23:55   3,3   05:43  13,8   0,0   0,0   0,5   8,3   01:13   JJZ
26   9,0  13,5   13:41   5,9   01:41   9,0   0,0   0,0   0,1   5,0   13:30   SSV
27   8,5  12,5   13:42   6,5   09:09   9,6   0,0   0,0   0,3   6,1   12:43     S
28   9,9  14,5   13:50   7,8   19:20   8,1   0,0   0,0   0,2   6,1   13:37     Z
29   6,4   8,8   13:57   3,4   23:56  11,7   0,0   0,0   6,1  36,7   17:29     J
30   1,0   3,4   00:00  -2,6   23:56  17,0   0,0   0,0   8,8  44,3   18:03   JJV
31  -3,3  -0,5   13:49  -4,8   07:41  21,6   0,0   0,0   6,9  38,9   07:54    JZ
----------------------------------------------------------------------------------
     5,3  14,5    28    -4,8    31   392,5   0,0   5,6   1,6  44,3    30     JJZ

Max >=  30,0:  0
Max <=   0,0:  1
Min <=   0,0:  3
Min <=  -5,0:  0
Max Rain: 2,6 on day 21
Days of Rain: 3 (>= 1,0 mm)  0 (>= 10,0 mm)  0 (>= 20,0 mm)
Heat Base: 18,0  Cool Base: 18,0  Method: Integration