Nevihte Od: 14-08-2018 00:00 Do: 13:59 Opozorilo za: Nevihte Stopnja: Rumena info button
Dež Od: 14-08-2018 00:00 Do: 13:59 Opozorilo za: Dež Stopnja: Rumena info button

NOAA-Style klimatska poročila


Poročilo za 2015 september
                   Monthly Climatological Summary for sep 2015

Name: Vremenska postaja Okroglo   City: Kal nad Kanalom   State: Slovenija
Elevation: 770 m  Lat: N 46° 04' 21"   Lon: E 013° 44' 04"

                  Temperature (°C), Rain (mm), Wind Speed (km/h)

                                      Heat  Cool        Avg
    Mean                              Deg   Deg         Wind                 Dom
Day Temp  High   Time   Low    Time   Days  Days  Rain  Speed High   Time    Dir
----------------------------------------------------------------------------------
 1  21,2  26,9   16:23  18,3   05:41   0,0   3,2   0,0   1,7  17,3   16:09    JZ
 2  18,8  21,8   10:37  17,1   12:57   0,1   0,8   5,7   1,1  10,1   16:47     Z
 3  18,5  24,5   18:05  15,8   08:29   0,7   1,2   0,0   2,7  13,3   18:36    JZ
 4  17,3  24,5   17:09  13,3   23:02   1,6   0,9  57,0   1,3  13,3   22:02    JZ
 5  13,5  18,5   17:02   9,3   23:41   4,6   0,0  37,3   3,6  23,0   19:45   ZJZ
 6  12,7  19,9   17:14   8,5   01:21   5,5   0,1   1,0   2,8  28,8   23:25   ZJZ
 7  13,1  21,3   17:06   9,2   06:34   5,2   0,3   0,0   3,0  27,0   03:53   JJZ
 8  13,8  21,8   16:45   9,8   03:11   4,6   0,4   0,0   2,1  19,1   10:33   ZJZ
 9  13,1  19,3   17:16   9,6   07:41   5,0   0,1   0,0   3,4  28,1   19:03    JZ
10  12,5  18,4   16:21   8,8   07:24   5,5   0,0   0,0   4,3  25,2   18:17   SSZ
11  13,1  19,2   17:59   9,8   05:53   5,0   0,1   0,0   1,8  19,1   07:34   JJZ
12  14,4  20,1   17:23  10,9   06:37   3,8   0,2   0,0   1,7  20,5   14:42   ZJZ
13  15,6  21,1   16:16  13,2   00:31   2,7   0,3   6,2   0,9  13,7   11:33    JZ
14  16,1  18,9   15:46  13,3   05:55   2,0   0,2  20,2   5,2  36,0   19:38     J
15  17,9  21,0   17:35  15,9   21:16   0,5   0,5   0,5   4,6  28,8   11:34   JJZ
16  17,3  19,8   17:28  15,2   04:11   1,0   0,3   1,0   2,7  33,8   14:14   JJZ
17  19,7  23,8   17:47  17,4   00:41   0,0   1,7   0,5   3,0  22,0   08:24   JJZ
18  20,3  25,2   16:46  17,9   07:48   0,0   2,4   0,0   2,0  31,7   15:21   JJZ
19  16,7  18,6   02:43  14,4   23:33   1,3   0,0   0,0   3,3  27,0   10:45     Z
20  15,9  22,3   16:17  12,9   23:41   2,7   0,6   0,0   3,9  26,3   10:02   ZSZ
21  13,3  20,9   16:39   9,5   06:54   4,9   0,2   0,0   3,3  22,0   20:38   JJZ
22  13,1  20,6   17:01  10,1   06:55   5,0   0,1   0,0   2,7  23,0   09:10   JJZ
23  12,4  15,5   13:01   9,7   23:39   5,7   0,0  56,5   1,4  19,4   10:47     J
24  10,7  15,1   16:14   8,2   05:31   7,4   0,0   6,7   3,6  29,9   10:57     Z
25  12,9  15,4   16:35  11,6   04:41   5,2   0,0   2,1   0,4  11,5   11:05     Z
26  12,7  17,8   17:00  10,4   23:49   5,3   0,0   0,5   1,3  17,3   20:03   JJZ
27  10,9  14,1   13:54   8,9   07:26   7,1   0,0   0,0   3,5  28,1   07:32     J
28  10,2  15,3   17:51   7,4   06:55   7,9   0,0   0,0   3,3  27,4   12:49     S
29  10,1  14,9   16:22   7,4   07:16   7,9   0,0   0,0   4,9  32,8   10:42     S
30   8,2  10,8   12:33   6,3   21:56   9,8   0,0   0,0   4,1  27,7   21:56     S
----------------------------------------------------------------------------------
    14,5  26,9     1     6,3    30   118,0  13,6 195,2   2,8  36,0    14     ZJZ

Max >=  30,0:  0
Max <=   0,0:  0
Min <=   0,0:  0
Min <=  -5,0:  0
Max Rain: 57,0 on day 4
Days of Rain: 10 (>= 1,0 mm)  4 (>= 10,0 mm)  4 (>= 20,0 mm)
Heat Base: 18,0  Cool Base: 18,0  Method: Integration