Veter Od: 22-10-2017 17:00 Do: 23-10-2017 02:59 Opozorilo za: Veter Stopnja: Oranžna info button

Maksimalna hitrost vetra : od 100 do 120 km/h. Veter lomi veje in lahko podira posamezna drevesa, odkriva strehe. Mone so prekinitve v oskrbi z elektrino energijo. Oviran je cestni, lahko tudi pomorski promet. Gibanje na prostem je zelo oteeno in nevarno. Morje je zmerno vzvalovano do vzvalovano (3-4). Pri gibanju na prostem se izogibajte nevarnih mest. Ne vkljuujte se v promet, e ni nujno potrebno. Plovila naj bodo privezana na varnih privezih. Ostanite na kopnem. Spremljajte meteoroloka obvestila in opozorila ter informacije, ki jih posredujejo pristojne slube in organi.

NOAA-Style klimatska poročila

Izberi mesečna ali letna poročila
2017: jan feb mar apr maj jun jul avg sep okt nov dec
2016: jan feb mar apr maj jun jul avg sep okt nov dec
2015: jan feb mar apr maj jun jul avg sep okt nov dec
2014: jan feb mar apr maj jun jul avg sep okt nov dec
2013: jan feb mar apr maj jun jul avg sep okt nov dec
2012: jan feb mar apr maj jun jul avg sep okt nov dec
2011: jan feb mar apr maj jun jul avg sep okt nov dec
2010: jan feb mar apr maj jun jul avg sep okt nov dec
2009: jan feb mar apr maj jun jul avg sep okt nov dec
2008: jan feb mar apr maj jun jul avg sep okt nov dec
2007: jan feb mar apr maj jun jul avg sep okt nov dec
2006: jan feb mar apr maj jun jul avg sep okt nov dec
2005: jan feb mar apr maj jun jul avg sep okt nov dec
2004: jan feb mar apr maj jun jul avg sep okt nov dec
2003: jan feb mar apr maj jun jul avg sep okt nov dec
2002: jan feb mar apr maj jun jul avg sep okt nov dec

Poročilo za 2015 avgust
                   Monthly Climatological Summary for avg 2015

Name: Vremenska postaja Okroglo   City: Kal nad Kanalom   State: Slovenija
Elevation: 770 m  Lat: N 46° 04' 21"   Lon: E 013° 44' 04"

                  Temperature (°C), Rain (mm), Wind Speed (km/h)

                                      Heat  Cool        Avg
    Mean                              Deg   Deg         Wind                 Dom
Day Temp  High   Time   Low    Time   Days  Days  Rain  Speed High   Time    Dir
----------------------------------------------------------------------------------
 1  18,2  25,3   16:56  14,1   03:39   1,4   1,6   3,6   3,9  24,5   10:07   ZSZ
 2  17,5  24,3   16:03  14,8   05:51   1,2   0,7  23,3   0,8  13,3   00:16    JZ
 3  21,1  27,9   17:06  17,1   05:50   0,2   3,3   0,0   2,9  22,7   10:06     J
 4  22,8  30,6   16:33  17,2   05:42   0,0   4,9   0,0   1,7  20,9   10:18    JZ
 5  24,2  30,6   18:34  20,0   03:53   0,0   6,2   0,0   1,6  22,7   11:37    SZ
 6  24,7  31,8   16:05  21,1   05:25   0,0   6,9   0,0   1,8  17,6   08:37    JZ
 7  25,2  32,3   15:52  21,2   06:27   0,0   7,2   0,0   1,6  16,9   11:11   SSZ
 8  24,6  31,6   15:11  20,4   04:46   0,0   6,7   0,0   1,1  20,9   12:48   SSZ
 9  24,9  29,8   16:10  21,6   07:04   0,0   6,9   0,0   2,4  22,0   13:05   SSZ
10  23,7  29,9   16:33  20,1   05:41   0,0   5,8   0,0   1,9  28,8   14:56     S
11  23,5  29,3   16:08  19,4   02:22   0,0   5,5   0,0   0,9  15,1   11:43     S
12  24,3  32,9   17:32  19,3   04:11   0,0   6,4   0,0   0,5  12,6   15:39   ZSZ
13  25,6  32,2   15:12  21,1   01:09   0,0   7,7   0,0   0,9  14,8   09:23     Z
14  25,2  31,5   16:25  21,1   05:43   0,0   7,4   0,0   1,0  14,4   16:40   ZJZ
15  21,2  26,2   14:38  16,7   08:22   0,0   3,3   5,7   1,2   8,6   11:48   ZSZ
16  17,6  21,1   14:23  15,5   23:40   1,0   0,5   6,2   0,7   6,1   16:23   JJZ
17  15,9  17,8   18:44  14,9   04:16   2,1   0,0   8,3   0,1   6,5   03:37   ZJZ
18  17,4  24,1   16:27  14,5   02:40   0,6   0,0   0,0   1,2  13,0   16:42    JZ
19  15,3  17,5   12:02  13,8   20:51   2,7   0,0  10,4   1,3   9,7   22:43   ZJZ
20  15,8  20,9   14:25  12,8   05:06   3,4   0,5  12,4   0,7  10,8   21:28     Z
21  14,9  17,6   19:04  13,5   00:21   3,1   0,0   0,0   2,1  19,8   08:45     Z
22  16,6  24,1   16:39  11,9   05:55   2,6   1,2   0,0   0,6  14,0   18:25    SZ
23  16,8  22,4   15:11  12,9   06:41   1,9   0,7   0,0   2,0  16,9   16:13   ZJZ
24  15,2  16,1   20:14  14,3   09:26   2,8   0,0  26,4   0,3   8,3   11:34   JJZ
25  16,9  21,6   12:25  13,7   22:34   1,7   0,6  63,7   2,2  29,5   20:55    JZ
26  17,2  23,4   17:11  13,8   03:45   1,8   1,0   0,0   5,3  30,2   01:12    JZ
27  19,5  25,9   16:08  14,5   06:42   0,8   2,3   0,0   1,9  15,5   14:28   ZJZ
28  20,3  27,1   17:38  16,7   01:59   0,3   2,7   0,0   2,0  18,7   15:20    JZ
29  23,0  32,5   16:52  17,9   05:05   0,0   5,1   0,0   0,5  15,8   13:08   JJZ
30  23,9  29,8   16:55  19,5   06:01   0,0   5,9   0,0   1,2  13,7   14:50   ZJZ
31  21,7  25,9   16:15  18,4   06:41   0,0   3,7   0,0   2,1  18,7   14:56   ZJZ
----------------------------------------------------------------------------------
    20,5  32,9    12    11,9    22    27,6 104,7 160,0   1,6  30,2    26     ZJZ

Max >=  30,0:  9
Max <=   0,0:  0
Min <=   0,0:  0
Min <=  -5,0:  0
Max Rain: 63,7 on day 25
Days of Rain: 9 (>= 1,0 mm)  5 (>= 10,0 mm)  3 (>= 20,0 mm)
Heat Base: 18,0  Cool Base: 18,0  Method: Integration