NOAA-Style klimatska poročila

Izberi mesečna ali letna poročila
2017: jan feb mar apr maj jun jul avg sep okt nov dec
2016: jan feb mar apr maj jun jul avg sep okt nov dec
2015: jan feb mar apr maj jun jul avg sep okt nov dec
2014: jan feb mar apr maj jun jul avg sep okt nov dec
2013: jan feb mar apr maj jun jul avg sep okt nov dec
2012: jan feb mar apr maj jun jul avg sep okt nov dec
2011: jan feb mar apr maj jun jul avg sep okt nov dec
2010: jan feb mar apr maj jun jul avg sep okt nov dec
2009: jan feb mar apr maj jun jul avg sep okt nov dec
2008: jan feb mar apr maj jun jul avg sep okt nov dec
2007: jan feb mar apr maj jun jul avg sep okt nov dec
2006: jan feb mar apr maj jun jul avg sep okt nov dec
2005: jan feb mar apr maj jun jul avg sep okt nov dec
2004: jan feb mar apr maj jun jul avg sep okt nov dec
2003: jan feb mar apr maj jun jul avg sep okt nov dec
2002: jan feb mar apr maj jun jul avg sep okt nov dec

Poročilo za 2015 julij
                   Monthly Climatological Summary for jul 2015

Name: Vremenska postaja Okroglo   City: Kal nad Kanalom   State: Slovenija
Elevation: 770 m  Lat: N 46° 04' 21"   Lon: E 013° 44' 04"

                  Temperature (°C), Rain (mm), Wind Speed (km/h)

                                      Heat  Cool        Avg
    Mean                              Deg   Deg         Wind                 Dom
Day Temp  High   Time   Low    Time   Days  Days  Rain  Speed High   Time    Dir
----------------------------------------------------------------------------------
 1  20,7  25,3   16:57  16,9   05:30   0,1   2,9   0,0   1,2  18,4   13:55   ZJZ
 2  15,0  18,4   12:00  13,6   04:41   2,2   0,0   4,7   1,1  16,9   09:55    SZ
 3  22,9  29,9   15:45  17,8   01:21   0,0   4,9  36,0   1,7  13,3   07:20     Z
 4  23,5  27,1   17:05  19,8   04:25   0,0   5,5   0,0   2,0  10,8   15:50     Z
 5  23,8  28,3   15:10  19,8   06:16   0,0   5,8   0,0   1,7   8,3   18:55     Z
 6  25,0  28,4   16:05  20,6   05:16   0,0   7,0   0,0   1,3   7,9   12:30     Z
 7  24,8  31,4   15:25  21,9   11:05   0,0   6,8   0,0   4,0  19,4   14:50    JZ
 8  23,2  29,0   18:15  18,6   23:35   0,0   5,2  20,2   5,6  34,2   11:50   VSV
 9  19,8  21,5   09:40  15,2   06:05   0,0   1,8  52,0   3,5  25,6   09:00    SV
10  20,3  24,4   10:50  15,8   04:01   0,0   2,3   0,0   1,2  25,6   10:15   VSV
11  21,3  28,9   15:30  15,6   06:55   0,0   3,3   0,0   6,2  30,2   05:10   VSV
12  22,3  30,1   16:48  16,5   06:30   0,0   4,3   0,0   5,5  33,5   05:05   JJZ
13  21,6  27,6   13:25  17,3   04:40   0,0   3,6   1,1   2,6  19,1   13:15     J
14  21,4  28,7   14:37  18,1   05:02   0,0   3,4   0,0   3,8  29,5   16:25    SZ
15  22,9  30,2   16:00  17,6   02:57   0,0   4,9   0,0   2,9  22,7   14:10     Z
16  24,7  31,2   15:30  19,3   04:56   0,0   6,7   0,0   4,0  25,6   12:45   ZJZ
17  25,5  32,1   15:55  20,5   05:40   0,0   7,5   0,0   4,7  29,5   14:50   ZJZ
18  23,8  30,6   15:18  21,2   05:19   0,0   4,1   0,0   0,9  34,6   08:10     Z
19  24,3  31,2   15:23  22,5   23:24   0,0   2,1   0,0   0,1   4,0   20:24    JV
20  25,3  31,1   14:58  21,3   04:40   0,0   7,6   0,0   1,4  23,0   20:44   ZJZ
21  26,1  33,3   16:01  21,9   05:27   0,0   8,2   0,0   2,9  34,6   12:18   ZJZ
22  26,4  32,4   14:51  21,1   23:51   0,0   8,5   0,0   2,0  34,6   02:25   ZJZ
23  25,1  30,4   12:30  22,4   05:00   0,0   7,1   0,0   1,3  11,2   12:25    SZ
24  25,1  30,4   12:28  22,4   04:57   0,0   3,8   0,0  ----  11,2   12:20    SZ
25  21,6  24,3   19:10  15,9   23:59   0,0   3,6  36,0   1,3  14,4   23:25    JZ
26  16,2  18,9   14:55  14,4   21:40   1,8   0,0   0,0   5,1  22,3   18:55     Z
27  17,3  24,1   16:10  14,8   03:50   0,7   0,0  12,0   1,9  32,8   22:45     Z
28  16,9  24,4   18:05  13,6   03:10   1,1   0,0  19,2   4,2  30,2   01:25   ZJZ
29  16,6  18,6   12:23  14,4   19:58   1,5   0,0   1,5   4,1  29,5   17:33     Z
30  14,2  17,1   16:24  12,1   20:55   3,9   0,0  38,9   6,5  31,7   18:59   JJZ
31  16,2  22,5   17:28  12,5   04:37   2,6   0,8   0,0   5,7  34,9   03:32   ZJZ
----------------------------------------------------------------------------------
    21,7  33,3    21    12,1    30    13,9 121,7 221,6   3,1  34,9    31     ZJZ

Max >=  30,0: 12
Max <=   0,0:  0
Min <=   0,0:  0
Min <=  -5,0:  0
Max Rain: 52,0 on day 9
Days of Rain: 10 (>= 1,0 mm)  7 (>= 10,0 mm)  5 (>= 20,0 mm)
Heat Base: 18,0  Cool Base: 18,0  Method: Integration