NOAA-Style klimatska poročila

Izberi mesečna ali letna poročila
2017: jan feb mar apr maj jun jul avg sep okt nov dec
2016: jan feb mar apr maj jun jul avg sep okt nov dec
2015: jan feb mar apr maj jun jul avg sep okt nov dec
2014: jan feb mar apr maj jun jul avg sep okt nov dec
2013: jan feb mar apr maj jun jul avg sep okt nov dec
2012: jan feb mar apr maj jun jul avg sep okt nov dec
2011: jan feb mar apr maj jun jul avg sep okt nov dec
2010: jan feb mar apr maj jun jul avg sep okt nov dec
2009: jan feb mar apr maj jun jul avg sep okt nov dec
2008: jan feb mar apr maj jun jul avg sep okt nov dec
2007: jan feb mar apr maj jun jul avg sep okt nov dec
2006: jan feb mar apr maj jun jul avg sep okt nov dec
2005: jan feb mar apr maj jun jul avg sep okt nov dec
2004: jan feb mar apr maj jun jul avg sep okt nov dec
2003: jan feb mar apr maj jun jul avg sep okt nov dec
2002: jan feb mar apr maj jun jul avg sep okt nov dec

Poročilo za 2015 marec
                   Monthly Climatological Summary for mar 2015

Name: Vremenska postaja Okroglo   City: Kal nad Kanalom   State: Slovenija
Elevation: 770 m  Lat: N 46° 04' 21"   Lon: E 013° 44' 04"

                  Temperature (°C), Rain (mm), Wind Speed (km/h)

                                      Heat  Cool        Avg
    Mean                              Deg   Deg         Wind                 Dom
Day Temp  High   Time   Low    Time   Days  Days  Rain  Speed High   Time    Dir
----------------------------------------------------------------------------------
 1   3,2   6,2   14:23   0,4   06:54  14,8   0,0   0,0   4,2  19,4   14:45    JZ
 2   4,0   5,5   18:03   2,8   00:06  13,9   0,0  22,3   2,2  19,1   04:55    JZ
 3   5,5  11,1   14:20   2,8   02:10  12,6   0,0   0,0   1,8  21,6   09:14     J
 4   4,8   9,6   13:17   0,9   21:25  13,2   0,0   1,6   2,9  20,9   21:55    SV
 5   3,1   6,4   13:22   0,9   00:00  14,8   0,0   0,0  11,9  31,7   22:55   SSV
 6   3,6   8,3   15:05   0,8   03:57  14,2   0,0   0,0   6,6  25,6   22:36     S
 7   3,8   9,1   13:40  -0,7   05:55  14,2   0,0   0,0   4,0  20,9   19:33   SSV
 8   3,7   9,3   16:00   0,7   05:41  14,3   0,0   0,0   5,5  31,0   13:38    SV
 9   3,9   9,3   13:56   0,9   04:50  14,1   0,0   0,0   5,4  32,4   03:01     J
10   6,7  14,4   15:14   1,6   01:43  11,3   0,0   0,0   4,2  23,4   11:10   JJZ
11   6,7  11,2   13:42   3,4   23:25  11,3   0,0   0,5   2,0  18,4   16:06   ZJZ
12   5,0  10,4   13:39   1,1   06:05  13,1   0,0   0,0   1,8  15,5   14:45   SSV
13   4,5   9,1   14:05   1,2   06:22  13,5   0,0   0,0   1,9  15,8   15:29   ZJZ
14   3,7   8,5   12:32   0,1   06:43  14,2   0,0   0,0   2,5  16,2   06:43   JJZ
15   3,9   8,6   15:05   1,0   05:27  14,1   0,0   0,0   4,4  23,4   22:51     V
16   3,3   4,2   23:53   2,1   21:08  14,7   0,0  16,6   4,6  30,6   04:00   VSV
17   6,6   9,6   13:05   4,2   00:00  11,4   0,0   0,0   5,3  28,8   21:31   JJV
18   7,2  12,4   15:21   4,4   06:51  10,8   0,0   0,0   3,3  16,9   05:56   JJV
19   7,5  12,3   14:52   4,1   03:36  10,5   0,0   0,0   1,8  14,4   16:39   ZJZ
20   6,0   9,8   14:32   3,6   23:59  12,0   0,0   0,0   2,1  16,9   17:04   ZJZ
21   4,5   7,1   14:22   2,8   02:36  13,5   0,0   0,0   4,0  18,4   13:20    JZ
22   5,4  10,3   16:36   2,4   06:09  12,6   0,0   6,7   1,7  20,5   22:02     S
23   6,7  11,4   14:38   3,1   07:04  11,3   0,0   0,0   4,2  22,3   07:01    JV
24   7,2  11,2   12:54   4,1   05:18  10,8   0,0   0,0   3,1  24,1   13:15    JZ
25   6,9   8,8   09:58   6,2   18:43  11,2   0,0  32,1   4,1  24,1   17:32    SV
26   8,0   9,5   11:51   6,3   00:34  10,0   0,0  62,7   2,2  15,1   10:25     J
27   7,0   7,8   15:41   5,6   09:01  11,0   0,0  11,4   2,1  13,3   09:42    JV
28   8,1  14,1   14:53   3,9   04:41   9,9   0,0   0,0   2,0  14,4   15:17   ZJZ
29   6,3  10,5   14:01   2,8   07:25  11,2   0,0   0,0   2,5  15,1   13:50    JZ
30   7,3  10,9   15:50   4,9   00:00  10,7   0,0   0,0   4,4  23,4   12:58    JZ
31   6,6   7,8   15:19   5,2   09:06  11,5   0,0   2,6   3,6  26,6   15:04    JZ
----------------------------------------------------------------------------------
     5,5  14,4    10    -0,7     7   386,7   0,0 156,5   3,5  32,4     9     JJV

Max >=  30,0:  0
Max <=   0,0:  0
Min <=   0,0:  1
Min <=  -5,0:  0
Max Rain: 62,7 on day 26
Days of Rain: 8 (>= 1,0 mm)  5 (>= 10,0 mm)  3 (>= 20,0 mm)
Heat Base: 18,0  Cool Base: 18,0  Method: Integration