NOAA-Style klimatska poročila

Izberi mesečna ali letna poročila
2017: jan feb mar apr maj jun jul avg sep okt nov dec
2016: jan feb mar apr maj jun jul avg sep okt nov dec
2015: jan feb mar apr maj jun jul avg sep okt nov dec
2014: jan feb mar apr maj jun jul avg sep okt nov dec
2013: jan feb mar apr maj jun jul avg sep okt nov dec
2012: jan feb mar apr maj jun jul avg sep okt nov dec
2011: jan feb mar apr maj jun jul avg sep okt nov dec
2010: jan feb mar apr maj jun jul avg sep okt nov dec
2009: jan feb mar apr maj jun jul avg sep okt nov dec
2008: jan feb mar apr maj jun jul avg sep okt nov dec
2007: jan feb mar apr maj jun jul avg sep okt nov dec
2006: jan feb mar apr maj jun jul avg sep okt nov dec
2005: jan feb mar apr maj jun jul avg sep okt nov dec
2004: jan feb mar apr maj jun jul avg sep okt nov dec
2003: jan feb mar apr maj jun jul avg sep okt nov dec
2002: jan feb mar apr maj jun jul avg sep okt nov dec

Poročilo za 2015 januar
                   Monthly Climatological Summary for jan 2015

Name: Vremenska postaja Okroglo   City: Kal nad Kanalom   State: Slovenija
Elevation: 770 m  Lat: N 46° 04' 21"   Lon: E 013° 44' 04"

                  Temperature (°C), Rain (mm), Wind Speed (km/h)

                                      Heat  Cool        Avg
    Mean                              Deg   Deg         Wind                 Dom
Day Temp  High   Time   Low    Time   Days  Days  Rain  Speed High   Time    Dir
----------------------------------------------------------------------------------
 1  -2,5   3,5   14:30  -8,3   07:17  20,5   0,0   0,0   3,1  35,6   01:58    SW
 2   4,4  10,9   13:20   0,4   01:14  13,5   0,0   0,0   0,3  10,8   11:11   WSW
 3   3,4   7,3   05:11   1,4   18:23  14,6   0,0   0,0   4,0  31,0   10:27   SSW
 4   4,2   8,3   12:50   1,3   04:25  13,8   0,0   0,0   2,6  18,4   22:16     N
 5   1,6   4,9   11:22  -1,2   08:06  16,4   0,0   0,0   1,6  18,7   14:32    SW
 6   1,4   4,3   16:18  -1,1   08:39  16,6   0,0   0,0   2,3  30,6   06:17     W
 7   1,8   3,5   13:48   0,6   01:09  16,2   0,0   0,0   0,3  10,1   14:02   SSW
 8   2,1   3,0   11:41   1,0   03:16  15,9   0,0   0,0   1,9  13,7   16:08    SW
 9   2,2   2,9   11:45   1,2   23:17  15,8   0,0   0,0   2,1  23,4   18:27    SW
10   3,7   5,9   20:09   1,2   00:58  14,3   0,0   0,0   2,1  20,9   23:42    SW
11   4,8   6,8   06:35   1,4   22:17  13,3   0,0  10,4   2,1  27,0   17:23   WSW
12   3,0   6,7   14:30   1,1   01:08  14,9   0,0   0,0   2,2  19,8   09:35    SW
13   3,8   6,9   13:42   1,8   00:00  14,2   0,0   0,0   3,3  20,9   12:48    SW
14   3,2   3,9   06:53   1,6   23:44  14,7   0,0   0,0   3,8  20,9   01:06   SSW
15   3,1   4,7   22:36   1,2   00:42  14,9   0,0   0,5   2,7  18,4   14:59    SW
16   5,7   7,0   20:38   4,4   01:22  12,3   0,0   1,5   9,9  31,0   19:57   SSW
17   6,9   8,1   08:55   5,2   22:33  11,0   0,0  21,8  15,4  48,6   15:20   SSW
18   4,6   8,1   16:14   1,6   23:44  13,2   0,0   0,5   0,9  15,1   00:06   SSW
19   2,3   6,1   13:02   1,0   07:54  15,7   0,0   0,0   1,8  15,5   15:41     W
20   3,1   8,0   15:25   0,6   08:17  14,9   0,0   0,0   0,4   6,5   23:43   NNW
21   2,3   3,2   01:01   1,6   03:37  15,8   0,0   1,6   4,1  26,3   11:33     W
22   2,5   4,6   14:01   1,5   07:04  15,6   0,0   5,2   3,6  33,1   21:29   WSW
23   4,8   6,9   12:08   2,8   06:33  13,2   0,0   0,5   5,8  29,5   22:17   NNE
24   4,6   7,4   14:17   2,1   23:15  13,4   0,0   0,0   2,1  25,6   04:13   NNE
25   2,8   7,0   14:56   0,4   22:33  15,2   0,0   0,0   1,3  16,6   20:45    NW
26   0,2   5,2   14:28  -2,2   23:15  17,8   0,0   0,0   2,3  25,9   21:18   SSE
27   0,4   6,5   15:57  -2,7   03:34  17,6   0,0   0,0   1,8  15,8   01:06     W
28   0,7   5,9   15:01  -2,1   23:15  17,3   0,0   0,0   1,1  17,3   10:50    SW
29  -0,8   0,1   14:26  -1,9   00:00  18,8   0,0   0,0   1,3  14,8   03:13   SSW
30  -0,7   1,1   02:58  -2,7   22:02  18,1   0,0   0,0   0,2  14,8   02:43    SE
31  -0,8   3,1   14:53  -2,7   00:02  18,8   0,0   8,3   0,4   7,6   21:47     N
----------------------------------------------------------------------------------
     2,5  10,9     2    -8,3     1   478,3   0,0  50,3   2,8  48,6    17      SW

Max >=  30,0:  0
Max <=   0,0:  0
Min <=   0,0:  9
Min <=  -5,0:  1
Max Rain: 21,8 on day 17
Days of Rain: 6 (>= 1,0 mm)  2 (>= 10,0 mm)  1 (>= 20,0 mm)
Heat Base: 18,0  Cool Base: 18,0  Method: Integration