NOAA-Style klimatska poročila

Izberi mesečna ali letna poročila
2017: jan feb mar apr maj jun jul avg sep okt nov dec
2016: jan feb mar apr maj jun jul avg sep okt nov dec
2015: jan feb mar apr maj jun jul avg sep okt nov dec
2014: jan feb mar apr maj jun jul avg sep okt nov dec
2013: jan feb mar apr maj jun jul avg sep okt nov dec
2012: jan feb mar apr maj jun jul avg sep okt nov dec
2011: jan feb mar apr maj jun jul avg sep okt nov dec
2010: jan feb mar apr maj jun jul avg sep okt nov dec
2009: jan feb mar apr maj jun jul avg sep okt nov dec
2008: jan feb mar apr maj jun jul avg sep okt nov dec
2007: jan feb mar apr maj jun jul avg sep okt nov dec
2006: jan feb mar apr maj jun jul avg sep okt nov dec
2005: jan feb mar apr maj jun jul avg sep okt nov dec
2004: jan feb mar apr maj jun jul avg sep okt nov dec
2003: jan feb mar apr maj jun jul avg sep okt nov dec
2002: jan feb mar apr maj jun jul avg sep okt nov dec

Poročilo za 2014 november
                   Monthly Climatological Summary for nov 2014

Name: Vremenska postaja Okroglo   City: Kal nad Kanalom   State: Slovenija
Elevation: 770 m  Lat: N 46° 04' 21"   Lon: E 013° 44' 04"

                  Temperature (°C), Rain (mm), Wind Speed (km/h)

                                      Heat  Cool        Avg
    Mean                              Deg   Deg         Wind                 Dom
Day Temp  High   Time   Low    Time   Days  Days  Rain  Speed High   Time    Dir
----------------------------------------------------------------------------------
 1  10,1  17,2   15:28   5,1   06:09   7,9   0,0   0,0   0,3  10,1   03:02   NNW
 2  12,9  17,4   14:39   9,7   23:54   5,1   0,0   0,0   0,5  10,1   15:30   WSW
 3   9,4  10,6   13:24   8,1   04:45   8,6   0,0   0,0   4,7  31,7   22:11    SW
 4  10,5  11,9   15:53   9,8   01:25   6,0   0,0  14,5  11,4  38,2   08:35   SSW
 5  11,9  13,5   12:20  10,9   03:50   6,1   0,0 126,4   7,9  31,0   19:00   SSW
 6  11,8  13,9   12:00  10,7   20:40   6,2   0,0  83,4   5,6  33,1   12:20   SSW
 7  11,9  12,8   23:03  11,0   02:30   6,1   0,0  21,8   1,5  18,4   07:20     S
 8  10,9  12,6   00:00   8,2   22:29   7,1   0,0  21,2   3,3  32,0   05:30     S
10  11,6  13,3   13:26  10,1   05:29   6,4   0,0   5,2   6,0  28,1   17:46   SSW
11  11,8  12,4   14:04  10,8   21:46   6,2   0,0  17,1   5,4  28,8   03:06     S
12  10,9  11,8   11:12  10,4   08:08   7,1   0,0   6,7   1,9  18,0   20:47    NE
13  10,0  10,6   00:00   8,2   23:54   8,0   0,0   1,0   3,9  27,0   21:03     S
14   9,0  11,6   13:41   8,2   00:00   9,0   0,0   0,0   3,9  30,2   04:32    SW
15   9,2  10,5   23:54   8,1   05:53   8,8   0,0  15,5   0,8  25,6   23:44     S
16   9,6  11,1   01:07   7,3   23:57   8,4   0,0  15,0   8,0  44,3   01:11   SSW
17   7,0   9,0   14:33   5,4   23:56  11,0   0,0  50,3   1,3  29,5   16:51    SW
18   5,7   6,9   04:30   4,3   20:49  12,3   0,0  45,1   6,7  41,4   07:38   SSW
19   7,0  11,3   14:20   4,5   04:55  11,0   0,0   0,5   1,2  16,6   05:50   WSW
20   7,4  10,8   12:03   5,8   03:26  10,6   0,0   0,0   0,6  13,7   13:08    SW
21   4,8   6,9   14:02   3,3   06:57  13,2   0,0   0,0   3,2  23,4   09:16   WNW
22   5,2   8,9   13:47   1,9   07:21  12,8   0,0   0,0   0,5  10,4   01:34   NNW
23   6,8  11,6   14:48   4,1   06:22  11,2   0,0   0,0   0,4   8,3   08:32    NW
24   7,0  11,8   12:29   3,4   03:24  11,0   0,0   0,0   0,5   9,4   20:39   NNW
25   3,0   6,1   00:11   1,1   17:12  15,0   0,0   0,0   7,6  40,0   21:57   WSW
26   1,5   2,2   13:13   0,8   22:58  16,5   0,0   0,0   9,3  40,7   10:52   SSE
27   2,7   5,4   23:51   0,8   00:00  15,3   0,0   3,1   2,9  29,5   01:42   WNW
28   8,5  10,1   19:35   4,9   00:38   9,5   0,0  35,2   0,5  14,8   19:23   SSW
29  10,2  13,3   14:21   8,3   23:58   7,8   0,0  22,3   0,1   7,2   00:47    NW
30   8,5  10,0   18:25   6,8   12:24   9,5   0,0  21,8   0,2   8,6   10:47    SW
----------------------------------------------------------------------------------
     8,5  17,4     2     0,8    26   273,7   0,0 506,1   3,5  44,3    16     SSW

Max >=  30,0:  0
Max <=   0,0:  0
Min <=   0,0:  0
Min <=  -5,0:  0
Max Rain: 126,4 on day 5
Days of Rain: 17 (>= 1,0 mm)  13 (>= 10,0 mm)  9 (>= 20,0 mm)
Heat Base: 18,0  Cool Base: 18,0  Method: Integration