Nevihte Od: 20-07-2018 14:00 Do: 21:59 Opozorilo za: Nevihte Stopnja: Rumena info button

Možne so krajevne nevihte. Lokalno možni močnejši nalivi, piš vetra in udari strel. Hitro lahko narastejo hudourniški vodotoki. Bodite pozorni na bližajoče se nevihtne oblake. Med nevihto se ne zadržujte na izpostavljenih mestih, počakajte na varnem mestu, nevihta običajno ne traja dolgo.

NOAA-Style klimatska poročila


Poročilo za 2014 julij
                   Monthly Climatological Summary for jul 2014

Name: Vremenska postaja Okroglo   City: Kal nad Kanalom   State: Slovenija
Elevation: 770 m  Lat: N 46° 04' 21"   Lon: E 013° 44' 04"

                  Temperature (°C), Rain (mm), Wind Speed (km/h)

                                      Heat  Cool        Avg
    Mean                              Deg   Deg         Wind                 Dom
Day Temp  High   Time   Low    Time   Days  Days  Rain  Speed High   Time    Dir
----------------------------------------------------------------------------------
 1  15,0  20,3   17:52  10,9   08:04   3,2   0,3   7,3   1,2  11,9   10:10     W
 2  16,6  20,5   17:30  13,1   04:20   1,8   0,4   0,0   0,9  10,8   12:20     W
 3  17,7  24,8   16:10  12,1   03:30   2,1   1,7   4,7   2,7  14,4   02:00    SW
 4  18,7  24,5   15:15  14,3   06:47   1,1   1,8   0,0   1,1  13,7   13:28     W
 5  18,7  22,8   15:15  16,1   04:36   0,6   1,3   0,5   1,8  16,9   13:27   WSW
 6  17,4  25,3   15:00  15,9   04:20   0,6   0,0   0,0   0,3   5,0   11:00     W
 7  21,0  25,4   15:00  18,0   07:00   0,0   3,0   0,0   1,7   5,0   13:00    SW
 8  15,5  17,8   11:00  12,4   23:00   2,5   0,0 125,9   1,4   6,5   15:00    SW
 9  14,2  19,6   17:00  11,0   07:00   3,8   0,0  31,1   0,8   5,0   13:00    SW
10  11,9  14,1   17:00  11,1   09:00   6,1   0,0  16,0   2,3   6,1   13:00   WNW
11  15,2  20,5   15:00  10,9   05:00   2,8   0,0   0,0   0,8   4,0   19:00     W
12  16,1  21,6   15:00  13,6   21:00   1,9   0,0   4,7   1,1   6,8   13:00   WSW
13  15,3  18,2   19:00  13,3   05:00   2,7   0,0   2,0   1,0   3,6   17:00   WSW
14  15,7  18,4   19:00  14,1   01:00   2,3   0,0   7,3   0,7   4,3   07:00     E
15  20,0  25,7   15:00  15,0   01:00   0,0   2,0   0,0   0,9   4,0   09:00   NNW
16  17,0  25,7   15:00  10,9   05:00  24,6  13,3   0,0   0,9   6,8   13:00   WSW
17  20,7  26,4   14:20  17,7   05:47   0,0   2,6   0,5   1,2  14,0   09:11     W
18  22,0  26,8   17:17  17,9   01:16   0,0   4,0   0,0   0,9  19,4   15:02     W
19  22,3  26,9   17:22  18,6   05:17   0,0   4,3   0,0   1,4  16,9   16:11     W
20  21,9  25,8   15:08  19,2   05:50   0,0   3,9   0,0   2,1  20,2   17:14   WSW
21  18,4  21,3   11:30  13,4   23:55   0,8   1,2  22,8   1,0  14,8   16:27     S
22  15,8  20,0   13:40  12,3   05:07   2,5   0,3   7,8   0,5   9,4   21:50     W
23  20,0  26,6   15:39  15,1   02:58   0,7   2,7   2,1   1,3  14,8   05:56   NNW
24  17,9  21,3   11:58  15,7   22:10   0,7   0,6   0,0   0,5  10,1   14:07     W
25  17,8  21,8   14:47  15,6   05:17   0,9   0,7   7,8   0,4  12,2   15:10     W
26  17,1  21,6   13:10  14,3   21:30   1,4   0,4   7,8   1,7  29,5   13:22    SW
27  18,6  25,8   17:50  15,2   00:00   0,8   1,5   0,0   1,3  10,8   17:38   WSW
----------------------------------------------------------------------------------
    17,7  26,9    19    10,9     1    63,9  46,0 248,3   1,2  29,5    26     WSW

Max >=  30,0:  0
Max <=   0,0:  0
Min <=   0,0:  0
Min <=  -5,0:  0
Max Rain: 125,9 on day 8
Days of Rain: 13 (>= 1,0 mm)  4 (>= 10,0 mm)  3 (>= 20,0 mm)
Heat Base: 18,0  Cool Base: 18,0  Method: Integration