Veter Od: 15-12-2017 00:00 Do: 08:59 Opozorilo za: Veter Stopnja: Oranžna info button

Maksimalna hitrost vetra : od 70 do 85 km/h. Veter maje drevesa in lahko že lomi veje. Ovira cestni promet določenih kategorij in lahko že nekoliko otežuje gibanje. Morje je zmerno vzvalovano (3). Vrata in okna naj bodo zaprta. Na prostem se ne zadržujte na potencialno nevarnih mestih. Priporočamo dodatno previdnost v prometu. Priporočamo previdnost na morju.

Dež Od: 14-12-2017 23:00 Do: 15-12-2017 22:59 Opozorilo za: Dež Stopnja: Rumena info button

Možne so izdatnejše padavine. Količina padavin : od 50 do 85 mm/24h. Vodotoki lahko poplavljajo ob strugah na območju pogostih poplav. Verjetne so motnje v prometu in pri oskrbi z električno energijo in pitno vodo. Možni so zemeljski plazovi. Iz nižjih prostorov in kleti umaknite hrano, premičnine, dokumente, denar in druge dragocenosti. Izklopite elektriko, plin in vodovod. Ne skušajte prečkati vodnega toka. Bodite previdni pri uživanju hrane in vode. Spremljajte trend vodostaja in meteorološka ter hidrološka obvestila in opozorila ter informacije, ki jih posredujejo pristojne službe in organi.

NOAA-Style klimatska poročila

Izberi mesečna ali letna poročila
2017: jan feb mar apr maj jun jul avg sep okt nov dec
2016: jan feb mar apr maj jun jul avg sep okt nov dec
2015: jan feb mar apr maj jun jul avg sep okt nov dec
2014: jan feb mar apr maj jun jul avg sep okt nov dec
2013: jan feb mar apr maj jun jul avg sep okt nov dec
2012: jan feb mar apr maj jun jul avg sep okt nov dec
2011: jan feb mar apr maj jun jul avg sep okt nov dec
2010: jan feb mar apr maj jun jul avg sep okt nov dec
2009: jan feb mar apr maj jun jul avg sep okt nov dec
2008: jan feb mar apr maj jun jul avg sep okt nov dec
2007: jan feb mar apr maj jun jul avg sep okt nov dec
2006: jan feb mar apr maj jun jul avg sep okt nov dec
2005: jan feb mar apr maj jun jul avg sep okt nov dec
2004: jan feb mar apr maj jun jul avg sep okt nov dec
2003: jan feb mar apr maj jun jul avg sep okt nov dec
2002: jan feb mar apr maj jun jul avg sep okt nov dec

Poročilo za 2014 april
                   Monthly Climatological Summary for apr 2014

Name: Vremenska postaja Okroglo   City: Kal nad Kanalom   State: Slovenija
Elevation: 770 m  Lat: N 46° 04' 21"   Lon: E 013° 44' 04"

                  Temperature (°C), Rain (mm), Wind Speed (km/h)

                                      Heat  Cool        Avg
    Mean                              Deg   Deg         Wind                 Dom
Day Temp  High   Time   Low    Time   Days  Days  Rain  Speed High   Time    Dir
----------------------------------------------------------------------------------
 1  11,4  15,9   15:15   8,1   03:54   6,6   0,0   0,0   1,5  15,8   14:39   JJZ
 2  10,5  13,9   16:39   8,2   06:42   7,5   0,0   0,0   2,1  18,7   14:06   JJZ
 3   9,1  10,6   12:48   7,9   01:56   8,9   0,0   0,0   0,9  10,1   12:51   ZJZ
 4  11,4  15,1   14:38   7,9   07:03   6,6   0,0   0,0   1,1  19,8   23:09   ZSZ
 5  11,5  13,9   17:10   9,2   08:02   6,2   0,0   6,2   2,3  23,0   18:40   SSV
 6  12,6  17,3   12:55   8,5   07:35   5,4   0,0   0,0   1,3  17,6   16:05   VSV
 7  13,5  19,4   16:45   8,5   07:32   7,6   0,1   0,0   1,6  17,6   16:00    SZ
 8  13,2  16,6   13:56   9,6   23:58   4,7   0,0   0,5   1,5  19,1   12:09    JZ
 9  10,5  15,6   16:34   7,0   23:41   7,5   0,0   0,0   3,0  29,9   01:18   VJV
10   8,2  11,9   17:58   5,9   04:23   9,8   0,0   0,0   1,0  18,0   16:07   ZJZ
11   8,2  11,9   16:24   5,1   07:18   9,8   0,0   0,0   3,0  31,0   08:09   JJV
12   9,4  11,9   16:02   8,1   02:57   8,6   0,0   0,0   0,5  12,6   13:26    JZ
13   9,5  13,9   17:16   7,3   05:32   8,5   0,0   0,0   0,4  12,2   17:25   ZSZ
14   9,5  11,1   15:11   7,6   01:54   8,5   0,0   0,0   1,2  28,1   23:38   JJZ
15   7,6  12,4   17:00   3,8   23:51  10,4   0,0   0,0   4,2  28,4   02:11   SSV
16   6,6  11,0   15:43   2,3   05:03  11,4   0,0   0,0   3,7  27,4   15:02     S
17   7,5  12,6   13:25   2,2   06:47  10,5   0,0   0,0   2,4  23,0   12:21   SSV
18   9,6  16,1   13:50   4,5   03:47   8,4   0,0   1,6   1,1  17,3   13:08   ZSZ
19  10,1  13,2   13:12   7,6   06:58   7,9   0,0   0,0   2,5  31,7   03:51   VSV
20   7,6   9,2   01:57   6,4   12:58  10,4   0,0   6,2   1,5  20,9   09:57     S
21   8,3  11,1   12:03   7,0   02:29   9,7   0,0  23,8   0,7  21,6   20:21     S
22  10,6  15,6   15:34   7,5   05:36   7,4   0,0   2,1   0,8  18,4   13:18   JJZ
23  13,0  17,2   15:20   8,9   00:06   5,0   0,0   0,5   1,8  19,1   13:50   SSV
24  14,4  17,5   14:34  11,5   00:09   3,6   0,0   0,0   1,0  19,1   18:39     S
25  13,8  18,4   14:20  10,6   04:50   4,2   0,0   0,5   0,5  11,2   09:30   ZSZ
26  11,8  17,4   14:20   9,7   04:50   4,2   0,0   8,5  ----  29,2   09:30   ZSZ
27  12,0  17,9   15:34   0,0   00:00  12,8   0,0   5,2   0,6  14,8   22:49    JV
28  11,9  14,8   16:29   9,6   02:56   6,1   0,0   1,0   1,6  27,4   15:19    SV
29  12,1  17,8   13:37   9,4   06:29   5,9   0,0  16,1   1,3  21,2   02:09     V
30  11,0  15,0   13:17   8,6   03:04   7,0   0,0   2,6   0,3  28,8   15:01   JJZ
----------------------------------------------------------------------------------
    10,5  19,4     7     0,0    27   231,1   0,1  74,8   1,6  31,7    19     SSV

Max >=  30,0:  0
Max <=   0,0:  0
Min <=   0,0:  1
Min <=  -5,0:  0
Max Rain: 23,8 on day 21
Days of Rain: 10 (>= 1,0 mm)  2 (>= 10,0 mm)  1 (>= 20,0 mm)
Heat Base: 18,0  Cool Base: 18,0  Method: Integration