NOAA-Style klimatska poročila

Izberi mesečna ali letna poročila
2017: jan feb mar apr maj jun jul avg sep okt nov dec
2016: jan feb mar apr maj jun jul avg sep okt nov dec
2015: jan feb mar apr maj jun jul avg sep okt nov dec
2014: jan feb mar apr maj jun jul avg sep okt nov dec
2013: jan feb mar apr maj jun jul avg sep okt nov dec
2012: jan feb mar apr maj jun jul avg sep okt nov dec
2011: jan feb mar apr maj jun jul avg sep okt nov dec
2010: jan feb mar apr maj jun jul avg sep okt nov dec
2009: jan feb mar apr maj jun jul avg sep okt nov dec
2008: jan feb mar apr maj jun jul avg sep okt nov dec
2007: jan feb mar apr maj jun jul avg sep okt nov dec
2006: jan feb mar apr maj jun jul avg sep okt nov dec
2005: jan feb mar apr maj jun jul avg sep okt nov dec
2004: jan feb mar apr maj jun jul avg sep okt nov dec
2003: jan feb mar apr maj jun jul avg sep okt nov dec
2002: jan feb mar apr maj jun jul avg sep okt nov dec

Poročilo za 2014 marec
                   Monthly Climatological Summary for mar 2014

Name: Vremenska postaja Okroglo   City: Kal nad Kanalom   State: Slovenija
Elevation: 770 m  Lat: N 46° 04' 21"   Lon: E 013° 44' 04"

                  Temperature (°C), Rain (mm), Wind Speed (km/h)

                                      Heat  Cool        Avg
    Mean                              Deg   Deg         Wind                 Dom
Day Temp  High   Time   Low    Time   Days  Days  Rain  Speed High   Time    Dir
----------------------------------------------------------------------------------
 1   3,0   4,7   14:25   0,5   03:20  15,0   0,0  17,1   3,0  35,3   21:50     V
 2   4,2   7,2   13:50   0,5   03:19  26,0   0,0   2,1   4,3  35,3   21:45    SV
 3   4,4   8,3   14:48   1,9   06:34  13,7   0,0   0,0   0,7  11,2   14:44   ZJZ
 4   4,3   6,6   14:36   2,6   04:35  13,7   0,0   0,0   5,7  32,4   10:00   VSV
 5   6,9  10,6   13:25   4,5   03:14  11,1   0,0   0,0   3,6  23,8   05:36   SSV
 6   8,1  11,5   15:28   5,6   00:55   9,9   0,0   0,0   4,4  27,4   13:03   SSV
 7   7,6  13,3   15:10   4,4   23:41  10,4   0,0   0,0   2,4  26,3   23:55   JJV
 8   7,1  13,4   15:28   3,3   08:04  10,9   0,0   0,0   4,0  34,6   04:03   VJV
 9   8,6  15,4   15:29   3,9   02:29   9,4   0,0   0,0   1,8  23,0   20:02   VJV
10   6,0   9,9   12:42   3,8   06:49  12,0   0,0   0,0   5,8  40,3   17:35     V
11   7,4  13,5   15:58   3,9   00:55  10,5   0,0   0,0   4,0  35,3   01:34   VJV
12  10,3  17,3   15:10   4,5   04:48   7,7   0,0   0,0   1,1  20,9   23:21     J
13  10,3  16,6   15:52   6,7   05:06   7,7   0,0   0,0   2,9  31,7   01:37    JV
14  10,7  15,8   13:38   7,3   04:40   7,4   0,0   0,0   0,9  12,2   13:33    JZ
15   7,6  10,3   12:30   5,3   23:30  10,4   0,0   0,0   1,9  14,8   12:01   JJZ
16   8,1  12,1   13:30   5,2   00:02  10,0   0,0   0,0   2,0  18,4   04:10   ZJZ
17  10,7  16,8   14:23   6,4   01:11   7,3   0,0   0,0   0,9  14,4   11:35    JZ
18  10,1  14,6   13:34   6,8   22:26   7,9   0,0   0,0   1,4  14,8   14:24    JZ
19  11,3  17,2   14:43   6,9   02:36   6,7   0,0   0,0   1,5  23,8   22:41   ZJZ
20  11,6  16,1   16:40   7,9   06:36   6,4   0,0   0,0   1,8  23,4   00:07   JJZ
21  10,2  13,6   14:07   7,0   23:51   7,8   0,0   0,0   2,5  18,7   11:43   JJZ
22   8,0   9,0   10:07   6,5   07:46  10,0   0,0  14,0   4,8  29,2   20:53   JJZ
23   7,1   8,7   12:17   3,5   22:58  11,0   0,0  29,5  11,1  52,9   13:37     J
24   3,5   6,2   14:02   0,8   08:11  14,5   0,0   7,8   2,0  27,7   10:33   JJV
25   3,3   6,3   11:54   1,6   06:34  14,7   0,0   0,0   2,2  19,8   11:56    JV
26   3,6   7,1   15:20   1,5   02:46  14,6   0,0   0,0   4,6  31,7   23:53   VSV
27   6,7   9,3   14:32   4,1   05:06  11,3   0,0   0,0   6,3  36,0   13:31    SV
28   9,5  14,9   13:50   6,4   05:40   8,5   0,0   0,0   2,5  22,0   09:56   SSV
29  11,4  16,8   14:57   6,9   04:42   6,6   0,0   0,0   1,0  18,7   09:27   ZJZ
30  11,6  15,8   14:42   8,9   04:02   5,8   0,0   0,0   1,7  19,1   15:48    JZ
31  11,0  15,1   15:35   7,9   05:14   7,0   0,0   0,0   1,6  18,0   15:44   JJZ
----------------------------------------------------------------------------------
     7,9  17,3    12     0,5     1   325,9   0,0  70,5   3,0  52,9    23      JV

Max >=  30,0:  0
Max <=   0,0:  0
Min <=   0,0:  0
Min <=  -5,0:  0
Max Rain: 29,5 on day 23
Days of Rain: 5 (>= 1,0 mm)  3 (>= 10,0 mm)  1 (>= 20,0 mm)
Heat Base: 18,0  Cool Base: 18,0  Method: Integration