Veter Od: 22-10-2017 17:00 Do: 23-10-2017 02:59 Opozorilo za: Veter Stopnja: Oranžna info button

Maksimalna hitrost vetra : od 100 do 120 km/h. Veter lomi veje in lahko podira posamezna drevesa, odkriva strehe. Mone so prekinitve v oskrbi z elektrino energijo. Oviran je cestni, lahko tudi pomorski promet. Gibanje na prostem je zelo oteeno in nevarno. Morje je zmerno vzvalovano do vzvalovano (3-4). Pri gibanju na prostem se izogibajte nevarnih mest. Ne vkljuujte se v promet, e ni nujno potrebno. Plovila naj bodo privezana na varnih privezih. Ostanite na kopnem. Spremljajte meteoroloka obvestila in opozorila ter informacije, ki jih posredujejo pristojne slube in organi.

NOAA-Style klimatska poročila

Izberi mesečna ali letna poročila
2017: jan feb mar apr maj jun jul avg sep okt nov dec
2016: jan feb mar apr maj jun jul avg sep okt nov dec
2015: jan feb mar apr maj jun jul avg sep okt nov dec
2014: jan feb mar apr maj jun jul avg sep okt nov dec
2013: jan feb mar apr maj jun jul avg sep okt nov dec
2012: jan feb mar apr maj jun jul avg sep okt nov dec
2011: jan feb mar apr maj jun jul avg sep okt nov dec
2010: jan feb mar apr maj jun jul avg sep okt nov dec
2009: jan feb mar apr maj jun jul avg sep okt nov dec
2008: jan feb mar apr maj jun jul avg sep okt nov dec
2007: jan feb mar apr maj jun jul avg sep okt nov dec
2006: jan feb mar apr maj jun jul avg sep okt nov dec
2005: jan feb mar apr maj jun jul avg sep okt nov dec
2004: jan feb mar apr maj jun jul avg sep okt nov dec
2003: jan feb mar apr maj jun jul avg sep okt nov dec
2002: jan feb mar apr maj jun jul avg sep okt nov dec

Poročilo za 2014 januar
                   Monthly Climatological Summary for jan 2014

Name: Vremenska postaja Okroglo   City: Kal nad Kanalom   State: Slovenija
Elevation: 770 m  Lat: N 46° 04' 21"   Lon: E 013° 44' 04"

                  Temperature (°C), Rain (mm), Wind Speed (km/h)

                                      Heat  Cool        Avg
    Mean                              Deg   Deg         Wind                 Dom
Day Temp  High   Time   Low    Time   Days  Days  Rain  Speed High   Time    Dir
----------------------------------------------------------------------------------
 1   2,6   4,4   14:29   0,9   03:51  15,4   0,0   0,0   0,2   7,2   00:40     Z
 2   2,0   3,6   23:36   0,6   04:55  16,0   0,0   8,3   0,9  11,5   02:45    JZ
 3   4,7   5,4   13:27   3,2   00:05  13,3   0,0   2,1   0,3   7,6   02:26    JZ
 4   6,2   9,4   23:39   4,4   04:58  12,1   0,0  59,1   3,3  51,1   22:54   JJZ
 5   7,4   9,4   00:00   6,4   09:40  10,6   0,0  66,3   3,8  46,1   00:34   JJZ
 6   6,7   9,4   15:27   5,1   08:35  11,0   0,0   0,5   1,9  23,0   05:09   JJZ
 7   6,2   7,6   13:40   5,3   23:48  11,8   0,0   0,0   1,1  11,2   02:05    JZ
 8   4,9   5,9   11:25   3,8   22:28  13,1   0,0   0,0   0,6   9,4   06:39    JZ
 9   3,8   4,3   01:55   3,2   20:55  14,2   0,0   0,5   1,1  11,9   14:25   JJZ
10   3,3   5,4   14:00   3,9   07:25  14,7   0,0   1,5   0,6   9,7   01:10   ZJZ
11   5,1   5,5   18:36   3,5   18:36   2,9   0,0   0,5   0,8   7,2   23:56     J
12   5,3   6,7   13:41   4,5   19:34  12,7   0,0   0,0   0,4  11,9   10:54   JJZ
13   4,2   4,7   02:14   3,8   06:51  13,8   0,0   0,5   0,5   9,7   21:31   JJZ
14   5,5   6,6   11:15   3,9   00:00  12,6   0,0  44,6   4,7  30,6   18:41     J
15   4,0   5,6   11:51   2,2   23:44  14,0   0,0   0,0   0,8  24,5   16:07     J
16   2,5   3,3   14:40   1,6   01:29  15,6   0,0   1,6   2,0  14,0   18:56   JJZ
17   5,5   7,4   22:26   2,2   00:19  12,5   0,0  47,1   8,5  39,6   10:18   JJZ
18   6,8   7,6   23:03   6,5   02:30  11,2   0,0  41,7   3,1  19,4   01:00   JJZ
19   7,5  10,1   12:03   6,3   19:50  10,5   0,0  23,8   2,9  29,2   10:25     J
20   5,9   6,9   13:41   4,6   23:56  12,1   0,0   9,3   0,8  27,7   00:57     J
21   6,1   8,4   13:02   4,4   00:09  11,8   0,0   0,0   1,9  20,9   06:59     J
22   5,0   6,8   12:23   3,8   07:45  13,0   0,0   0,0   0,4  12,6   19:54     Z
23   4,6   6,3   14:25   1,6   23:01  13,4   0,0  14,0   0,8  15,5   20:05   JJZ
24   0,3   1,8   00:00  -0,2   18:22  17,7   0,0   8,8   0,5  16,9   07:54   VJV
25   0,5   6,3   14:37  -2,7   21:47  17,5   0,0   2,6   1,1  23,8   18:53   ZSZ
26  -1,3   2,5   16:21  -3,1   23:25  19,4   0,0   0,0   0,6   8,3   21:48    JZ
27  -0,3   3,7   10:31  -3,1   00:00  18,3   0,0   0,0   0,8  20,9   23:40    SZ
28  -2,6  -1,1   13:17  -3,5   08:00  20,6   0,0   0,0   5,7  36,7   02:15   ZSZ
29  -3,6  -1,4   23:37  -4,2   05:30  20,1   0,0   0,0   1,9  16,9   01:33    SZ
30  -1,5  -0,4   06:39  -2,5   17:38  19,5   0,0   0,0   4,2  33,5   16:51   VJV
31   0,3   1,9   19:17  -1,6   02:10  17,7   0,0  49,3   0,0   0,0   00:00     V
----------------------------------------------------------------------------------
     3,5  10,1    19    -4,2    29   439,1   0,0 382,1   1,9  51,1     4     JJZ

Max >=  30,0:  0
Max <=   0,0:  3
Min <=   0,0:  8
Min <=  -5,0:  0
Max Rain: 66,3 on day 5
Days of Rain: 15 (>= 1,0 mm)  8 (>= 10,0 mm)  7 (>= 20,0 mm)
Heat Base: 18,0  Cool Base: 18,0  Method: Integration