Nevihte Od: 20-07-2018 14:00 Do: 21:59 Opozorilo za: Nevihte Stopnja: Rumena info button

Mone so krajevne nevihte. Lokalno moni moneji nalivi, pi vetra in udari strel. Hitro lahko narastejo hudourniki vodotoki. Bodite pozorni na bliajoe se nevihtne oblake. Med nevihto se ne zadrujte na izpostavljenih mestih, poakajte na varnem mestu, nevihta obiajno ne traja dolgo.

NOAA-Style klimatska poročila


Poročilo za 2013 november
                   Monthly Climatological Summary for nov 2013

Name: Vremenska postaja Okroglo   City: Kal nad Kanalom   State: Slovenija
Elevation: 770 m  Lat: N 46° 04' 21"   Lon: E 013° 44' 04"

                  Temperature (°C), Rain (mm), Wind Speed (km/h)

                                      Heat  Cool        Avg
    Mean                              Deg   Deg         Wind                 Dom
Day Temp  High   Time   Low    Time   Days  Days  Rain  Speed High   Time    Dir
----------------------------------------------------------------------------------
 1   8,9  13,6   12:50   6,7   07:05   0,0   9,1   0,0   1,2  21,6   01:05   ZSZ
 2   9,7  13,8   12:50   6,7   07:00  12,2   0,0   2,1   1,8  21,6   01:04    JZ
 3  11,5  12,3   15:52  10,4   02:55   6,5   0,0  49,7   7,2  39,2   10:04   JJZ
 4   7,9  10,8   00:00   5,5   05:33  10,1   0,0  29,0   3,7  32,0   04:08     J
 5   7,5   9,2   15:05   6,1   23:38  10,6   0,0  18,6   2,9  28,4   16:18    JV
 6   8,2  12,6   14:49   5,9   01:34   9,8   0,0   0,0   0,4   8,3   00:10    SZ
 7   9,6  13,3   13:44   6,9   02:58   8,4   0,0   0,0   0,5  12,6   14:49   ZJZ
 8  10,8  11,7   23:58   9,9   17:27   7,2   0,0   6,2   0,8  16,9   23:51    JZ
 9  11,8  11,8   00:05   8,7   00:00   0,0   6,2  76,0   8,3  16,9   00:00    JZ
10   9,7  11,9   00:10   5,8   20:26   7,4   0,0   9,9   2,8  27,4   19:28    JZ
11   7,8   9,4   12:25   6,9   07:55   0,0  10,2   0,0  11,7  44,6   23:50   SSV
12   6,4   8,5   14:03   4,7   05:54  11,6   0,0   0,0   8,6  38,2   01:35     V
13   7,3   8,7   09:56   5,2   23:57  10,6   0,0   0,0   9,0  48,2   13:38   JJV
14   4,2   5,3   00:00   2,7   23:43  13,8   0,0   1,5   7,8  39,6   03:27    JV
15   3,8   5,3   18:58   1,9   02:40  14,2   0,0   6,2   9,1  52,6   05:46    JV
16   5,8   8,5   14:19   4,6   05:57  12,2   0,0   0,0   9,0  47,5   18:29    JV
17   5,6   8,2   13:30   4,1   18:32  12,4   0,0   0,0   3,8  32,4   07:19   JJV
18   7,6  10,4   13:43   5,5   00:16  10,5   0,0   0,5   0,1   6,1   13:38    SZ
19   6,2   7,8   01:41   3,4   23:50  11,8   0,0  27,5   3,7  30,2   15:51   VSV
20   5,6   7,9   13:14   3,4   00:00  12,5   0,0  10,4   1,9  27,0   21:17    JZ
21   4,3   6,1   10:25   2,4   17:11  13,8   0,0   5,2   2,3  20,9   21:28     J
22   2,5   3,6   00:00   1,2   04:40  15,5   0,0  21,8   4,8  32,4   23:53   VJV
23   4,0   5,3   11:09   2,1   21:59  14,0   0,0  25,9   5,3  34,9   01:01   VSV
24   5,4   8,3   13:49   2,5   00:00  12,6   0,0   0,0   2,3  23,0   05:30   VJV
25   1,5   5,5   00:00  -2,5   23:21  16,5   0,0   0,0   3,4  31,3   09:55     S
26  -0,9   1,9   13:18  -3,3   04:10  18,9   0,0   0,0   5,1  29,5   13:43     S
27  -0,2   4,2   13:49  -3,1   23:30  18,3   0,0   0,0   4,0  24,8   01:00   SSV
28  -0,4   5,0   14:44  -3,3   00:22  18,4   0,0   0,0   3,0  31,0   07:18   JJV
29   1,2   6,6   10:18  -2,2   06:49  16,8   0,0   0,0   0,9  10,4   19:46   JJZ
30   1,0   1,9   10:39   0,1   00:37  17,0   0,0   1,0   3,1  32,4   19:39    JV
----------------------------------------------------------------------------------
     5,8  13,8     2    -3,3    26   343,6  25,5 291,5   4,3  52,6    15      JV

Max >=  30,0:  0
Max <=   0,0:  0
Min <=   0,0:  5
Min <=  -5,0:  0
Max Rain: 76,0 on day 9
Days of Rain: 15 (>= 1,0 mm)  8 (>= 10,0 mm)  6 (>= 20,0 mm)
Heat Base: 18,0  Cool Base: 18,0  Method: Integration