Veter Od: 22-10-2017 17:00 Do: 23-10-2017 02:59 Opozorilo za: Veter Stopnja: Oranžna info button

Maksimalna hitrost vetra : od 100 do 120 km/h. Veter lomi veje in lahko podira posamezna drevesa, odkriva strehe. Mone so prekinitve v oskrbi z elektrino energijo. Oviran je cestni, lahko tudi pomorski promet. Gibanje na prostem je zelo oteeno in nevarno. Morje je zmerno vzvalovano do vzvalovano (3-4). Pri gibanju na prostem se izogibajte nevarnih mest. Ne vkljuujte se v promet, e ni nujno potrebno. Plovila naj bodo privezana na varnih privezih. Ostanite na kopnem. Spremljajte meteoroloka obvestila in opozorila ter informacije, ki jih posredujejo pristojne slube in organi.

NOAA-Style klimatska poročila

Izberi mesečna ali letna poročila
2017: jan feb mar apr maj jun jul avg sep okt nov dec
2016: jan feb mar apr maj jun jul avg sep okt nov dec
2015: jan feb mar apr maj jun jul avg sep okt nov dec
2014: jan feb mar apr maj jun jul avg sep okt nov dec
2013: jan feb mar apr maj jun jul avg sep okt nov dec
2012: jan feb mar apr maj jun jul avg sep okt nov dec
2011: jan feb mar apr maj jun jul avg sep okt nov dec
2010: jan feb mar apr maj jun jul avg sep okt nov dec
2009: jan feb mar apr maj jun jul avg sep okt nov dec
2008: jan feb mar apr maj jun jul avg sep okt nov dec
2007: jan feb mar apr maj jun jul avg sep okt nov dec
2006: jan feb mar apr maj jun jul avg sep okt nov dec
2005: jan feb mar apr maj jun jul avg sep okt nov dec
2004: jan feb mar apr maj jun jul avg sep okt nov dec
2003: jan feb mar apr maj jun jul avg sep okt nov dec
2002: jan feb mar apr maj jun jul avg sep okt nov dec

Poročilo za 2013 oktober
                   Monthly Climatological Summary for okt 2013

Name: Vremenska postaja Okroglo   City: Kal nad Kanalom   State: Slovenija
Elevation: 770 m  Lat: N 46° 04' 21"   Lon: E 013° 44' 04"

                  Temperature (°C), Rain (mm), Wind Speed (km/h)

                                      Heat  Cool        Avg
    Mean                              Deg   Deg         Wind                 Dom
Day Temp  High   Time   Low    Time   Days  Days  Rain  Speed High   Time    Dir
----------------------------------------------------------------------------------
 1  10,1  16,3   15:00   7,0   00:00   7,9   0,0   0,0   8,5  24,5   08:00   VJV
 2   8,9  13,8   16:00   5,9   08:00   9,1   0,0   0,0   9,4  34,9   20:54   JJV
 3   6,1  10,9   14:44   3,8   23:54  11,9   0,0   0,0   9,1  42,5   21:43   VJV
 4   5,4   9,8   15:38   2,7   07:11  12,6   0,0   0,0   9,4  45,0   11:01   VJV
 5   7,0   9,8   23:45   4,1   05:31   9,1   0,0   4,1   1,5  26,3   00:36   SSZ
 6  11,7  14,7   12:03   9,6   00:00   6,3   0,0   2,1   4,0  32,4   23:08     V
 7  10,5  11,2   15:49   9,6   08:32   7,5   0,0   1,0  11,0  44,6   20:43     V
 8  10,3  12,2   14:20   8,6   03:22   7,7   0,0   4,1  10,4  42,1   03:21   VJV
 9  11,1  14,6   16:02   9,6   01:17   6,9   0,0   1,0   4,8  27,0   05:44   ZJZ
10  11,3  12,9   23:45   9,7   04:00   6,7   0,0  20,7  11,7  48,6   22:20   JJZ
11  10,0  12,9   00:00   6,3   21:27   4,9   0,0   9,8  17,8  46,4   03:25     J
12   8,8  14,3   17:23   6,4   06:27   9,0   0,0  20,7   4,1  28,4   14:57   JJV
13  10,3  16,1   14:45   6,4   00:45   7,7   0,0   0,0   2,3  20,5   16:01     J
14  10,2  13,0   12:54   8,2   04:10   7,8   0,0   0,0   2,2  13,7   14:26     J
15  10,0  10,9   09:58   9,1   03:58   8,1   0,0   0,5   3,0  24,8   23:52   ZJZ
16  11,2  17,9   17:43   7,8   23:23   6,8   0,0   0,5   4,2  29,9   18:54   ZSZ
17  10,4  15,8   15:30   6,9   02:39   7,6   0,0   0,0   2,7  15,1   15:14     V
18  10,8  16,5   14:49   7,6   06:42   7,2   0,0   0,0   2,2  14,4   14:19    SV
19  11,2  15,5   15:45   8,8   06:56   6,8   0,0   0,0   4,4  25,2   14:09   ZJZ
20  11,2  12,4   22:46   9,9   06:49   6,8   0,0   4,7   3,5  29,5   23:41    JZ
21  12,6  14,1   14:00  11,9   06:17   5,4   0,0   4,7   6,7  37,4   01:19   JJZ
22  12,5  13,5   18:09  12,3   04:02   5,2   0,0   2,6   7,0  23,0   21:15     Z
23  11,8  13,9   23:50  10,8   07:10   0,0   6,2   4,7  11,4  55,8   23:50   JJZ
24   8,8  13,6   11:30  10,0   00:00   0,0   9,2  21,0   4,3  25,6   05:50    JZ
25  12,7  14,3   16:25  12,4   05:06   6,0   0,0   3,6   4,0  29,5   05:20     Z
26  12,3  12,4   00:00  12,2   02:35   0,0   5,7   0,0   5,7  19,1   02:50    JZ
27  10,9  12,5   00:00  10,1   20:30   0,0   7,1   6,7   7,3  44,6   01:50     J
28  13,9  15,0   18:50  13,6   19:55   0,0   4,1   1,6   1,6  14,4   22:20   ZJZ
29  13,8  14,9   12:53  11,9   23:30   4,2   0,0   6,7   3,0  25,9   12:26   JJZ
30   9,9  12,3   00:30   8,3   22:14   8,1   0,0  10,9   6,3  39,6   09:57    JV
31   9,1  12,4   14:14   7,3   06:41   9,3   0,0   0,0   5,9  36,7   07:50   VJV
----------------------------------------------------------------------------------
    10,5  17,9    16     2,7     4   196,6  32,3 131,7   5,8  55,8    23       J

Max >=  30,0:  0
Max <=   0,0:  0
Min <=   0,0:  0
Min <=  -5,0:  0
Max Rain: 21,0 on day 24
Days of Rain: 18 (>= 1,0 mm)  4 (>= 10,0 mm)  3 (>= 20,0 mm)
Heat Base: 18,0  Cool Base: 18,0  Method: Integration