Veter Od: 22-10-2017 17:00 Do: 23-10-2017 02:59 Opozorilo za: Veter Stopnja: Oranžna info button

Maksimalna hitrost vetra : od 100 do 120 km/h. Veter lomi veje in lahko podira posamezna drevesa, odkriva strehe. Mone so prekinitve v oskrbi z elektrino energijo. Oviran je cestni, lahko tudi pomorski promet. Gibanje na prostem je zelo oteeno in nevarno. Morje je zmerno vzvalovano do vzvalovano (3-4). Pri gibanju na prostem se izogibajte nevarnih mest. Ne vkljuujte se v promet, e ni nujno potrebno. Plovila naj bodo privezana na varnih privezih. Ostanite na kopnem. Spremljajte meteoroloka obvestila in opozorila ter informacije, ki jih posredujejo pristojne slube in organi.

NOAA-Style klimatska poročila

Izberi mesečna ali letna poročila
2017: jan feb mar apr maj jun jul avg sep okt nov dec
2016: jan feb mar apr maj jun jul avg sep okt nov dec
2015: jan feb mar apr maj jun jul avg sep okt nov dec
2014: jan feb mar apr maj jun jul avg sep okt nov dec
2013: jan feb mar apr maj jun jul avg sep okt nov dec
2012: jan feb mar apr maj jun jul avg sep okt nov dec
2011: jan feb mar apr maj jun jul avg sep okt nov dec
2010: jan feb mar apr maj jun jul avg sep okt nov dec
2009: jan feb mar apr maj jun jul avg sep okt nov dec
2008: jan feb mar apr maj jun jul avg sep okt nov dec
2007: jan feb mar apr maj jun jul avg sep okt nov dec
2006: jan feb mar apr maj jun jul avg sep okt nov dec
2005: jan feb mar apr maj jun jul avg sep okt nov dec
2004: jan feb mar apr maj jun jul avg sep okt nov dec
2003: jan feb mar apr maj jun jul avg sep okt nov dec
2002: jan feb mar apr maj jun jul avg sep okt nov dec

Poročilo za 2013 september
                   Monthly Climatological Summary for sep 2013

Name: Vremenska postaja Okroglo   City: Kal nad Kanalom   State: Slovenija
Elevation: 770 m  Lat: N 46° 04' 21"   Lon: E 013° 44' 04"

                  Temperature (°C), Rain (mm), Wind Speed (km/h)

                                      Heat  Cool        Avg
    Mean                              Deg   Deg         Wind                 Dom
Day Temp  High   Time   Low    Time   Days  Days  Rain  Speed High   Time    Dir
----------------------------------------------------------------------------------
 1  18,3  26,4   16:58  14,1   18:22   1,8   2,3  21,2   5,7  26,6   11:28   VJV
 2  15,9  23,3   16:10  12,5   06:50   2,7   0,6   1,0   5,3  25,2   11:00     V
 3  18,2  23,9   16:28  13,9   04:58   1,4   1,6   0,0   2,9  17,6   14:18     Z
 4  19,3  25,2   15:55  15,1   07:30   1,3   0,0   0,0   5,0  30,6   08:10     Z
 5  19,3  25,9   16:11  15,3   06:36   0,7   2,1   0,0   2,2  19,1   15:19     Z
 6  18,9  24,5   16:20  16,2   05:50   0,9   0,0   0,0   3,0  21,6   00:15     Z
 7  19,4  25,9   17:10  15,9   03:20   1,4   0,0   0,0   1,4  14,4   13:10   ZSZ
 8  19,0  24,6   16:25  16,4   04:30   1,0   0,0   0,0   3,4  20,9   21:45   ZJZ
 9  16,3  22,3   17:20  13,3   04:26   0,0   1,7  94,3   8,2  31,0   18:40   VJV
10  15,6  18,1   09:40  10,3   23:51   0,0   2,4  32,0   2,7  27,0   20:00   JJV
11   9,0  11,4   22:00   7,1   05:21   0,0   9,0  13,5  10,3  41,0   22:50    SV
12  12,1  17,9   15:40   8,4   22:10   0,0   5,9  12,1   8,3  52,2   13:00    SV
13  11,8  18,5   14:12   8,3   03:45   0,0   6,2   0,0   2,6  10,1   04:22    SV
14  13,9  21,9   14:30   8,9   04:45   0,0   4,1   0,0   3,9  27,4   13:55   ZJZ
15  14,4  16,6   12:55  12,2   00:58   0,0   3,6   5,2   3,2  26,6   13:55   ZJZ
16  14,1  19,1   15:54  10,6   06:11   0,0   3,9   0,5   4,7  31,7   23:52   JJZ
17  12,1  19,3   18:05   5,8   08:22   0,0   5,9  29,5   5,9  34,6   21:40     Z
18  10,3  12,9   17:20   7,8   03:12   0,0   7,7   1,0   1,3  17,3   08:35   ZJZ
19  11,4  12,1   20:39  10,8   05:42   0,0   6,6   3,5   4,2  28,8   22:55     V
20  12,5  16,7   14:50   9,9   06:55   0,0   5,5   0,0   4,3  40,3   14:25    JZ
21  14,9  20,9   17:35  10,7   04:02   0,0   3,1   0,0   3,8  40,3   09:05     Z
22  13,9  18,9   16:33  10,8   07:15   4,8   0,0   0,0   3,4  34,6   11:11   SSZ
23  15,4  18,6   15:19  10,9   03:19   3,0   0,1   0,0   3,6  13,0   16:19     Z
24  15,7  19,2   14:38  11,9   06:46   3,2   0,1   0,0   3,4  40,3   13:31   ZJZ
25  14,7  18,8   20:27  13,5   00:15   3,4   0,0   0,0   7,2  24,1   23:14    JZ
26  14,8  18,1   16:00  12,2   20:49   3,3   0,0   0,0   5,1  34,6   06:59    JZ
27  14,6  18,8   08:37   9,9   06:37   3,4   0,0   0,5   0,9  34,6   03:13   ZSZ
28  13,9  15,6   18:42  12,1   11:33   4,2   0,0   3,1   1,8  34,6   00:41   JJZ
29  13,6  15,1   00:05   8,1   22:09   0,0   4,4  47,2   9,0  32,0   04:15     J
30   7,3   8,7   19:45   6,2   08:09  11,3   0,0  18,6  12,9  39,2   20:17   JJV
----------------------------------------------------------------------------------
    14,7  26,4     1     5,8    17    47,8  76,8 283,2   4,0  52,2    12     JJZ

Max >=  30,0:  0
Max <=   0,0:  0
Min <=   0,0:  0
Min <=  -5,0:  0
Max Rain: 94,3 on day 9
Days of Rain: 13 (>= 1,0 mm)  8 (>= 10,0 mm)  5 (>= 20,0 mm)
Heat Base: 18,0  Cool Base: 18,0  Method: Integration