Veter Od: 22-10-2017 17:00 Do: 23-10-2017 02:59 Opozorilo za: Veter Stopnja: Oranžna info button

Maksimalna hitrost vetra : od 100 do 120 km/h. Veter lomi veje in lahko podira posamezna drevesa, odkriva strehe. Mone so prekinitve v oskrbi z elektrino energijo. Oviran je cestni, lahko tudi pomorski promet. Gibanje na prostem je zelo oteeno in nevarno. Morje je zmerno vzvalovano do vzvalovano (3-4). Pri gibanju na prostem se izogibajte nevarnih mest. Ne vkljuujte se v promet, e ni nujno potrebno. Plovila naj bodo privezana na varnih privezih. Ostanite na kopnem. Spremljajte meteoroloka obvestila in opozorila ter informacije, ki jih posredujejo pristojne slube in organi.

NOAA-Style klimatska poročila

Izberi mesečna ali letna poročila
2017: jan feb mar apr maj jun jul avg sep okt nov dec
2016: jan feb mar apr maj jun jul avg sep okt nov dec
2015: jan feb mar apr maj jun jul avg sep okt nov dec
2014: jan feb mar apr maj jun jul avg sep okt nov dec
2013: jan feb mar apr maj jun jul avg sep okt nov dec
2012: jan feb mar apr maj jun jul avg sep okt nov dec
2011: jan feb mar apr maj jun jul avg sep okt nov dec
2010: jan feb mar apr maj jun jul avg sep okt nov dec
2009: jan feb mar apr maj jun jul avg sep okt nov dec
2008: jan feb mar apr maj jun jul avg sep okt nov dec
2007: jan feb mar apr maj jun jul avg sep okt nov dec
2006: jan feb mar apr maj jun jul avg sep okt nov dec
2005: jan feb mar apr maj jun jul avg sep okt nov dec
2004: jan feb mar apr maj jun jul avg sep okt nov dec
2003: jan feb mar apr maj jun jul avg sep okt nov dec
2002: jan feb mar apr maj jun jul avg sep okt nov dec

Poročilo za 2013 avgust
                   Monthly Climatological Summary for avg 2013

Name: Vremenska postaja Okroglo   City: Kal nad Kanalom   State: Slovenija
Elevation: 770 m  Lat: N 46° 04' 21"   Lon: E 013° 44' 04"

                  Temperature (°C), Rain (mm), Wind Speed (km/h)

                                      Heat  Cool        Avg
    Mean                              Deg   Deg         Wind                 Dom
Day Temp  High   Time   Low    Time   Days  Days  Rain  Speed High   Time    Dir
----------------------------------------------------------------------------------
 1  22,9  29,3   18:00  18,8   00:46   4,9   0,0   0,0   2,7  21,6   16:00   ZSZ
 2  20,7  31,0   22:26  19,3   06:56   2,7   0,0   0,0   0,7   6,8   22:41    SV
 3  25,3  31,4   15:49  21,4   05:11   0,0   7,5   0,0   3,9  26,3   13:41    JZ
 4  26,7  33,4   13:55  21,3   04:36   8,7   0,0   0,0   4,0  28,4   17:05   ZSZ
 5  26,4  33,5   15:22  21,8   07:16   0,0   8,5   0,0   6,4  41,4   08:52    SV
 6  26,5  33,2   16:17  21,9   04:35   0,0   8,5   0,0   4,1  30,6   15:21   ZJZ
 7  26,5  33,3   15:40  21,6   05:35   8,5   0,0   0,0   4,7  31,3   09:45    JZ
 8  26,7  33,4   16:35  22,6   22:50   8,7   0,0   0,0   5,0  31,7   14:35   ZJZ
 9  24,0  29,1   17:14  20,6   05:10   0,0   6,0   0,0   3,0  29,9   14:11     V
10  21,0  27,3   16:09  17,4   06:41   0,0   3,0   0,0   6,5  28,1   06:59   SSV
11  21,1  30,7   16:35  15,0   06:26   3,1   0,0   0,0   4,1  23,8   15:55     V
12  22,4  30,3   15:26  18,1   06:11   4,4   0,0   0,0   5,2  26,3   12:26    JZ
13  19,7  24,5   17:43  17,9   23:42   0,0   1,8   0,0   4,2  28,4   22:25     Z
14  13,7  17,9   00:00  11,9   11:13   4,6   0,0  26,9  10,4  42,5   13:59   VSV
15  16,9  23,7   16:39  12,6   02:09   2,2   1,1   0,0   9,6  49,0   10:50   VSV
16  19,2  27,4   16:59  14,3   05:27   1,2   2,3   0,0   6,7  30,2   05:06    SV
17  21,5  30,5   16:32  15,2   05:12   0,4   3,9   0,0   5,1  27,7   02:38     J
18  22,3  28,8   14:59  17,3   04:31   0,0   4,3   0,0   3,9  24,8   15:15   ZJZ
19  21,8  27,6   14:52  17,8   04:13   0,0   3,8   0,0   4,6  30,2   15:39   ZJZ
20  14,9  20,1   00:01  11,8   07:55   0,0   3,1  17,6   8,5  37,1   21:50    SV
21  17,7  24,6   16:05  13,4   05:56   0,0   0,3   0,0   7,8  36,4   07:20   VSV
22  18,5  25,4   17:38  14,4   05:35   0,5   0,0   0,0   8,0  36,0   03:45     V
23  19,3  26,3   17:00  14,4   06:05   1,3   0,0   0,0   4,2  26,6   11:30   VJV
24  16,5  23,5   16:40  11,7   06:20   0,0   1,5   0,0   4,9  33,8   02:20    JV
25  14,9  18,4   15:00  11,1   23:40   0,0   3,1  43,5   4,8  25,6   15:10    JZ
26  15,3  18,9   14:10  12,3   05:16   0,0   2,7   9,3   4,4  24,1   16:40    JZ
27  16,3  20,8   13:23  13,0   23:24   0,0   1,7   0,0   2,7  22,0   13:30     J
28  16,8  23,5   17:20  11,1   04:54   0,0   1,2   0,0   2,1  19,8   14:30   ZSZ
29  18,2  23,7   15:10  13,6   05:57   0,2   0,0   0,0   2,0  21,6   13:30   ZJZ
30  19,4  25,8   15:10  13,8   05:31   1,4   0,0   0,0   2,3  16,9   16:20   ZSZ
31  21,6  27,9   16:20  15,9   03:50   3,6   0,0   0,0   2,4  23,0   22:40   SSZ
----------------------------------------------------------------------------------
    20,5  33,5     5    11,1    25    56,4  64,3  97,3   5,1  49,0    15     VSV

Max >=  30,0: 10
Max <=   0,0:  0
Min <=   0,0:  0
Min <=  -5,0:  0
Max Rain: 43,5 on day 25
Days of Rain: 4 (>= 1,0 mm)  3 (>= 10,0 mm)  2 (>= 20,0 mm)
Heat Base: 18,0  Cool Base: 18,0  Method: Integration