Nevihte Od: 20-07-2018 14:00 Do: 21:59 Opozorilo za: Nevihte Stopnja: Rumena info button

Možne so krajevne nevihte. Lokalno možni močnejši nalivi, piš vetra in udari strel. Hitro lahko narastejo hudourniški vodotoki. Bodite pozorni na bližajoče se nevihtne oblake. Med nevihto se ne zadržujte na izpostavljenih mestih, počakajte na varnem mestu, nevihta običajno ne traja dolgo.

NOAA-Style klimatska poročila


Poročilo za 2013 julij
                   Monthly Climatological Summary for jul 2013

Name: Vremenska postaja Okroglo   City: Kal nad Kanalom   State: Slovenija
Elevation: 770 m  Lat: N 46° 04' 21"   Lon: E 013° 44' 04"

                  Temperature (°C), Rain (mm), Wind Speed (km/h)

                                      Heat  Cool        Avg
    Mean                              Deg   Deg         Wind                 Dom
Day Temp  High   Time   Low    Time   Days  Days  Rain  Speed High   Time    Dir
----------------------------------------------------------------------------------
 1  16,6  20,8   18:33  13,9   06:01   1,9   0,5   0,0   4,0  22,0   08:01     Z
 2  18,5  24,8   16:11  13,6   05:19   1,4   1,8   0,0   2,9  19,1   14:36     Z
 3  18,9  24,9   16:48  15,4   04:01   0,9   0,0   0,0   3,0  21,2   16:48    JZ
 4  20,7  28,6   16:08  16,8   06:16   0,4   3,1   0,0   3,7  32,0   16:59    SV
 5  21,4  27,3   18:54  17,5   05:07   0,0   3,5   0,0   3,9  22,3   23:40     S
 6  21,7  27,3   16:55  18,4   02:40   3,7   0,0   0,0   6,2  33,5   12:00   SSV
 7  20,2  26,2   18:35  17,3   05:00   2,2   0,0   0,0   8,0  34,6   23:50    SV
 8  21,9  27,8   16:16  17,9   08:18   0,0   3,2   0,0   5,9  33,8   09:23    SV
 9  21,7  28,2   17:17  17,4   05:35   0,1   3,7   0,0   6,5  36,0   00:48     V
10  21,0  27,2   14:12  17,5   04:39   0,0   2,5   0,0   3,7  26,6   10:15   SSV
11  19,2  27,3   16:00  14,9   18:42   0,8   2,0  20,2   4,6  28,1   23:52    SZ
12  17,8  24,9   18:10  13,9   04:32   1,5   1,3   0,0   6,8  33,5   09:16   SSV
13  18,8  25,1   15:38  15,5   06:11   0,7   1,6   0,0   5,0  28,1   06:48    JZ
14  20,0  26,3   16:10  16,1   05:28   0,4   2,4   0,0   4,9  30,6   08:44    JV
15  19,8  24,1   13:47  16,3   05:46   0,3   2,1   0,0   2,7  23,4   15:31   ZJZ
16  19,4  25,3   14:34  14,9   07:06   0,7   2,1   0,0   5,7  41,4   06:14     J
17  20,6  27,5   17:44  16,2   06:34   0,4   3,0   0,0   3,9  23,8   02:34   ZJZ
18  21,3  28,7   18:05  16,9   05:47   0,1   3,4   0,0   5,3  34,2   11:46   VSV
19  22,4  30,3   17:05  18,0   06:24   0,0   4,4   0,0   4,2  29,2   10:36   SSV
20  23,1  31,4   15:30  17,8   04:01   5,1   0,0   0,0   3,1  25,9   11:20   VSV
21  22,1  30,3   16:55  15,6   06:54   0,3   4,5   2,6   6,1  30,2   05:07   VSV
22  22,7  30,4   17:33  17,8   06:08   0,0   4,8   0,0   5,4  33,5   05:04   JJZ
24  22,4  29,9   15:16  18,1   21:00   0,0   7,9   0,0   3,8  31,7   15:57     Z
25  24,4  29,5   16:55  17,6   02:57   0,0   4,9   1,0   2,9  22,7   14:07     Z
26  26,1  31,2   15:30  19,3   04:56   0,0   6,5   0,0   4,0  25,6   12:41   ZJZ
27  25,5  31,9   15:29  21,6   06:20   0,0   6,9   0,0   4,7  29,5   14:47   ZJZ
28  25,8  31,9   16:57  22,2   03:28   0,0   7,5   0,0   5,7  33,5   14:12   ZJZ
29  21,7  29,2   14:07  13,6   23:27   0,5   4,2  27,5   6,7  49,3   16:06    JZ
30  20,1  29,1   17:05  13,5   04:32   1,3   3,4   0,0   3,0  17,6   13:25     S
31  21,8  28,4   16:35  17,3   05:46   0,1   3,9   0,0   4,2  92,2   23:41   ZSZ
----------------------------------------------------------------------------------
    21,3  31,9    27    13,5    30    22,8  95,1  51,3   4,7  92,2    31     SSZ

Max >=  30,0:  7
Max <=   0,0:  0
Min <=   0,0:  0
Min <=  -5,0:  0
Max Rain: 27,5 on day 29
Days of Rain: 4 (>= 1,0 mm)  2 (>= 10,0 mm)  2 (>= 20,0 mm)
Heat Base: 18,0  Cool Base: 18,0  Method: Integration