NOAA-Style klimatska poročila

Izberi mesečna ali letna poročila
2017: jan feb mar apr maj jun jul avg sep okt nov dec
2016: jan feb mar apr maj jun jul avg sep okt nov dec
2015: jan feb mar apr maj jun jul avg sep okt nov dec
2014: jan feb mar apr maj jun jul avg sep okt nov dec
2013: jan feb mar apr maj jun jul avg sep okt nov dec
2012: jan feb mar apr maj jun jul avg sep okt nov dec
2011: jan feb mar apr maj jun jul avg sep okt nov dec
2010: jan feb mar apr maj jun jul avg sep okt nov dec
2009: jan feb mar apr maj jun jul avg sep okt nov dec
2008: jan feb mar apr maj jun jul avg sep okt nov dec
2007: jan feb mar apr maj jun jul avg sep okt nov dec
2006: jan feb mar apr maj jun jul avg sep okt nov dec
2005: jan feb mar apr maj jun jul avg sep okt nov dec
2004: jan feb mar apr maj jun jul avg sep okt nov dec
2003: jan feb mar apr maj jun jul avg sep okt nov dec
2002: jan feb mar apr maj jun jul avg sep okt nov dec

Poročilo za 2013 junij
                   Monthly Climatological Summary for jun 2013

Name: Vremenska postaja Okroglo   City: Kal nad Kanalom   State: Slovenija
Elevation: 770 m  Lat: N 46° 04' 21"   Lon: E 013° 44' 04"

                  Temperature (°C), Rain (mm), Wind Speed (km/h)

                                      Heat  Cool        Avg
    Mean                              Deg   Deg         Wind                 Dom
Day Temp  High   Time   Low    Time   Days  Days  Rain  Speed High   Time    Dir
----------------------------------------------------------------------------------
 1  11,1  15,3   16:28   7,6   00:07   7,9   0,0  13,0   3,4  25,2   10:25   SSZ
 2  11,3  15,5   14:00   8,9   14:42   6,7   0,0   6,7   1,4  34,6   08:09     Z
 3  13,4  20,5   20:43   9,3   03:55   4,7   0,0   3,6   1,6  34,6   20:22     Z
 4  10,8  13,8   23:01   9,1   06:01   3,3   0,0   0,0   1,5  10,4   08:00     S
 5  13,7  17,1   18:21  11,3   06:11   3,4   0,0   0,0   1,5  11,9   12:46   SSV
 6  14,1  19,8   13:35  11,8   21:12   4,5   0,1  15,5   2,3  14,4   12:35   SSZ
 7  16,6  21,2   17:57  11,8   00:01   3,3   0,3   2,6   2,4  23,0   22:03    SZ
 8  15,8  21,9   13:12   9,9   07:13   2,5   0,5   7,8   1,6  17,3   17:26   VSV
 9  16,2  21,5   14:03  12,2   23:01   2,3   0,5  23,3   5,9  23,4   18:01   JJZ
10  12,9  16,3   14:18  10,9   06:01   5,8   0,0   1,0   2,8  10,8   14:18     J
11  15,0  20,5   18:16  11,3   06:02   3,4   0,3   0,5   1,9  15,8   23:28     Z
12  16,9  23,4   16:24  12,4   03:14   1,9   0,8   0,0   2,4  23,8   18:02     S
13  18,6  24,3   15:54  10,4   01:59   1,3   1,9   0,0   3,1  24,8   02:13     S
14  19,8  26,1   17:06  15,3   05:06   0,7   2,5   0,0   2,8   9,4   18:06     S
15  20,5  25,1   16:06  16,5   07:06   0,2   2,7   0,0   3,1  11,2   19:06   ZJZ
16  20,9  26,4   15:07  17,2   05:06   0,1   3,1   0,0   2,6  20,5   15:56    SZ
17  23,5  27,1   17:14  18,7   07:01   0,0   4,6   0,0   1,6  14,4   17:21   ZSZ
18  24,3  29,2   15:54  19,6   06:01   0,0   6,1   0,0   2,3  16,9   14:41    SZ
19  24,9  30,3   14:54  19,9   04:57   0,0   6,0   0,0   2,1  23,4   14:47     Z
20  23,9  28,6   15:35  19,9   05:41   0,0   5,5   0,0   3,2  23,8   15:55    JZ
21  22,6  26,0   15:59  18,0   22:40   0,0   3,8   0,0   3,5  25,6   15:20    JZ
22  21,2  24,4   14:40  17,1   23:48   0,1   2,4   0,0   3,4  26,3   17:02    JZ
23  19,1  24,4   12:18  15,6   05:18   0,5   1,7   0,0   3,6  30,2   14:22   ZJZ
24  14,4  17,6   00:01  11,6   13:31   3,6   0,0  12,4   5,4  33,5   14:56   SSV
25  13,9  19,5   14:54  11,6   16:58   4,1   0,0   1,0   2,6  28,8   15:23    SZ
26  12,0  19,6   12:51   9,6   21:59   6,9   0,0  14,1   4,8  44,6   22:13    JV
27  12,6  19,2   15:58   9,1   04:43   5,4   0,0   0,0   6,5  40,0   05:53   VJV
28  12,3  17,1   14:40   9,6   04:55   5,7   0,0   0,0   5,1  27,7   07:06    SV
29  14,8  20,2   17:09  10,4   05:22   3,3   0,1   0,0   3,3  24,5   18:06    SZ
30  16,8  23,1   15:31  11,9   05:23   2,3   0,91073,2   2,5  25,6   17:26     Z
----------------------------------------------------------------------------------
    16,8  30,3    19     7,6     1    83,9  43,81174,7   3,1  44,6    26     ZSZ

Max >=  30,0:  1
Max <=   0,0:  0
Min <=   0,0:  0
Min <=  -5,0:  0
Max Rain: 1073,2 on day 30
Days of Rain: 12 (>= 1,0 mm)  6 (>= 10,0 mm)  2 (>= 20,0 mm)
Heat Base: 18,0  Cool Base: 18,0  Method: Integration