NOAA-Style klimatska poročila

Izberi mesečna ali letna poročila
2017: jan feb mar apr maj jun jul avg sep okt nov dec
2016: jan feb mar apr maj jun jul avg sep okt nov dec
2015: jan feb mar apr maj jun jul avg sep okt nov dec
2014: jan feb mar apr maj jun jul avg sep okt nov dec
2013: jan feb mar apr maj jun jul avg sep okt nov dec
2012: jan feb mar apr maj jun jul avg sep okt nov dec
2011: jan feb mar apr maj jun jul avg sep okt nov dec
2010: jan feb mar apr maj jun jul avg sep okt nov dec
2009: jan feb mar apr maj jun jul avg sep okt nov dec
2008: jan feb mar apr maj jun jul avg sep okt nov dec
2007: jan feb mar apr maj jun jul avg sep okt nov dec
2006: jan feb mar apr maj jun jul avg sep okt nov dec
2005: jan feb mar apr maj jun jul avg sep okt nov dec
2004: jan feb mar apr maj jun jul avg sep okt nov dec
2003: jan feb mar apr maj jun jul avg sep okt nov dec
2002: jan feb mar apr maj jun jul avg sep okt nov dec

Poročilo za 2013 maj
                   Monthly Climatological Summary for maj 2013

Name: Vremenska postaja Okroglo   City: Kal nad Kanalom   State: Slovenija
Elevation: 770 m  Lat: N 46° 04' 21"   Lon: E 013° 44' 04"

                  Temperature (°C), Rain (mm), Wind Speed (km/h)

                                      Heat  Cool        Avg
    Mean                              Deg   Deg         Wind                 Dom
Day Temp  High   Time   Low    Time   Days  Days  Rain  Speed High   Time    Dir
----------------------------------------------------------------------------------
 1  18,4  23,6   14:35  14,3   06:16   1,2   1,6   0,0   3,0  21,2   16:35    SZ
 2  13,8  16,4   02:41  12,1   22:31   4,2   0,0  11,4   1,8  27,7   11:09   VJV
 3  12,5  16,1   14:55  11,1   05:01   0,0   5,5   6,7   3,0  19,4   14:30   ZJZ
 4  14,4  19,9   17:11  11,1   05:01   5,6   0,2   0,0   4,2  23,0   14:26   ZJZ
 5  13,8  17,2   13:40  10,9   22:16   4,2   0,0   4,2   9,5  43,9   14:13   VSV
 6  11,9  14,3   17:15  10,5   02:14   6,1   0,0  22,8   6,5  33,1   01:13   VSV
 7  13,1  17,0   14:07  11,3   23:34   4,9   0,0  22,3   2,9  19,8   08:30   VSV
 8  14,0  19,7   13:21   9,8   05:37   4,1   0,1   0,5   3,3  27,4   08:52   VJV
 9  17,0  23,8   16:57  12,1   01:16   2,0   1,1   0,0   4,4  29,2   13:48   VJV
10  15,0  17,6   11:33  12,9   22:08   3,0   0,0   0,5   2,1  21,6   11:23   ZJZ
11  10,6  13,3   00:01   9,3   06:23   7,4   0,0  50,2   5,6  27,0   04:29   VSV
12  10,2  16,2   15:04   7,4   23:06   8,0   0,0  15,0   2,7  21,6   21:01    JV
13  10,7  16,5   13:39   5,6   05:51   7,3   0,0   2,1   3,1  19,4   15:45   ZSZ
14  12,5  17,4   15:19   8,6   06:26   5,5   0,0   0,0   2,6  21,2   16:46   ZJZ
15  14,0  19,1   14:53  10,2   04:01   4,0   0,0   0,0   3,3  24,5   13:15   ZJZ
16  11,6  13,5   09:47   9,6   13:49   6,4   0,0  37,3   4,1  28,8   14:30   VSV
17  10,7  12,0   11:02   9,8   04:31   7,4   0,0  39,4   4,7  38,5   21:54   JJZ
18  11,3  13,3   16:20  10,3   00:00   0,0   0,0   0,0  16,6  11,5   00:01    JZ
19  10,7  12,9   17:18   0,0   14:14   2,9   0,0  10,1   6,5  30,2   17:11   JJZ
20  10,6  15,0   16:05   6,9   22:58   0,0   7,4   8,3   6,7  32,8   13:35    JZ
21  10,2  14,5   14:58   7,1   00:58   7,6   0,0   3,1   5,6  63,4   18:31    JZ
22  11,4  23,3   14:38   0,0   00:26   6,6   0,0   5,7   2,7  74,9   07:34     Z
23  11,3  14,9   13:45   8,5   22:05   6,7   0,0   0,5   5,1  23,8   21:53   VSV
24   4,5  11,1   07:42   2,3   13:01  13,0   0,0  50,3   9,0  41,8   06:24    SV
25   5,9   9,6   15:55   3,4   04:01   0,0  12,1  20,7   3,5  74,9   09:40    SV
26   7,2  12,5   14:07   4,7   04:51  10,8   0,0   8,3   3,6  74,9   14:35   ZJZ
27   9,2  13,2   15:29   5,8   00:00   8,8   0,0   1,5   5,4  74,9   06:46   JJZ
28  10,7  13,5   11:22   8,9   01:08   7,3   0,0   0,0   4,0  63,4   00:00    JZ
29  10,0  14,3   17:25   7,9   07:25   9,1   0,0  66,8   3,8  63,4   21:00   JJZ
30   7,5   9,9   00:00   6,1   22:10  11,4   0,0  14,0   2,7  74,9   13:24     J
31   7,0   8,2   14:04   5,8   03:01  12,8   0,01496,4   2,3  63,4   15:09    JZ
----------------------------------------------------------------------------------
    11,3  23,8     9     0,0    19   178,3  28,01898,1   4,1  74,9    22       J

Max >=  30,0:  0
Max <=   0,0:  0
Min <=   0,0:  2
Min <=  -5,0:  0
Max Rain: 1496,4 on day 31
Days of Rain: 21 (>= 1,0 mm)  13 (>= 10,0 mm)  9 (>= 20,0 mm)
Heat Base: 18,0  Cool Base: 18,0  Method: Integration