NOAA-Style klimatska poročila

Izberi mesečna ali letna poročila
2017: jan feb mar apr maj jun jul avg sep okt nov dec
2016: jan feb mar apr maj jun jul avg sep okt nov dec
2015: jan feb mar apr maj jun jul avg sep okt nov dec
2014: jan feb mar apr maj jun jul avg sep okt nov dec
2013: jan feb mar apr maj jun jul avg sep okt nov dec
2012: jan feb mar apr maj jun jul avg sep okt nov dec
2011: jan feb mar apr maj jun jul avg sep okt nov dec
2010: jan feb mar apr maj jun jul avg sep okt nov dec
2009: jan feb mar apr maj jun jul avg sep okt nov dec
2008: jan feb mar apr maj jun jul avg sep okt nov dec
2007: jan feb mar apr maj jun jul avg sep okt nov dec
2006: jan feb mar apr maj jun jul avg sep okt nov dec
2005: jan feb mar apr maj jun jul avg sep okt nov dec
2004: jan feb mar apr maj jun jul avg sep okt nov dec
2003: jan feb mar apr maj jun jul avg sep okt nov dec
2002: jan feb mar apr maj jun jul avg sep okt nov dec

Poročilo za 2013 april
                   Monthly Climatological Summary for apr 2013

Name: Vremenska postaja Okroglo   City: Kal nad Kanalom   State: Slovenija
Elevation: 770 m  Lat: N 46° 04' 21"   Lon: E 013° 44' 04"

                  Temperature (°C), Rain (mm), Wind Speed (km/h)

                                      Heat  Cool        Avg
    Mean                              Deg   Deg         Wind                 Dom
Day Temp  High   Time   Low    Time   Days  Days  Rain  Speed High   Time    Dir
----------------------------------------------------------------------------------
 1   0,4   3,5   16:29  -0,5   07:23  17,6   0,0   0,0   7,3  34,9   11:47     V
 2   0,6   3,1   15:11  -0,7   01:21  17,5   0,0   1,0  12,6  66,6   11:16     V
 3   3,0   8,1   13:09   0,4   00:17  15,0   0,0   1,0   5,5  31,7   09:41   VJV
 4   3,9   8,3   15:17   1,3   00:48  14,1   0,0   2,1   2,3  25,6   02:23    JZ
 5   3,6   4,6   15:40   2,9   07:45  14,4   0,0   7,3   8,7  44,6   13:01     V
 6   4,1   7,8   15:42   2,4   06:04  13,9   0,0   3,1   9,6  37,1   07:36   VJV
 7   3,3   6,7   16:35   1,6   07:30   0,0  14,7   0,0  11,3  45,7   08:10   VSV
 8   3,2   8,1   14:11  -0,7   07:01  25,6   0,0   0,5   6,2  45,7   08:06   VSV
 9   3,6   6,2   14:39   1,3   05:01  14,4   0,0   3,1   3,7  26,3   16:11    JZ
10   5,8  10,6   14:47   2,6   04:21  12,2   0,0   0,0   3,9  23,4   16:45    JZ
11   7,5  11,4   15:35   4,9   07:30   0,0  10,5   0,0   5,6  27,4   16:25   ZJZ
12   7,7  10,3   18:29   5,9   05:04   7,3   0,0  14,5   9,2  36,4   09:44    JZ
13  11,0  15,8   15:32   6,9   10:10   7,7   0,0  29,2   4,6  33,5   12:09   VJV
14  13,2  16,8   16:30   7,6   06:01   0,0   4,8   0,0   4,7  22,7   14:45    JZ
15  13,8  18,9   14:59   9,5   06:59   4,3   0,1   0,0   5,0  28,8   06:24    JZ
16  13,9  17,4   14:35   9,8   07:05   0,0   4,1   0,0   4,4  24,8   17:00   ZJZ
17  14,9  20,8   13:41  10,2   05:35   3,4   0,3   0,0   3,4  22,7   17:30     Z
18  15,9  20,2   15:08  11,9   05:23   2,5   0,4   0,0   3,5  25,6   12:47   ZJZ
19  14,6  18,4   17:12  12,9   13:43   3,4   0,0   0,5   3,8  28,4   23:47     V
20  12,7  15,3   17:22  10,4   07:47   5,3   0,0   0,0   8,3  45,4   07:35     V
21  12,0  18,2   15:03   8,6   21:15   6,0   0,0   5,2   8,2  32,4   23:09     V
22   9,5  11,2   13:04   8,3   06:27   8,5   0,0   4,7   4,0  28,4   03:28     V
23  10,1  15,1   15:23   6,8   06:24   7,9   0,0   1,0   3,1  20,9   16:59   ZJZ
24  11,9  17,1   14:51   7,8   07:04   6,1   0,0   0,0   3,8  28,8   16:21   ZJZ
25  14,1  19,3   14:54   9,9   06:32   4,0   0,1   0,0   3,5  21,6   14:11   ZJZ
26  14,7  19,9   16:59  12,1   22:01   3,3   0,0   0,0   5,1  31,3   17:45    JZ
27  11,1  12,9   11:25   9,3   03:35   6,9   0,0   8,3   5,4  37,8   21:00   JJZ
28  12,3  16,1   14:11  10,6   01:26   5,6   0,0   9,3  10,3  38,9   06:24   JJZ
29  14,1  19,0   17:05  10,5   01:36   4,0   0,1   1,0   3,0  20,2   13:32     Z
30  16,0  19,9   13:31  13,8   02:56   2,1   0,0   0,0   3,0  25,2   14:24   ZJZ
----------------------------------------------------------------------------------
     9,4  20,8    17    -0,7     2   233,0  35,1  91,8   5,7  66,6     2     JJV

Max >=  30,0:  0
Max <=   0,0:  0
Min <=   0,0:  3
Min <=  -5,0:  0
Max Rain: 29,2 on day 13
Days of Rain: 14 (>= 1,0 mm)  2 (>= 10,0 mm)  1 (>= 20,0 mm)
Heat Base: 18,0  Cool Base: 18,0  Method: Integration