NOAA-Style klimatska poročila

Izberi mesečna ali letna poročila
2017: jan feb mar apr maj jun jul avg sep okt nov dec
2016: jan feb mar apr maj jun jul avg sep okt nov dec
2015: jan feb mar apr maj jun jul avg sep okt nov dec
2014: jan feb mar apr maj jun jul avg sep okt nov dec
2013: jan feb mar apr maj jun jul avg sep okt nov dec
2012: jan feb mar apr maj jun jul avg sep okt nov dec
2011: jan feb mar apr maj jun jul avg sep okt nov dec
2010: jan feb mar apr maj jun jul avg sep okt nov dec
2009: jan feb mar apr maj jun jul avg sep okt nov dec
2008: jan feb mar apr maj jun jul avg sep okt nov dec
2007: jan feb mar apr maj jun jul avg sep okt nov dec
2006: jan feb mar apr maj jun jul avg sep okt nov dec
2005: jan feb mar apr maj jun jul avg sep okt nov dec
2004: jan feb mar apr maj jun jul avg sep okt nov dec
2003: jan feb mar apr maj jun jul avg sep okt nov dec
2002: jan feb mar apr maj jun jul avg sep okt nov dec

Poročilo za 2012 november
                   Monthly Climatological Summary for nov 2012

Name: Vremenska postaja Okroglo   City: Kal nad Kanalom   State: Slovenija
Elevation: 770 m  Lat: N 46° 04' 21"   Lon: E 013° 44' 04"

                  Temperature (°C), Rain (mm), Wind Speed (km/h)

                                      Heat  Cool        Avg
    Mean                              Deg   Deg         Wind                 Dom
Day Temp  High   Time   Low    Time   Days  Days  Rain  Speed High   Time    Dir
----------------------------------------------------------------------------------
 1   5,1   8,1   23:53   3,3   05:01  13,4   0,0  53,4  10,7  37,1   07:05    SE
 2   8,7  12,2   14:34   7,3   05:59  10,0   0,0   0,0   4,8  32,8   00:30    SW
 3   8,8  10,6   11:30   7,8   00:00   0,0   9,2   1,0   4,3  25,6   05:50    SW
 4  10,6  13,9   23:49   8,5   00:00   8,3   0,0  33,2  13,2  55,8   23:49   SSW
 5  10,9  15,1   05:33   3,8   20:24   7,9   0,0  48,2  22,8  87,1   05:38   SSW
 6   5,9  10,8   12:44   2,9   03:00  12,7   0,0   4,2   6,0  35,3   20:26   ESE
 7   5,6  10,9   14:59   2,7   07:27  13,2   0,0   0,0   2,7  24,8   08:18     E
 8   6,5  10,6   13:44   4,3   04:00  11,6   0,0   0,0   3,2  22,0   12:47    SW
 9   6,9  12,4   13:36   3,5   07:01  11,5   0,0   0,0   0,9   9,7   22:37    NW
10   7,2   9,3   23:01   5,8   07:05  10,8   0,0   3,1   1,1  15,8   20:55     E
11  11,4  13,8   17:49   9,1   00:01   6,8   0,0   9,8  13,7  51,1   14:29     S
12  10,9  12,5   00:00  10,1   20:30   0,0   7,1  16,1   7,3  44,6   01:50     S
13   8,6  10,8   13:54   6,6   23:28   9,4   0,0   0,5   9,8  44,3   22:56   ESE
14   5,9   8,5   12:42   3,8   23:00  12,2   0,0   0,0  10,4  57,2   20:32     E
15   4,1   6,9   14:00   2,4   06:00   0,0  13,9   0,0  12,9  52,9   12:20   ESE
16   3,3   5,4   14:18   2,1   23:39  16,9   0,0   0,0   8,7  36,0   09:35   ESE
17   4,9   9,0   14:30   0,7   07:01   0,0  13,1   0,0   2,1  15,1   20:10   ENE
18   6,8   9,8   14:52   3,0   05:21  11,3   0,0   1,6   1,3  16,2   22:17   ENE
19   7,5   8,7   13:20   6,1   23:41  10,5   0,0   8,3   8,8  36,7   23:01     E
20   6,1   7,2   15:36   5,5   04:11  12,1   0,0   0,0  11,7  62,3   08:28     E
21   6,4   9,2   12:56   5,3   01:14  11,7   0,0   0,0   8,8  45,7   09:30   ESE
22   7,0   8,2   11:59   5,3   00:01  11,1   0,0   1,0   6,4  34,9   15:54   ESE
23   7,1   8,1   10:47   6,3   06:10  11,0   0,0   0,0   1,3  12,2   02:40     E
24   7,1   8,6   13:08   6,2   05:48  10,9   0,0   0,0   1,4  16,9   23:40   WSW
25   6,9   8,2   13:37   5,6   07:47  11,1   0,0   0,0   3,8  19,1   13:55   WSW
26   7,7   8,5   23:31   7,0   05:28  10,3   0,0   3,1   6,9  34,2   23:59    SW
27   8,6   9,9   13:23   7,8   23:27   9,4   0,0  32,6  10,9  34,9   00:35    SW
28   9,4  12,6   13:30   6,5   23:40   8,7   0,0  58,5   6,1  36,4   06:09    SE
29   5,6   7,2   03:40   3,4   11:59  12,7   0,0  31,1   5,4  36,7   07:26   SSE
30   1,4   4,8   00:00  -0,2   17:47  16,7   0,0   1,6  11,8  41,4   21:37     E
----------------------------------------------------------------------------------
     7,1  15,1     5    -0,2    30   292,2  43,3 307,3   7,3  87,1     5     SSE

Max >=  30,0:  0
Max <=   0,0:  0
Min <=   0,0:  1
Min <=  -5,0:  0
Max Rain: 58,5 on day 28
Days of Rain: 16 (>= 1,0 mm)  7 (>= 10,0 mm)  6 (>= 20,0 mm)
Heat Base: 18,0  Cool Base: 18,0  Method: Integration