NOAA-Style klimatska poročila

Izberi mesečna ali letna poročila
2017: jan feb mar apr maj jun jul avg sep okt nov dec
2016: jan feb mar apr maj jun jul avg sep okt nov dec
2015: jan feb mar apr maj jun jul avg sep okt nov dec
2014: jan feb mar apr maj jun jul avg sep okt nov dec
2013: jan feb mar apr maj jun jul avg sep okt nov dec
2012: jan feb mar apr maj jun jul avg sep okt nov dec
2011: jan feb mar apr maj jun jul avg sep okt nov dec
2010: jan feb mar apr maj jun jul avg sep okt nov dec
2009: jan feb mar apr maj jun jul avg sep okt nov dec
2008: jan feb mar apr maj jun jul avg sep okt nov dec
2007: jan feb mar apr maj jun jul avg sep okt nov dec
2006: jan feb mar apr maj jun jul avg sep okt nov dec
2005: jan feb mar apr maj jun jul avg sep okt nov dec
2004: jan feb mar apr maj jun jul avg sep okt nov dec
2003: jan feb mar apr maj jun jul avg sep okt nov dec
2002: jan feb mar apr maj jun jul avg sep okt nov dec

Poročilo za 2012 oktober
                   Monthly Climatological Summary for okt 2012

Name: Vremenska postaja Okroglo   City: Kal nad Kanalom   State: Slovenija
Elevation: 770 m  Lat: N 46° 04' 21"   Lon: E 013° 44' 04"

                  Temperature (°C), Rain (mm), Wind Speed (km/h)

                                      Heat  Cool        Avg
    Mean                              Deg   Deg         Wind                 Dom
Day Temp  High   Time   Low    Time   Days  Days  Rain  Speed High   Time    Dir
----------------------------------------------------------------------------------
 1  14,7  20,6   16:37  11,9   05:22   3,6   0,1   1,0   3,1  20,9   07:27   NNE
 2  15,0  21,3   15:23  13,1   20:10   3,1   0,1   0,0   3,1  21,6   15:57   SSE
 3  13,9  17,8   17:09  11,3   06:09   4,1   0,0   0,0   1,6   6,5   17:09   SSW
 4  13,9  17,3   15:21  12,7   01:09   4,2   0,0   0,0   6,8  30,2   15:52    SW
 5  14,2  18,4   15:55  12,4   06:49   3,8   0,0   0,0   1,6  14,8   00:07   SSW
 6  14,0  17,3   13:42  12,3   00:43   4,1   0,0   0,0   3,6  27,7   13:43    SW
 7  13,9  16,1   13:37  11,6   23:45   4,2   0,0  10,9   6,4  35,3   16:21    SW
 8  10,2  16,8   15:34   7,1   07:52   7,9   0,0   0,5   7,2  47,5   09:17   ESE
 9  10,9  13,1   14:04   9,1   01:20   7,2   0,0   0,0   1,7  20,5   13:44    SW
10   9,8  11,1   07:45   7,9   21:29   8,3   0,0   7,8   3,4  26,6   12:25   NNW
11   8,5  10,3   14:58   7,2   08:18   9,5   0,0   0,0   6,0  26,6   12:48     W
12  10,8  16,9   15:24   8,6   05:32   7,2   0,0   0,0   2,5  23,0   17:24   WNW
13   9,4  11,3   11:32   7,4   21:19   8,7   0,0   5,2   7,7  40,3   10:54   ENE
14  10,1  14,3   13:54   6,6   03:19   7,9   0,0   5,2   2,7  27,0   16:55    SW
15  12,0  14,7   14:20   9,6   01:28   0,0   6,0  47,1   8,8  44,3   21:50     S
16  10,9  14,8   14:21   7,9   08:19  12,2   0,0  24,3   5,8  44,3   21:45     S
17  10,1  12,4   13:31   8,3   05:31   8,8   0,0   0,0   1,7  11,2   17:39    SW
18  11,7  15,7   14:57   9,6   03:57   6,3   0,0   0,0   3,5   7,2   13:57   WSW
19  11,7  16,1   15:36   9,3   07:36   6,4   0,0   0,0   1,9   6,5   13:36    SW
20  10,8  16,3   15:14   9,1   08:32   7,8   0,0   0,0   2,2  15,5   15:09   WSW
21  12,2  18,9   16:24   8,1   07:02   6,3   0,0   0,0   2,3  37,8   22:03     N
22  14,4  20,2   15:41  11,9   23:00   3,9   0,1   0,0   9,5  38,2   22:01   ESE
23  12,8  18,9   15:08  10,1   23:54   5,5   0,0   0,0  10,0  41,0   08:22   ESE
24  11,8  19,7   14:31   8,9   23:01   6,9   0,0   0,0   6,4  37,8   07:54     E
25  10,9  16,1   15:00   8,4   06:01   7,2   0,0   0,0   3,0  19,8   15:35    SW
26  10,1  12,2   14:23   8,1   05:01   8,5   0,0  54,9   4,2  34,9   20:53     S
27  11,1  12,3   07:45   9,5   21:46   7,6   0,0 137,8   8,8  52,9   07:26    SW
28   1,2  11,1   00:00  -1,2   21:06  17,8   0,0  11,4  14,2  69,1   10:46   ESE
29   0,2   5,8   13:47  -1,5   22:40  18,0   0,0   1,0   6,7  30,2   10:25     E
30   1,1   6,3   13:05  -2,4   02:50  16,9   0,0   0,0   2,6  23,0   13:18     W
31   5,3   8,3   11:36   2,1   00:00  13,4   0,0   5,2   4,5  55,1   21:56     E
----------------------------------------------------------------------------------
    10,6  21,3     2    -2,4    30   237,3   6,3 312,3   5,2  69,1    28     SSE

Max >=  30,0:  0
Max <=   0,0:  0
Min <=   0,0:  3
Min <=  -5,0:  0
Max Rain: 137,8 on day 27
Days of Rain: 12 (>= 1,0 mm)  6 (>= 10,0 mm)  4 (>= 20,0 mm)
Heat Base: 18,0  Cool Base: 18,0  Method: Integration