NOAA-Style klimatska poročila

Izberi mesečna ali letna poročila
2017: jan feb mar apr maj jun jul avg sep okt nov dec
2016: jan feb mar apr maj jun jul avg sep okt nov dec
2015: jan feb mar apr maj jun jul avg sep okt nov dec
2014: jan feb mar apr maj jun jul avg sep okt nov dec
2013: jan feb mar apr maj jun jul avg sep okt nov dec
2012: jan feb mar apr maj jun jul avg sep okt nov dec
2011: jan feb mar apr maj jun jul avg sep okt nov dec
2010: jan feb mar apr maj jun jul avg sep okt nov dec
2009: jan feb mar apr maj jun jul avg sep okt nov dec
2008: jan feb mar apr maj jun jul avg sep okt nov dec
2007: jan feb mar apr maj jun jul avg sep okt nov dec
2006: jan feb mar apr maj jun jul avg sep okt nov dec
2005: jan feb mar apr maj jun jul avg sep okt nov dec
2004: jan feb mar apr maj jun jul avg sep okt nov dec
2003: jan feb mar apr maj jun jul avg sep okt nov dec
2002: jan feb mar apr maj jun jul avg sep okt nov dec

Poročilo za 2012 september
                   Monthly Climatological Summary for sep 2012

Name: Vremenska postaja Okroglo   City: Kal nad Kanalom   State: Slovenija
Elevation: 770 m  Lat: N 46° 04' 21"   Lon: E 013° 44' 04"

                  Temperature (°C), Rain (mm), Wind Speed (km/h)

                                      Heat  Cool        Avg
    Mean                              Deg   Deg         Wind                 Dom
Day Temp  High   Time   Low    Time   Days  Days  Rain  Speed High   Time    Dir
----------------------------------------------------------------------------------
 1  13,8  16,6   16:32  12,4   07:41   4,4   0,0   8,8  10,8  44,6   09:47     E
 2  16,3  22,3   17:19  13,3   00:06   2,1   0,4   5,2   8,2  31,0   18:35   ESE
 3  19,4  21,6   16:20  17,6   00:00   1,4   0,0   0,5   7,6  43,9   09:40   ENE
 4  19,2  25,0   15:32  15,9   02:52   0,4   1,6   3,6   5,4  31,7   14:46   ENE
 5  19,1  21,1   16:54  17,6   00:00   0,0   1,1   0,0   5,0  31,0   01:21   ENE
 6  19,0  25,9   17:11  15,9   07:02   0,6   1,7   0,0   4,2  30,6   23:06   ESE
 7  17,3  24,9   17:59  12,4   07:36   2,0   1,3   0,0   4,7  29,5   01:08   WSW
 8  19,3  28,1   16:44  14,2   05:34   1,0   2,3   0,0   3,6  33,5   11:59     E
 9  20,5  27,3   17:29  17,1   07:34   0,1   2,6   0,0   6,3  31,7   09:07     E
10  20,3  26,6   14:20  18,4   00:08   0,0   2,3   0,0   5,0  30,6   09:29    SE
11  20,1  26,4   15:22  16,8   04:36   0,3   2,4   0,0   2,1  22,7   14:44   WSW
12  15,6  18,1   09:31  10,3   23:51   2,4   0,0  61,1   2,7  27,0   19:55   SSE
13   9,0  11,4   21:51   7,1   05:21   9,1   0,0  13,5  10,3  41,0   22:41    NE
14  12,9  17,9   15:40   9,9   06:40   0,0   5,1   0,0  10,1  52,2   13:00    NE
15  13,9  22,1   15:36   9,1   07:29   4,5   0,4   0,0   7,3  34,6   08:46   SSE
16  13,7  21,5   15:23  10,9   06:26   4,5   0,2   0,0   5,6  29,5   10:35   ESE
17  14,7  22,9   16:26   9,6   05:12   3,8   0,5   0,0   4,8  29,9   11:14    SE
18  16,5  22,4   15:22  12,2   06:28   2,2   0,7   0,0   2,1  17,3   04:40     W
19  13,3  16,1   12:06   8,1   23:41   4,7   0,0  12,4   3,4  35,6   20:50   ENE
20  11,0  19,1   15:41   6,8   07:01   7,1   0,0   1,0   3,8  33,1   01:38   SSE
21  11,7  17,1   15:17   9,1   05:20   6,3   0,0   0,0   2,3  19,4   16:29   WSW
22  12,0  15,0   13:05   9,0   05:52   6,0   0,0   0,0   2,8  19,1   12:57     W
23  13,7  15,5   14:12  12,1   01:48   4,3   0,0   0,5   1,4  13,0   00:29     S
24  14,5  16,4   13:39  12,3   04:53   3,6   0,0  16,6   9,1  33,1   17:37   SSW
25  14,7  19,4   16:24  10,5   05:31   3,5   0,1   0,5   4,8  34,6   18:00   SSW
26  16,0  17,9   15:34  14,6   06:53   2,0   0,0  25,9  15,5  41,8   10:20   SSW
27  16,9  20,8   16:31  13,9   21:11   1,4   0,3   1,5  16,6  54,0   08:42   SSW
28  14,4  18,9   16:01  12,1   07:11   3,6   0,0   0,0   3,8  14,8   12:31   ESE
29  16,3  20,6   14:28  13,6   00:00   1,9   0,2   0,5   1,5  13,3   19:29   ENE
30  14,5  17,2   06:56  12,9   18:51   3,4   0,0  10,6   6,7  34,9   14:55   ENE
----------------------------------------------------------------------------------
    15,7  28,1     8     6,8    20    86,6  23,2 162,2   5,9  54,0    27      SE

Max >=  30,0:  0
Max <=   0,0:  0
Min <=   0,0:  0
Min <=  -5,0:  0
Max Rain: 61,1 on day 12
Days of Rain: 11 (>= 1,0 mm)  6 (>= 10,0 mm)  2 (>= 20,0 mm)
Heat Base: 18,0  Cool Base: 18,0  Method: Integration