Nevihte Od: 21-06-2018 11:00 Do: 22:59 Opozorilo za: Nevihte Stopnja: Rumena info button

Možne so krajevne nevihte. Lokalno možni močnejši nalivi, piš vetra in udari strel. Hitro lahko narastejo hudourniški vodotoki. Bodite pozorni na bližajoče se nevihtne oblake. Med nevihto se ne zadržujte na izpostavljenih mestih, počakajte na varnem mestu, nevihta običajno ne traja dolgo.

NOAA-Style klimatska poročila


Poročilo za 2012 avgust
                   Monthly Climatological Summary for avg 2012

Name: Vremenska postaja Okroglo   City: Kal nad Kanalom   State: Slovenija
Elevation: 770 m  Lat: N 46° 04' 21"   Lon: E 013° 44' 04"

                  Temperature (°C), Rain (mm), Wind Speed (km/h)

                                      Heat  Cool        Avg
    Mean                              Deg   Deg         Wind                 Dom
Day Temp  High   Time   Low    Time   Days  Days  Rain  Speed High   Time    Dir
----------------------------------------------------------------------------------
 1  23,1  30,6   15:45  18,2   04:15   0,0   5,1   0,0   2,5  35,3   01:37    SE
 2  23,5  29,4   18:15  18,4   06:00   0,0   5,5   0,0   0,8  16,6   15:30    NW
 3  24,0  29,8   15:08  19,9   04:16   0,0   6,1   0,0   1,1  25,2   15:41   WSW
 4  23,2  30,9   16:26  18,4   05:38   0,0   5,2   0,0   2,2  30,2   08:55   WSW
 5  24,2  31,1   17:28  19,6   05:44   0,0   6,3   0,0   1,3  29,5   13:50   WSW
 6  23,6  28,8   14:47  21,0   02:17   0,0   5,6   0,0   4,3  33,1   14:44    SW
 7  22,6  29,1   17:12  18,9   05:15   0,0   4,6   0,0   3,6  28,1   13:28   ENE
 8  21,7  29,5   17:44  17,4   07:22   0,1   3,9   0,0   7,7  35,3   10:32    NE
 9  19,4  26,9   14:36  16,7   06:39   0,2   1,7   1,0   7,4  41,4   09:11   ENE
10  19,4  27,2   15:26  15,3   05:09   0,8   2,2   0,0   4,5  32,8   14:41   ENE
11  17,8  25,9   15:16  13,6   23:40   1,6   1,5   0,0   5,1  32,8   21:20    SE
12  16,5  23,5   16:39  11,6   06:24   2,6   1,1   0,0   4,9  33,8   02:17   SSE
13  19,0  26,4   15:30  14,1   06:01   1,2   2,1   0,0   4,3  31,3   10:07    NE
14  20,5  27,5   15:03  16,1   04:02   0,4   3,0   0,0   2,7  26,6   15:17     W
15  21,2  28,0   16:18  16,9   05:36   0,2   3,4   0,0   2,7  27,0   15:15   WSW
16  20,9  27,1   14:12  17,8   20:22   0,0   3,2   0,0   4,5  31,7   17:53    NE
17  22,7  31,1   17:41  18,5   06:16   0,0   4,7   0,0   4,7  28,4   09:05     E
18  23,6  32,1   16:41  18,4   05:59   0,0   5,6   0,0   4,1  26,6   12:56   ESE
19  25,5  33,3   17:28  19,9   05:33   0,0   8,3   0,0   3,9  25,6   09:55    NE
20  26,5  35,1   15:46  21,3   05:34   0,0   9,2   0,0   3,0  23,4   12:30     W
21  26,3  33,8   15:50  21,3   06:57   0,0   8,4   0,0   2,0  23,0   14:57     W
22  25,6  31,5   14:40  22,2   08:10   7,6   0,0   0,0   2,1  27,0   14:40   WSW
23  23,0  31,4   16:27  15,8   07:33   0,2   5,3  27,5   2,5  30,6   07:05    NW
24  24,2  30,0   15:30  20,7   05:27   0,0   6,2   0,0   4,6  27,7   15:19    SW
25  23,4  30,0   15:37  19,3   06:45   0,0   5,4   0,0   4,2  31,7   15:32    SW
26  16,8  21,8   03:11  10,1   20:46   2,2   1,0  28,5   5,2  40,3   21:06   ENE
27  16,8  24,1   16:24  11,1   04:54   2,5   1,3   0,0   2,1  19,8   14:29   WNW
28  18,2  23,7   15:03  13,6   05:57   1,5   1,7   0,0   2,0  21,6   13:25   WSW
29  20,7  28,7   16:40  15,5   03:56   0,7   3,4   0,0   4,3  35,3   11:42   ENE
30  22,2  27,9   16:20  18,5   09:00   4,2   0,0   0,0   2,5  22,3   04:50   SSW
31  17,2  21,4   00:38  15,2   23:41   1,2   0,3  15,5   4,2  26,3   19:11    SE
----------------------------------------------------------------------------------
    21,7  35,1    20    10,1    26    27,2 121,3  72,5   3,5  41,4     9       E

Max >=  30,0: 12
Max <=   0,0:  0
Min <=   0,0:  0
Min <=  -5,0:  0
Max Rain: 28,5 on day 26
Days of Rain: 4 (>= 1,0 mm)  3 (>= 10,0 mm)  2 (>= 20,0 mm)
Heat Base: 18,0  Cool Base: 18,0  Method: Integration