Veter Od: 22-10-2017 17:00 Do: 23-10-2017 02:59 Opozorilo za: Veter Stopnja: Oranžna info button

Maksimalna hitrost vetra : od 100 do 120 km/h. Veter lomi veje in lahko podira posamezna drevesa, odkriva strehe. Mone so prekinitve v oskrbi z elektrino energijo. Oviran je cestni, lahko tudi pomorski promet. Gibanje na prostem je zelo oteeno in nevarno. Morje je zmerno vzvalovano do vzvalovano (3-4). Pri gibanju na prostem se izogibajte nevarnih mest. Ne vkljuujte se v promet, e ni nujno potrebno. Plovila naj bodo privezana na varnih privezih. Ostanite na kopnem. Spremljajte meteoroloka obvestila in opozorila ter informacije, ki jih posredujejo pristojne slube in organi.

NOAA-Style klimatska poročila

Izberi mesečna ali letna poročila
2017: jan feb mar apr maj jun jul avg sep okt nov dec
2016: jan feb mar apr maj jun jul avg sep okt nov dec
2015: jan feb mar apr maj jun jul avg sep okt nov dec
2014: jan feb mar apr maj jun jul avg sep okt nov dec
2013: jan feb mar apr maj jun jul avg sep okt nov dec
2012: jan feb mar apr maj jun jul avg sep okt nov dec
2011: jan feb mar apr maj jun jul avg sep okt nov dec
2010: jan feb mar apr maj jun jul avg sep okt nov dec
2009: jan feb mar apr maj jun jul avg sep okt nov dec
2008: jan feb mar apr maj jun jul avg sep okt nov dec
2007: jan feb mar apr maj jun jul avg sep okt nov dec
2006: jan feb mar apr maj jun jul avg sep okt nov dec
2005: jan feb mar apr maj jun jul avg sep okt nov dec
2004: jan feb mar apr maj jun jul avg sep okt nov dec
2003: jan feb mar apr maj jun jul avg sep okt nov dec
2002: jan feb mar apr maj jun jul avg sep okt nov dec

Poročilo za 2012 julij
                   Monthly Climatological Summary for jul 2012

Name: Vremenska postaja Okroglo   City: Kal nad Kanalom   State: Slovenija
Elevation: 770 m  Lat: N 46° 04' 21"   Lon: E 013° 44' 04"

                  Temperature (°C), Rain (mm), Wind Speed (km/h)

                                      Heat  Cool        Avg
    Mean                              Deg   Deg         Wind                 Dom
Day Temp  High   Time   Low    Time   Days  Days  Rain  Speed High   Time    Dir
----------------------------------------------------------------------------------
 1  24,9  30,8   17:28  20,6   03:49   0,0   6,9   0,0   2,8  16,6   12:11   WSW
 2  25,3  30,6   17:31  22,1   03:16   0,0   7,5   0,0   5,7  32,8   09:56   ENE
 3  23,7  27,6   14:33  20,1   23:58   0,0   5,8   0,0   2,0  15,5   16:50   WNW
 4  23,1  29,2   16:24  18,1   03:56   0,0   5,1   0,0   3,0  19,8   15:40    NW
 5  22,0  27,6   14:13  15,4   16:11   0,1   4,1  25,4   1,7  26,3   15:30     W
 6  20,3  24,7   19:15  16,1   15:04   0,2   2,6  10,4   1,0  23,4   17:04     S
 7  21,0  26,1   16:45  17,9   07:26   0,0   3,0   0,0   1,1  28,8   16:17    SW
 8  21,8  27,3   16:31  17,9   06:08   0,0   3,8   0,0   1,5  27,0   13:00     W
 9  22,4  27,9   15:20  19,0   02:54   0,0   4,5   0,0   0,7  24,5   17:10    SW
10  21,6  27,4   18:45  18,3   05:21   0,0   3,6   0,0   3,1  29,9   09:49   ESE
11  20,4  26,8   16:00  12,4   23:14   0,5   2,9  54,4   4,4  31,3   16:50    SW
12  17,7  23,1   16:53  13,1   00:04   1,4   1,0   5,2   5,1  34,2   10:25   ENE
13  16,3  21,9   17:12  12,9   06:07   2,1   0,5   1,6   6,1  37,8   12:06    NE
14  18,7  23,2   16:21  15,6   05:53   0,6   1,4   0,0   2,7  32,8   12:01    SW
15  14,9  20,8   00:45  11,3   10:59   3,3   0,2  22,3   9,1  35,3   10:48    SE
16  17,0  25,2   18:11  11,6   03:49   2,4   1,4   1,5   2,5  31,7   00:15    SE
17  17,9  23,8   17:11  13,6   05:51   1,6   1,5   0,0   1,5  19,1   03:21     N
18  19,7  24,9   15:11  16,1   05:30   0,5   2,2   0,0   1,7  21,2   09:06     W
19  20,5  25,9   15:00  16,5   04:02   0,3   2,8   0,0   1,7  28,1   16:05    SW
20  21,3  26,8   16:28  17,7   07:03   0,0   3,4   0,0   1,8  28,1   06:26   WSW
21  15,4  21,3   01:07  12,5   23:50   3,0   0,3   2,6   6,8  36,0   10:55    NE
22  15,1  20,6   15:41  12,4   00:00   3,1   0,1   0,0   8,5  37,4   16:30   ENE
23  16,3  21,6   16:06  12,8   01:49   2,3   0,5   0,0  13,4  44,3   13:28    NE
24  19,6  23,9   12:19  15,8   22:26   0,2   1,8   1,0   8,8  43,6   01:46    NE
25  18,3  21,6   13:30  16,2   00:40   0,3   0,0   0,0   0,1   9,2   05:10    NW
26  20,3  26,5   17:35  16,4   02:20   0,4   2,7   0,0   0,2  14,8   18:34   WNW
27  23,1  29,2   18:10  18,1   06:00   5,1   0,0   0,0   0,3  16,2   15:30   WNW
28  23,7  29,6   15:10  19,4   04:00   5,7   0,0   0,0   0,9  26,6   17:30   WSW
29  23,4  29,7   16:50  19,4   03:52   0,0   8,7   1,0   1,9  26,6   17:22    SW
30  21,0  27,2   17:07  17,8   06:05   0,0   3,0   0,0   6,2  33,5   14:32   ENE
31  21,7  30,3   17:14  15,6   04:37   0,3   4,1   1,0   5,1  32,2   04:18   ENE
----------------------------------------------------------------------------------
    20,3  30,8     1    11,3    15    33,4  85,4 126,4   3,6  44,3    23     ENE

Max >=  30,0:  3
Max <=   0,0:  0
Min <=   0,0:  0
Min <=  -5,0:  0
Max Rain: 54,4 on day 11
Days of Rain: 11 (>= 1,0 mm)  4 (>= 10,0 mm)  3 (>= 20,0 mm)
Heat Base: 18,0  Cool Base: 18,0  Method: Integration