NOAA-Style klimatska poročila

Izberi mesečna ali letna poročila
2017: jan feb mar apr maj jun jul avg sep okt nov dec
2016: jan feb mar apr maj jun jul avg sep okt nov dec
2015: jan feb mar apr maj jun jul avg sep okt nov dec
2014: jan feb mar apr maj jun jul avg sep okt nov dec
2013: jan feb mar apr maj jun jul avg sep okt nov dec
2012: jan feb mar apr maj jun jul avg sep okt nov dec
2011: jan feb mar apr maj jun jul avg sep okt nov dec
2010: jan feb mar apr maj jun jul avg sep okt nov dec
2009: jan feb mar apr maj jun jul avg sep okt nov dec
2008: jan feb mar apr maj jun jul avg sep okt nov dec
2007: jan feb mar apr maj jun jul avg sep okt nov dec
2006: jan feb mar apr maj jun jul avg sep okt nov dec
2005: jan feb mar apr maj jun jul avg sep okt nov dec
2004: jan feb mar apr maj jun jul avg sep okt nov dec
2003: jan feb mar apr maj jun jul avg sep okt nov dec
2002: jan feb mar apr maj jun jul avg sep okt nov dec

Poročilo za 2012 junij
                   Monthly Climatological Summary for jun 2012

Name: Vremenska postaja Okroglo   City: Kal nad Kanalom   State: Slovenija
Elevation: 770 m  Lat: N 46° 04' 21"   Lon: E 013° 44' 04"

                  Temperature (°C), Rain (mm), Wind Speed (km/h)

                                      Heat  Cool        Avg
    Mean                              Deg   Deg         Wind                 Dom
Day Temp  High   Time   Low    Time   Days  Days  Rain  Speed High   Time    Dir
----------------------------------------------------------------------------------
 1  14,7  19,3   16:06  12,1   04:14   3,4   0,1  11,9   3,6  25,6   18:17     S
 2  14,1  15,2   10:05  12,6   05:11   3,9   0,0   7,8   2,2  16,9   20:36   WSW
 3  15,2  17,8   11:50  14,3   05:17   2,8   0,0   0,5   4,4  31,3   13:45    SW
 4  14,0  16,3   11:18  10,9   23:26   4,0   0,0  14,5   3,7  28,1   21:45     S
 5  14,1  19,6   16:20   9,8   02:39   4,0   0,1   1,6   3,4  29,9   23:13     W
 6  14,1  18,8   14:32  10,3   05:21   4,0   0,0   0,0   3,4  29,5   01:34   WNW
 7  15,2  18,9   14:04  12,3   05:16   2,8   0,0   0,0   4,4  24,1   16:36    SW
 8  17,0  20,7   13:09  13,9   01:16   1,6   0,6   0,5   2,7  33,5   13:22   WSW
 9  15,5  17,1   15:19  13,8   05:41   2,5   0,0  10,4   2,7  31,3   08:15   ENE
10  15,4  18,7   13:15  13,3   23:22   2,6   0,0  10,9   8,1  30,2   13:49   SSW
11  13,4  15,4   19:31  11,8   02:57   4,8   0,0  91,7   4,7  23,8   22:24   SSW
12  12,8  15,0   19:12  10,3   23:54   5,3   0,0  37,8   6,5  28,8   10:14     S
13  12,8  19,3   13:44   9,0   05:34   5,4   0,1  13,5   4,0  32,0   19:40   SSW
14  14,7  19,9   13:29   8,6   04:03   3,7   0,3   0,0   3,4  20,9   16:25   SSW
15  17,1  22,3   15:39  12,9   01:57   1,9   1,0   0,0   2,6  19,8   14:26   WSW
16  19,4  25,9   15:34  13,8   05:31   1,2   2,6   0,0   2,3  16,9   16:18   WNW
17  21,6  28,1   16:18  15,9   03:50   0,4   3,8   0,0   2,4  23,0   22:32   NNW
18  23,4  28,8   14:50  19,6   05:00   5,4   0,0   0,1   4,6  25,6   05:30     N
19  23,8  29,8   16:07  19,1   01:45   0,0   5,8   0,0   2,2  20,2   12:10     N
20  23,5  28,2   14:21  19,9   05:11   0,0   5,5   0,0   3,0  19,8   17:48     W
21  23,1  28,1   14:42  20,1   02:23   0,0   5,1   0,0   3,4  28,1   15:10   SSW
22  21,3  25,4   15:16  16,9   05:40   0,1   3,4   2,7   6,3  35,3   17:26   ENE
23  19,8  23,3   17:40  17,9   05:10   1,8   0,0   0,0   8,3  39,6   11:20   ENE
24  20,9  26,6   17:01  17,2   05:36   0,1   3,1   0,0   5,5  33,5   00:18    NE
25  19,4  22,9   13:41  14,4   23:24   0,6   2,0   6,7   2,9  23,0   16:07   SSE
26  17,8  24,6   15:33  13,1   06:24   2,0   1,7   0,5   5,2  29,5   10:07     W
27  19,5  24,4   15:30  15,5   06:00   1,5   0,0   0,0   4,3  25,2   08:30     W
28  20,4  25,1   16:17  16,3   05:35   0,3   2,7   0,0   2,5  17,3   17:49   WNW
29  21,8  26,8   16:05  17,6   04:51   0,0   3,9   0,0   2,6  18,7   15:15     W
30  23,5  28,1   16:41  19,8   01:44   0,0   5,5   0,0   2,8  19,1   15:58   WSW
----------------------------------------------------------------------------------
    18,0  29,8    19     8,6    14    66,1  47,3 211,1   3,9  39,6    23      SW

Max >=  30,0:  0
Max <=   0,0:  0
Min <=   0,0:  0
Min <=  -5,0:  0
Max Rain: 91,7 on day 11
Days of Rain: 11 (>= 1,0 mm)  7 (>= 10,0 mm)  2 (>= 20,0 mm)
Heat Base: 18,0  Cool Base: 18,0  Method: Integration