Veter Od: 22-10-2017 17:00 Do: 23-10-2017 02:59 Opozorilo za: Veter Stopnja: Oranžna info button

Maksimalna hitrost vetra : od 100 do 120 km/h. Veter lomi veje in lahko podira posamezna drevesa, odkriva strehe. Mone so prekinitve v oskrbi z elektrino energijo. Oviran je cestni, lahko tudi pomorski promet. Gibanje na prostem je zelo oteeno in nevarno. Morje je zmerno vzvalovano do vzvalovano (3-4). Pri gibanju na prostem se izogibajte nevarnih mest. Ne vkljuujte se v promet, e ni nujno potrebno. Plovila naj bodo privezana na varnih privezih. Ostanite na kopnem. Spremljajte meteoroloka obvestila in opozorila ter informacije, ki jih posredujejo pristojne slube in organi.

NOAA-Style klimatska poročila

Izberi mesečna ali letna poročila
2017: jan feb mar apr maj jun jul avg sep okt nov dec
2016: jan feb mar apr maj jun jul avg sep okt nov dec
2015: jan feb mar apr maj jun jul avg sep okt nov dec
2014: jan feb mar apr maj jun jul avg sep okt nov dec
2013: jan feb mar apr maj jun jul avg sep okt nov dec
2012: jan feb mar apr maj jun jul avg sep okt nov dec
2011: jan feb mar apr maj jun jul avg sep okt nov dec
2010: jan feb mar apr maj jun jul avg sep okt nov dec
2009: jan feb mar apr maj jun jul avg sep okt nov dec
2008: jan feb mar apr maj jun jul avg sep okt nov dec
2007: jan feb mar apr maj jun jul avg sep okt nov dec
2006: jan feb mar apr maj jun jul avg sep okt nov dec
2005: jan feb mar apr maj jun jul avg sep okt nov dec
2004: jan feb mar apr maj jun jul avg sep okt nov dec
2003: jan feb mar apr maj jun jul avg sep okt nov dec
2002: jan feb mar apr maj jun jul avg sep okt nov dec

Poročilo za 2012 april
                   Monthly Climatological Summary for apr 2012

Name: Vremenska postaja Okroglo   City: Kal nad Kanalom   State: Slovenija
Elevation: 770 m  Lat: N 46° 04' 21"   Lon: E 013° 44' 04"

                  Temperature (°C), Rain (mm), Wind Speed (km/h)

                                      Heat  Cool        Avg
    Mean                              Deg   Deg         Wind                 Dom
Day Temp  High   Time   Low    Time   Days  Days  Rain  Speed High   Time    Dir
----------------------------------------------------------------------------------
 1   5,5   9,2   17:28   0,9   09:23  12,8   0,0   0,0   9,9  50,8   11:08   ESE
 2   6,2  11,5   14:43   2,4   06:55  11,8   0,0   0,0   6,9  28,1   13:14   WSW
 3   6,4   7,7   17:47   4,3   00:00  11,8   0,0  11,4   1,0  10,1   06:03     W
 4   9,2  11,4   16:26   7,1   01:26   8,9   0,0  43,5   2,8  19,4   06:35     W
 5  10,0  11,4   15:29   8,3   23:23   8,2   0,0  52,8   1,9  14,8   04:04   SSW
 6   9,2  12,4   15:29   7,2   21:55   8,9   0,0  53,4   5,8  25,2   16:09    SW
 7   7,4   8,9   09:11   4,2   21:55  10,8   0,0  82,9   8,7  34,9   12:00   SSW
 8   2,6   4,4   15:14  -0,8   23:24  15,4   0,0   0,5   9,3  48,6   13:07     E
 9   1,3   6,4   17:05  -2,2   05:52  16,7   0,0   0,0   4,2  26,6   08:04     S
10   4,4   9,3   15:59   0,9   00:22  13,6   0,0   0,0   4,9  28,8   17:02    SW
11   3,9   6,2   18:37   1,9   03:55  14,1   0,0  40,9   2,5  27,4   18:59    SE
12   6,1  10,9   15:55   3,4   06:15  12,1   0,0   1,6   4,7  28,1   13:56    SW
13   7,0   9,2   11:40   5,0   00:40  11,2   0,0   2,1   2,8  26,3   23:56    NE
14   7,9  11,9   14:22   5,9   06:56  10,1   0,0   0,5  12,2  49,7   09:49    NE
15   7,4   9,2   11:09   6,8   22:10  10,7   0,0   8,8   2,6  29,2   01:37    NE
16   7,9  11,3   13:18   5,8   05:40  10,2   0,0  12,4   5,3  28,8   20:31   ENE
17   7,0  12,9   14:36   3,5   07:09  11,0   0,0   0,0   7,8  37,1   08:02     E
18   7,0  12,9   13:33   2,9   05:27  11,0   0,0   1,0   6,1  33,5   00:14   ESE
19   5,5  10,4   16:57   2,1   03:52  12,5   0,0  40,9   5,1  28,8   16:57    SW
20   6,2   8,4   12:52   4,2   22:53  11,8   0,0  51,8   3,8  20,9   00:13   SSW
21   4,5   5,9   08:42   3,9   10:04  13,5   0,0  28,5   2,1  23,4   09:47     E
22   5,1   8,8   16:52   4,1   23:12  12,4   0,0  37,9   3,9  29,5   15:03     S
23   6,0  10,2   15:08   3,9   06:12  12,4   0,0   6,2   6,5  29,2   14:58     S
24   6,7   8,6   18:14   5,3   00:00  11,3   0,0  30,6  12,3  49,3   13:20   SSW
25   8,3  12,1   14:02   4,6   03:26   9,7   0,0   0,0   7,0  33,5   14:36    SW
26   9,7  14,3   16:49   6,3   05:51   8,3   0,0   0,0   7,2  32,4   13:54   WSW
27  13,2  18,9   17:45   8,0   04:08   4,8   0,0   0,0   4,0  20,2   10:50   WSW
28  19,3  25,4   15:25  15,1   02:15   0,8   2,2   0,0   6,2  33,1   09:10   ESE
29  17,0  20,1   14:37  14,2   21:18   1,3   0,3   0,0   5,4  30,2   14:33   WSW
30  17,3  22,3   14:24  14,3   06:40   1,5   0,8   0,0   2,5  16,2   14:11   WSW
----------------------------------------------------------------------------------
     7,8  25,4    28    -2,2     9   309,6   3,3 507,7   5,5  50,8     1       S

Max >=  30,0:  0
Max <=   0,0:  0
Min <=   0,0:  2
Min <=  -5,0:  0
Max Rain: 82,9 on day 7
Days of Rain: 17 (>= 1,0 mm)  12 (>= 10,0 mm)  10 (>= 20,0 mm)
Heat Base: 18,0  Cool Base: 18,0  Method: Integration