Veter Od: 22-10-2017 17:00 Do: 23-10-2017 02:59 Opozorilo za: Veter Stopnja: Oranžna info button

Maksimalna hitrost vetra : od 100 do 120 km/h. Veter lomi veje in lahko podira posamezna drevesa, odkriva strehe. Mone so prekinitve v oskrbi z elektrino energijo. Oviran je cestni, lahko tudi pomorski promet. Gibanje na prostem je zelo oteeno in nevarno. Morje je zmerno vzvalovano do vzvalovano (3-4). Pri gibanju na prostem se izogibajte nevarnih mest. Ne vkljuujte se v promet, e ni nujno potrebno. Plovila naj bodo privezana na varnih privezih. Ostanite na kopnem. Spremljajte meteoroloka obvestila in opozorila ter informacije, ki jih posredujejo pristojne slube in organi.

NOAA-Style klimatska poročila

Izberi mesečna ali letna poročila
2017: jan feb mar apr maj jun jul avg sep okt nov dec
2016: jan feb mar apr maj jun jul avg sep okt nov dec
2015: jan feb mar apr maj jun jul avg sep okt nov dec
2014: jan feb mar apr maj jun jul avg sep okt nov dec
2013: jan feb mar apr maj jun jul avg sep okt nov dec
2012: jan feb mar apr maj jun jul avg sep okt nov dec
2011: jan feb mar apr maj jun jul avg sep okt nov dec
2010: jan feb mar apr maj jun jul avg sep okt nov dec
2009: jan feb mar apr maj jun jul avg sep okt nov dec
2008: jan feb mar apr maj jun jul avg sep okt nov dec
2007: jan feb mar apr maj jun jul avg sep okt nov dec
2006: jan feb mar apr maj jun jul avg sep okt nov dec
2005: jan feb mar apr maj jun jul avg sep okt nov dec
2004: jan feb mar apr maj jun jul avg sep okt nov dec
2003: jan feb mar apr maj jun jul avg sep okt nov dec
2002: jan feb mar apr maj jun jul avg sep okt nov dec

Poročilo za 2012 marec
                   Monthly Climatological Summary for mar 2012

Name: Vremenska postaja Okroglo   City: Kal nad Kanalom   State: Slovenija
Elevation: 770 m  Lat: N 46° 04' 21"   Lon: E 013° 44' 04"

                  Temperature (°C), Rain (mm), Wind Speed (km/h)

                                      Heat  Cool        Avg
    Mean                              Deg   Deg         Wind                 Dom
Day Temp  High   Time   Low    Time   Days  Days  Rain  Speed High   Time    Dir
----------------------------------------------------------------------------------
 1  10,5  15,2   14:26   7,6   08:20   7,6   0,0   0,0   3,2  18,4   14:44   WSW
 2  10,9  16,1   14:28   7,6   02:22   7,1   0,0   0,0   2,4  20,9   23:38   WSW
 3   8,4  12,9   15:18   5,0   23:02   9,6   0,0   0,0   8,3  37,4   19:48    SE
 4   6,0   9,3   14:00   3,8   06:32  12,2   0,0   0,0   8,4  40,3   19:32   ESE
 5   4,8  11,0   14:48   2,4   07:14  13,3   0,0   0,0  10,8  46,8   20:19     E
 6   3,3   8,4   14:55   0,4   23:52  14,7   0,0   0,0  12,3  55,8   09:52   ENE
 7   2,1   8,7   15:51  -2,2   06:53  15,8   0,0   0,0   8,3  50,0   01:56   ESE
 8   5,1  12,3   14:47   0,6   06:47  13,0   0,0   0,0   3,8  29,2   20:23   ENE
 9   4,5   9,4   14:55   1,2   07:22  13,6   0,0   0,0   9,7  40,0   10:10   ENE
10   4,3  10,3   15:19   0,4   04:27  13,6   0,0   0,0   9,6  42,5   06:17     E
11   7,1  13,0   15:00   2,3   06:19  10,9   0,0   0,0   5,1  30,6   00:49   SSE
12   6,9  11,2   14:52   3,1   06:20  11,3   0,0   0,0   3,9  24,1   15:04     W
13   7,6  13,9   14:54   3,1   07:10  10,7   0,0   0,0   3,5  20,5   16:03     W
14   8,0  13,6   14:36   4,1   06:16  10,2   0,0   0,0   2,8  19,1   14:18     W
15   8,9  16,2   15:31   3,8   06:34   9,2   0,0   0,0   4,1  32,8   07:59   NNW
16  10,2  15,3   13:39   6,6   23:58   7,9   0,0   0,0   5,6  24,8   15:39    SW
17   8,0  12,1   13:08   5,6   07:22  10,0   0,0   0,0   6,1  32,4   13:56    SW
18   6,8   8,9   12:25   6,1   00:00  11,4   0,0   0,0   7,2  33,8   12:13    SW
19   8,1  12,0   12:54   6,2   23:58  10,0   0,0   8,3   7,8  32,4   17:15    SW
20   9,3  15,3   14:21   5,7   01:02   8,7   0,0   0,0   3,7  31,7   06:46     E
21  11,8  17,6   16:32   8,1   06:28   6,3   0,0   0,0   5,2  31,3   05:56   ESE
22  12,5  17,8   12:46   9,3   06:00   5,5   0,0   0,0   5,4  30,2   08:57    SE
23  11,7  16,1   13:54   8,9   06:37   6,4   0,0   0,0   5,3  24,1   12:32   WSW
24  12,1  17,1   15:13   8,8   02:48   5,9   0,0   0,0   3,5  27,4   23:38    NE
25  12,5  17,1   17:02   9,3   04:50   5,2   0,0   0,0   6,3  38,9   10:52   ENE
26  12,9  18,9   15:50   9,2   07:09   5,2   0,0   0,0   4,6  25,2   20:41   ENE
27  11,3  16,9   16:42   6,6   07:17   6,7   0,0   0,0   5,0  20,2   14:26   SSW
28  13,6  18,9   14:54  10,3   06:16   4,5   0,1   0,0   5,0  27,0   16:35   WSW
29  13,3  17,9   14:11   9,9   06:24   4,7   0,0   0,0   4,7  24,1   15:06    SW
30  12,3  18,1   14:17   8,4   07:07   5,8   0,0   0,0   4,1  22,0   10:22     W
31  11,4  15,3   15:18   8,6   06:52   6,6   0,0   0,0   4,8  27,0   16:17   WSW
----------------------------------------------------------------------------------
     8,9  18,9    26    -2,2     7   283,6   0,1   8,3   5,8  55,8     6      SE

Max >=  30,0:  0
Max <=   0,0:  0
Min <=   0,0:  1
Min <=  -5,0:  0
Max Rain: 8,3 on day 19
Days of Rain: 1 (>= 1,0 mm)  0 (>= 10,0 mm)  0 (>= 20,0 mm)
Heat Base: 18,0  Cool Base: 18,0  Method: Integration