NOAA-Style klimatska poročila

Izberi mesečna ali letna poročila
2017: jan feb mar apr maj jun jul avg sep okt nov dec
2016: jan feb mar apr maj jun jul avg sep okt nov dec
2015: jan feb mar apr maj jun jul avg sep okt nov dec
2014: jan feb mar apr maj jun jul avg sep okt nov dec
2013: jan feb mar apr maj jun jul avg sep okt nov dec
2012: jan feb mar apr maj jun jul avg sep okt nov dec
2011: jan feb mar apr maj jun jul avg sep okt nov dec
2010: jan feb mar apr maj jun jul avg sep okt nov dec
2009: jan feb mar apr maj jun jul avg sep okt nov dec
2008: jan feb mar apr maj jun jul avg sep okt nov dec
2007: jan feb mar apr maj jun jul avg sep okt nov dec
2006: jan feb mar apr maj jun jul avg sep okt nov dec
2005: jan feb mar apr maj jun jul avg sep okt nov dec
2004: jan feb mar apr maj jun jul avg sep okt nov dec
2003: jan feb mar apr maj jun jul avg sep okt nov dec
2002: jan feb mar apr maj jun jul avg sep okt nov dec

Poročilo za 2012 februar
                   Monthly Climatological Summary for feb 2012

Name: Vremenska postaja Okroglo   City: Kal nad Kanalom   State: Slovenija
Elevation: 770 m  Lat: N 46° 04' 21"   Lon: E 013° 44' 04"

                  Temperature (°C), Rain (mm), Wind Speed (km/h)

                                      Heat  Cool        Avg
    Mean                              Deg   Deg         Wind                 Dom
Day Temp  High   Time   Low    Time   Days  Days  Rain  Speed High   Time    Dir
----------------------------------------------------------------------------------
 1  -6,8  -5,0   15:11  -8,4   00:40  27,1   0,0   0,0  17,8  75,2   15:21   ENE
 2  -8,5  -7,3   00:00 -10,7   23:31  26,5   0,0   0,0  15,0  61,6   03:56     E
 3 -10,8  -8,7   14:00 -11,9   07:17  32,7   0,0   0,0  15,3  77,4   23:27   ENE
 4 -10,6  -9,1   14:44 -12,1   23:31  28,6   0,0   0,0  13,7  62,6   07:39   ENE
 5 -12,1  -9,9   13:56 -13,1   08:11  30,1   0,0   0,0  14,9  68,4   16:41   ESE
 6 -11,2  -8,7   14:38 -13,7   03:35  29,8   0,0   0,0  16,1  71,3   06:10     E
 7  -7,4  -4,8   13:44 -10,6   00:00  26,4   0,0   0,0  15,5  76,3   06:13   ENE
 8  -5,4  -1,4   13:58  -7,7   06:59  23,4   0,0   0,0  17,4  63,4   14:31   ENE
 9  -6,9  -2,9   13:07  -9,4   23:52  24,9   0,0   0,0  14,3  51,1   11:25   ESE
10  -9,6  -8,1   12:29 -10,7   22:40  28,0   0,0   0,0  16,0  75,6   23:13   ENE
11 -10,4  -8,7   16:10 -11,6   22:32  30,8   0,0   0,0  16,9  72,0   04:57   ENE
12  -9,3  -7,7   13:44 -11,3   00:00  27,2   0,0   0,0  14,4  57,6   03:36     E
13  -5,8   0,3   13:42  -8,9   07:17  24,5   0,0   0,0   5,0  28,8   08:41   ESE
14  -3,5   1,9   14:20  -7,1   02:10  21,8   0,0   0,0   2,2  16,9   15:29    SW
15  -3,4  -0,9   15:06  -4,8   02:29  21,4   0,0   0,0   4,5  19,1   12:29    SW
16   1,1   6,9   13:57  -2,4   00:49  17,2   0,0   0,0   3,4  29,5   09:05     N
17   1,1   4,9   14:03  -1,2   06:06  17,0   0,0   0,0   3,9  22,7   12:37   WSW
18   2,1   6,9   14:00  -0,7   03:21  16,1   0,0   0,0   3,5  17,3   14:20   SSW
19   1,7   3,9   13:05  -0,9   01:24  16,3   0,0   7,8   2,4  16,6   14:00    SW
20  -1,2   1,6   00:00  -2,2   09:28  19,2   0,0   7,8   8,4  42,8   06:35     E
21  -0,9   2,6   14:48  -3,4   06:40  19,2   0,0   1,0  11,8  42,8   19:08     E
22   1,9   6,2   14:24  -1,1   04:24  16,1   0,0   0,0  11,7  48,2   10:05     E
23   6,4  11,6   13:36   1,4   00:01  11,7   0,0   0,0   3,5  46,4   02:08   ESE
24   9,6  15,3   13:51   6,5   04:08   8,4   0,0   0,0   2,4  18,0   14:30    SW
25  10,2  17,3   15:31   5,9   06:07   7,8   0,0   0,0   2,9  29,5   18:21   ESE
26   6,5  10,5   15:11   2,4   23:12  11,5   0,0   0,0   7,5  41,0   09:21     E
27   2,5   7,5   12:43  -0,2   07:48  15,7   0,0   0,0   3,8  25,6   15:19   WSW
28   2,3   6,6   14:55  -0,9   02:29  15,8   0,0   0,0   3,6  19,1   15:52    SW
29  11,0  20,5   15:49   1,6   00:24   7,2   0,2   0,0   3,2  20,5   17:14    NE
----------------------------------------------------------------------------------
    -2,3  20,5    29   -13,7     6   602,4   0,2  16,6   9,6  77,4     3       E

Max >=  30,0:  0
Max <=   0,0: 13
Min <=   0,0: 24
Min <=  -5,0: 14
Max Rain: 7,8 on day 19
Days of Rain: 3 (>= 1,0 mm)  0 (>= 10,0 mm)  0 (>= 20,0 mm)
Heat Base: 18,0  Cool Base: 18,0  Method: Integration