NOAA-Style klimatska poročila

Izberi mesečna ali letna poročila
2017: jan feb mar apr maj jun jul avg sep okt nov dec
2016: jan feb mar apr maj jun jul avg sep okt nov dec
2015: jan feb mar apr maj jun jul avg sep okt nov dec
2014: jan feb mar apr maj jun jul avg sep okt nov dec
2013: jan feb mar apr maj jun jul avg sep okt nov dec
2012: jan feb mar apr maj jun jul avg sep okt nov dec
2011: jan feb mar apr maj jun jul avg sep okt nov dec
2010: jan feb mar apr maj jun jul avg sep okt nov dec
2009: jan feb mar apr maj jun jul avg sep okt nov dec
2008: jan feb mar apr maj jun jul avg sep okt nov dec
2007: jan feb mar apr maj jun jul avg sep okt nov dec
2006: jan feb mar apr maj jun jul avg sep okt nov dec
2005: jan feb mar apr maj jun jul avg sep okt nov dec
2004: jan feb mar apr maj jun jul avg sep okt nov dec
2003: jan feb mar apr maj jun jul avg sep okt nov dec
2002: jan feb mar apr maj jun jul avg sep okt nov dec

Poročilo za 2011 november
                   Monthly Climatological Summary for nov 2011

Name: Vremenska postaja Okroglo   City: Kal nad Kanalom   State: Slovenija
Elevation: 770 m  Lat: N 46° 04' 21"   Lon: E 013° 44' 04"

                  Temperature (°C), Rain (mm), Wind Speed (km/h)

                                      Heat  Cool        Avg
    Mean                              Deg   Deg         Wind                 Dom
Day Temp  High   Time   Low    Time   Days  Days  Rain  Speed High   Time    Dir
----------------------------------------------------------------------------------
 1   8,3  12,8   13:42   6,2   02:42  10,0   0,0   0,0   3,2  18,7   13:51    SE
 2   7,8  12,2   15:46   5,8   06:52  10,7   0,0   0,0   1,6   7,6   12:44     E
 3   7,1   8,1   09:38   5,9   01:16  11,2   0,0   0,5   2,2  11,9   22:39    SW
 4   9,3  10,9   23:09   7,8   00:00   9,1   0,0  28,5   4,7  31,7   12:37    SW
 5  11,0  12,1   12:55  10,4   22:10   7,3   0,0   0,0   5,3  29,2   10:37   SSW
 6  10,5  13,1   10:03   8,9   23:49   7,8   0,0   4,1   6,6  40,3   19:19   ENE
 7   7,6   8,9   00:19   7,1   23:10  10,7   0,0   2,6   7,5  28,8   20:57     E
 8   9,1  13,6   14:51   7,0   01:10   9,4   0,0   1,6   1,4  13,0   21:44    SW
 9   9,9  13,9   13:51   8,1   23:38   8,5   0,0   2,1   2,5  10,8   13:51    SW
10   9,2  15,1   12:35   5,4   07:17   9,2   0,0   0,0   5,2  32,4   19:35   ESE
11   3,9   6,2   00:29   0,6   22:45  14,4   0,0   0,0  13,6  51,1   18:10     E
12   2,8   7,3   14:08   0,4   03:21  15,7   0,0   0,0   9,4  43,9   11:32   ENE
13   5,2   9,7   13:57   1,9   00:10  13,2   0,0   0,0   7,5  37,8   01:24   ESE
14   6,2  10,1   13:32   4,5   00:27  12,2   0,0   0,0   7,6  32,8   08:57   SSE
15   5,8   9,5   13:58   3,2   03:31  12,5   0,0   0,0   8,3  38,2   12:06    SE
16   4,5   8,4   13:52   2,6   05:32  13,8   0,0   0,0   9,0  38,5   00:09   ESE
17   5,7  12,1   14:28   3,1   00:04  12,6   0,0   0,0   4,4  31,7   09:27   WNW
18   6,1  10,6   14:41   3,9   20:38  12,2   0,0   0,0   1,4   5,8   13:41   NNE
19   4,6   8,9   13:39   2,3   19:15  14,2   0,0   0,0   2,8  14,4   14:34     E
20   4,1   8,2   13:46   2,4   01:48  14,1   0,0   0,0   2,3  12,6   13:56   ENE
21   4,2   8,1   13:01   1,8   08:10  14,8   0,0   0,0   2,6  14,8   15:26   ENE
22   5,8  11,3   14:05   2,3   01:49  12,6   0,0   0,0   3,2  20,5   22:31   NNW
23   2,8   5,8   13:01  -0,7   17:19  15,8   0,0   0,0  14,5  55,4   15:31   ESE
24   1,7   5,6   13:29  -0,7   21:06  17,0   0,0   0,0  10,8  38,9   08:59     E
25   4,2   7,3   14:47   0,7   00:17  14,1   0,0   0,0   9,5  32,0   10:17     E
26   7,2  13,1   14:12   1,9   00:47  11,2   0,0   0,0   3,3  25,2   10:13     E
27   6,4  10,4   13:52   4,3   00:26  11,8   0,0   0,0   3,3  20,5   11:03    SW
28   6,1   9,4   12:57   4,4   23:25  12,5   0,0   0,0   9,6  45,0   21:09     E
29   6,2  11,2   13:21   4,1   01:55  12,2   0,0   0,0   3,0  22,3   10:05     E
30   6,5   9,9   15:02   4,1   07:12  11,9   0,0   0,0   2,8  31,7   20:15    SE
----------------------------------------------------------------------------------
     6,3  15,1    10    -0,7    23   362,7   0,0  39,4   5,8  55,4    23     ESE

Max >=  30,0:  0
Max <=   0,0:  0
Min <=   0,0:  2
Min <=  -5,0:  0
Max Rain: 28,5 on day 4
Days of Rain: 5 (> 1,0 mm)  1 (> 10,0 mm)  1 (> 20,0 mm)
Heat Base: 18,0  Cool Base: 18,0  Method: Integration