Nevihte Od: 22-06-2018 06:00 Do: 10:59 Opozorilo za: Nevihte Stopnja: Oranžna info button

Možne so močnejše krajevne nevihte. Lokalno močnejši nalivi s točo, močnejši piš vetra in udari strel. Toča lahko poškoduje posevke. Ob hudourniških vodotokih so možne poplave. Udari strel lahko zanetijo požare. Počakajte na varnem mestu v zgradbi, na prostem poiščite zavetje v zgradbah ali v vozilu. Med nevihto se ne zadržujte pod drevesi ali daljnovodi, udar strele je smrtno nevaren! Ne zadržujte se v bližini hudourniških vodotokov. Ne parkirajte pod drevesi. Na morju poiščite najbližji varen pristan.

Dež Od: 22-06-2018 04:00 Do: 09:59 Opozorilo za: Dež Stopnja: Oranžna info button

Možni so izdatnejši nalivi. Količina padavin : od 40 do 80 mm/6h. Ob hudourniških vodotokih so možne poplave. Verjetne so poplave meteorne in zaledne vode. Plavje lahko zamaši posamezne objekte vodne infrastrukture in zajezi vodni tok. Če opazite hitro naraščanje hudourniškega vodotoka najprej poskrbite, da se umaknete nad območje, ki ga lahko doseže voda. Ne skušajte prečkati vodnega toka. Izjemoma, če presodite, da to lahko pravočasno storite, umaknite iz nižjih prostorov in kleti hrano, premičnine, dokumente, denar in druge dragocenosti. Spremljajte meteorološka in hidrološka opozorila in informacije, ki jih posredujejo druge pristojne službe in organi.

Veter Od: 22-06-2018 09:00 Do: 20:59 Opozorilo za: Veter Stopnja: Rumena info button

Maksimalna hitrost vetra : od 85 do 100 km/h. Veter maje drevesa in lahko že lomi veje. Ovira cestni promet določenih kategorij in lahko že nekoliko otežuje gibanje. Morje je zmerno vzvalovano (3). Vrata in okna naj bodo zaprta. Na prostem se ne zadržujte na potencialno nevarnih mestih. Priporočamo dodatno previdnost v prometu. Priporočamo previdnost na morju.

NOAA-Style klimatska poročila


Poročilo za 2011 oktober
                   Monthly Climatological Summary for okt 2011

Name: Vremenska postaja Okroglo   City: Kal nad Kanalom   State: Slovenija
Elevation: 770 m  Lat: N 46° 04' 21"   Lon: E 013° 44' 04"

                  Temperature (°C), Rain (mm), Wind Speed (km/h)

                                      Heat  Cool        Avg
    Mean                              Deg   Deg         Wind                 Dom
Day Temp  High   Time   Low    Time   Days  Days  Rain  Speed High   Time    Dir
----------------------------------------------------------------------------------
 1  18,9  27,6   15:42  15,3   05:56   1,3   1,9   0,0   4,8  24,1   11:02    SW
 2  18,8  27,1   16:39  15,9   00:49   1,2   1,7   0,0   2,8  24,5   10:22     S
 3  18,0  24,2   17:06  14,9   07:17   1,4   1,1   0,0   2,4  13,3   01:55   WNW
 4  18,1  23,9   15:35  15,2   08:48   1,4   1,2   0,0   2,2  12,2   13:54    NE
 5  18,8  25,1   16:11  15,1   07:11   1,1   1,6   0,0   2,4  10,1   19:20   SSE
 6  16,3  19,5   12:24  13,9   20:58   2,1   0,1   0,0   4,2  31,3   23:57   SSW
 7   8,0  15,2   02:55   1,4   15:31  10,8   0,0  75,6  11,8  41,0   08:43   SSW
 8   2,7   5,8   22:49   2,4   00:00  16,3   0,0   3,5   3,8  18,7   23:17     N
 9   9,1  15,4   16:20   4,4   04:31  15,4   0,0   0,0   4,1  27,4   16:30    NW
10   8,2  13,7   15:13   4,3   03:36  10,4   0,0   0,0   2,7  16,6   15:54     N
11  14,0  22,4   14:56   7,9   00:26   4,8   0,4   0,0   1,7  10,1   08:26     E
12  15,0  20,1   16:30  12,5   07:00   6,5   0,2   0,0   2,6  31,7   23:20     E
13  10,4  13,6   00:00   6,3   23:40   7,9   0,0   0,0  11,5  51,8   18:23    SE
14   6,7  13,3   15:04   2,3   23:48  12,0   0,0   0,0   8,5  40,0   19:56     E
15   5,3  12,6   15:39   1,5   01:33  13,0   0,0   0,0   8,4  34,9   03:30   ENE
16   4,5   9,8   15:23   1,9   07:47  14,5   0,0   0,0  11,5  52,6   06:59   ESE
17   6,0  13,8   15:56   1,5   07:18  13,2   0,0   0,0   3,4  27,4   00:18   ESE
18   7,0  11,3   15:50   4,2   03:50  11,3   0,0   0,0   3,6  17,3   16:57   SSW
19   8,7  11,4   23:39   6,3   01:21   9,9   0,0  18,6   5,0  39,6   21:26    SW
20   4,9  11,4   00:00   0,5   14:06  12,8   0,0 118,6  10,0  46,1   08:32   ESE
21   4,9   9,5   15:10   1,6   01:59  14,9   0,0  12,4   7,7  31,0   23:20   ENE
22   3,0   6,3   16:38   1,5   08:36  15,5   0,0   0,0  10,0  43,6   13:45   ENE
23   3,7   7,1   15:31   2,1   01:31  14,6   0,0   0,0   8,3  20,9   13:31   ENE
24   4,6   7,9   15:31   3,3   04:31  15,1   0,0   2,1   4,9  20,5   11:31   ENE
25   8,4  12,2   22:52   4,4   00:19  10,8   0,0  28,5   4,3  33,8   22:49   SSW
26  11,0  12,3   04:30   9,2   23:54   7,8   0,0  78,2   7,9  33,8   22:52     S
27   9,5  15,9   15:12   8,0   04:22   8,8   0,0   0,0   4,5  33,1   06:31   SSE
28   9,3  14,8   14:50   7,1   05:12   9,0   0,0   0,0   2,2  14,8   15:32   ESE
29   8,4  11,1   15:35   7,4   05:26  10,2   0,0   0,0   6,1  35,3   13:25   SSW
30   8,4  16,1   14:39   5,9   04:49   9,8   0,0   0,0   4,3  24,8   22:14   WNW
31   8,8  16,9   15:10   5,5   03:13   9,8   0,0   0,0   2,1  11,5   15:34    NW
----------------------------------------------------------------------------------
     9,7  27,6     1     0,5    20   293,6   8,2 337,5   5,7  52,6    16      SE

Max >=  30,0:  0
Max <=   0,0:  0
Min <=   0,0:  0
Min <=  -5,0:  0
Max Rain: 118,6 on day 20
Days of Rain: 8 (> 1,0 mm)  6 (> 10,0 mm)  4 (> 20,0 mm)
Heat Base: 18,0  Cool Base: 18,0  Method: Integration