NOAA-Style klimatska poročila

Izberi mesečna ali letna poročila
2017: jan feb mar apr maj jun jul avg sep okt nov dec
2016: jan feb mar apr maj jun jul avg sep okt nov dec
2015: jan feb mar apr maj jun jul avg sep okt nov dec
2014: jan feb mar apr maj jun jul avg sep okt nov dec
2013: jan feb mar apr maj jun jul avg sep okt nov dec
2012: jan feb mar apr maj jun jul avg sep okt nov dec
2011: jan feb mar apr maj jun jul avg sep okt nov dec
2010: jan feb mar apr maj jun jul avg sep okt nov dec
2009: jan feb mar apr maj jun jul avg sep okt nov dec
2008: jan feb mar apr maj jun jul avg sep okt nov dec
2007: jan feb mar apr maj jun jul avg sep okt nov dec
2006: jan feb mar apr maj jun jul avg sep okt nov dec
2005: jan feb mar apr maj jun jul avg sep okt nov dec
2004: jan feb mar apr maj jun jul avg sep okt nov dec
2003: jan feb mar apr maj jun jul avg sep okt nov dec
2002: jan feb mar apr maj jun jul avg sep okt nov dec

Poročilo za 2011 september
                   Monthly Climatological Summary for sep 2011

Name: Vremenska postaja Okroglo   City: Kal nad Kanalom   State: Slovenija
Elevation: 770 m  Lat: N 46° 04' 21"   Lon: E 013° 44' 04"

                  Temperature (°C), Rain (mm), Wind Speed (km/h)

                                      Heat  Cool        Avg
    Mean                              Deg   Deg         Wind                 Dom
Day Temp  High   Time   Low    Time   Days  Days  Rain  Speed High   Time    Dir
----------------------------------------------------------------------------------
 1  18,6  22,9   12:55  15,8   03:25   0,5   0,9   0,5   2,2  14,4   12:52    SE
 2  20,1  26,4   15:23  16,4   06:26   0,4   2,3   0,0   2,6  19,1   15:47     W
 3  22,2  30,9   16:07  16,4   06:07   0,3   4,2   0,0   3,4  15,8   13:07    NW
 4  21,3  29,8   16:09  16,3   20:28   0,3   3,5   3,1   3,9  22,7   16:47     N
 5  16,3  18,1   00:35  15,0   22:46   2,1   0,0  34,7   3,4  23,8   09:16   SSE
 6  17,7  24,9   16:25  13,9   07:18   1,9   1,3   0,5   6,1  35,3   11:00   ENE
 7  17,3  23,5   15:19  13,5   05:06   1,9   0,8   0,0   2,5  18,7   13:48     W
 8  17,3  20,3   13:22  15,6   03:14   1,2   0,2   0,0   2,6  23,4   08:45   SSE
 9  19,2  25,8   16:31  14,5   07:06   1,1   1,9   0,0   3,0  19,4   10:29   WNW
10  20,1  25,9   15:47  16,5   07:17   0,4   2,2   0,0   2,8  24,5   15:43   WSW
11  20,4  26,3   15:32  17,9   07:01   0,0   2,3   0,0   4,0  19,1   15:52    SW
12  20,0  27,3   17:30  17,2   07:12   0,2   2,1   0,0   2,5  16,9   15:48     S
13  21,2  28,4   15:19  17,6   07:04   0,1   3,1   0,0   4,3  25,6   10:19    NW
14  21,2  27,3   15:31  17,9   03:33   0,0   3,1   0,0   3,5  27,4   15:07     S
15  18,5  25,1   15:47  15,3   09:20   0,9   1,1   0,0   7,9  34,2   07:42     N
16  18,9  27,6   15:47  14,3   07:15   1,5   2,1   0,0   5,1  30,6   05:25   WNW
17  20,3  26,9   17:00  16,2   06:40   0,0   2,3   0,0   2,4  19,1   15:50   NNE
18  18,0  22,6   13:35  13,9   21:34   1,3   1,0  10,2   6,9  33,8   13:55   SSW
19  11,9  14,6   01:34   9,1   20:02   6,8   0,0  88,6   6,9  32,0   18:58   ESE
20  15,1  23,9   16:10   9,6   01:19   4,1   0,7   0,0   6,4  36,0   10:25   NNE
21  18,0  26,9   16:29  13,2   05:17   2,2   1,8   0,0   3,5  25,9   10:50     W
22  15,9  19,4   15:08  13,9   07:29   2,6   0,0   0,0   8,4  36,7   20:47   WSW
23  16,3  23,3   15:33  13,8   06:53   2,6   0,6   0,0   6,4  39,6   08:54    SE
24  16,3  23,8   16:55  13,3   08:16   3,0   0,8   0,0   5,5  25,6   15:29     E
25  16,9  25,2   16:46  13,6   07:49   2,4   1,0   0,0   5,9  32,4   10:59     E
26  17,4  24,9   15:58  14,4   07:52   2,0   1,0   0,0   6,4  36,4   08:48   ESE
27  17,5  24,1   15:55  14,3   02:59   1,8   1,0   0,0   7,0  36,0   11:31     E
28  18,1  25,2   15:10  15,1   05:28   1,6   1,4   0,0   7,5  34,2   11:29    NE
29  16,7  24,6   15:51  13,3   07:59   2,5   0,9   0,0   5,1  30,6   10:13   ESE
30  17,9  26,6   15:51  14,0   00:39   1,9   1,5   0,0   5,7  36,0   01:55    NE
----------------------------------------------------------------------------------
    18,2  30,9     3     9,1    19    47,6  45,1 137,6   4,7  39,6    23       E

Max >=  30,0:  1
Max <=   0,0:  0
Min <=   0,0:  0
Min <=  -5,0:  0
Max Rain: 88,6 on day 19
Days of Rain: 4 (> 1,0 mm)  3 (> 10,0 mm)  2 (> 20,0 mm)
Heat Base: 18,0  Cool Base: 18,0  Method: Integration