Nevihte Od: 20-07-2018 14:00 Do: 21:59 Opozorilo za: Nevihte Stopnja: Rumena info button

Možne so krajevne nevihte. Lokalno možni močnejši nalivi, piš vetra in udari strel. Hitro lahko narastejo hudourniški vodotoki. Bodite pozorni na bližajoče se nevihtne oblake. Med nevihto se ne zadržujte na izpostavljenih mestih, počakajte na varnem mestu, nevihta običajno ne traja dolgo.

NOAA-Style klimatska poročila


Poročilo za 2011 avgust
                   Monthly Climatological Summary for avg 2011

Name: Vremenska postaja Okroglo   City: Kal nad Kanalom   State: Slovenija
Elevation: 770 m  Lat: N 46° 04' 21"   Lon: E 013° 44' 04"

                  Temperature (°C), Rain (mm), Wind Speed (km/h)

                                      Heat  Cool        Avg
    Mean                              Deg   Deg         Wind                 Dom
Day Temp  High   Time   Low    Time   Days  Days  Rain  Speed High   Time    Dir
----------------------------------------------------------------------------------
 1  17,2  20,8   12:59  15,3   07:40   0,8   0,0   0,5   3,3  25,2   13:18   WNW
 2  19,0  24,8   15:36  14,9   05:39   0,0   1,0   0,0   4,4  23,0   00:30   WNW
 3  19,6  24,8   15:36  15,4   05:39   0,0   1,6   0,0   1,3  22,0   17:30    NW
 4  17,8  25,3   15:20  16,6   04:22   0,2   0,0  24,6  ----  26,4   16:55   ---
 5  19,8  26,2   15:30  17,2   05:20   0,0   1,8   0,0   2,4  19,7   22:17    NW
 6  19,7  23,1   17:41  17,1   06:11   0,0   1,6   1,5   2,2  14,4   13:43    NW
 7  19,1  23,1   15:10  17,3   21:31   0,4   1,2   3,1   8,2  31,0   14:41   SSW
 8  19,5  22,8   16:43  17,6   00:31   0,0   1,3   1,6  13,8  41,4   10:15   SSW
 9  14,4  20,6   17:50  10,1   05:51   4,2   0,3   6,2   8,3  31,3   17:09    SE
10  15,9  23,3   17:36  11,9   03:48   3,0   0,6   0,0   3,6  20,9   10:26     W
11  15,7  22,5   17:51  10,9   07:25   3,5   0,7   0,0   2,8   8,6   17:00     W
12  18,3  25,5   17:30  13,5   06:08   1,6   1,6   0,0   2,4  14,4   23:50   NNW
13  20,0  26,4   15:16  16,2   07:25   0,5   2,2   0,0   4,1  26,6   06:02     W
14  20,8  27,1   17:09  17,4   05:36   0,2   2,7   0,0   3,5  23,0   06:03   WNW
15  20,4  23,7   18:04  17,4   06:52   0,1   2,2   1,6   2,3  30,2   13:57   NNW
16  20,7  27,9   16:22  16,9   07:13   0,2   2,7   0,0   5,7  33,1   07:48    SE
17  21,7  29,2   17:33  17,5   05:34   0,2   3,7   0,0   4,4  29,9   09:41   WNW
18  22,7  29,6   15:38  18,1   06:24   0,0   4,9   0,0   2,5  14,4   14:55   NNW
19  23,5  29,5   17:42  20,2   06:18   0,0   5,1   1,5   3,3  23,4   14:47     W
20  24,7  32,3   17:00  20,2   06:18   0,0  10,7   0,0   3,5  23,4   14:47     W
21  24,7  31,7   15:50  20,3   07:18   0,0   6,8   0,0   2,8  14,8   16:50   NNW
22  25,4  32,1   16:03  21,3   03:41   0,0   7,2   0,0   2,6  11,9   13:29   NNE
23  26,6  34,1   15:38  22,3   04:39   0,0   8,3   0,0   2,4  16,9   15:01     W
24  25,3  31,0   16:40  21,3   06:04   0,0   7,0   0,0   3,1  20,9   14:50   WSW
25  26,0  32,2   16:33  21,6   02:19   0,0   7,6   0,0   2,4   7,2   10:45   ESE
26  25,3  33,2   16:39  20,4   07:33   0,0   7,1   0,0   3,8  24,1   16:15   SSW
27  22,3  27,8   14:47  17,6   23:55   0,1   4,1   2,1   5,6  21,2   16:47     S
28  17,1  23,6   16:41  13,7   07:55   2,0   0,9   0,0  10,3  38,5   10:52   ESE
29  18,8  29,5   16:52  12,9   08:41   1,8   2,4   0,0   4,8  27,7   11:23   NNE
30  19,4  28,3   16:47  16,3   07:17   0,6   1,7   0,0   4,6  29,9   09:55   ENE
31  18,9  25,8   15:18  15,2   07:11   1,3   2,0   0,0   4,1  23,0   16:40     W
----------------------------------------------------------------------------------
    20,7  34,1    23    10,1     9    20,7 101,0  42,7   4,2  41,4     8     WSW

Max >=  30,0:  7
Max <=   0,0:  0
Min <=   0,0:  0
Min <=  -5,0:  0
Max Rain: 24,6 on day 4
Days of Rain: 8 (> 1,0 mm)  1 (> 10,0 mm)  1 (> 20,0 mm)
Heat Base: 18,0  Cool Base: 18,0  Method: Integration