NOAA-Style klimatska poročila

Izberi mesečna ali letna poročila
2017: jan feb mar apr maj jun jul avg sep okt nov dec
2016: jan feb mar apr maj jun jul avg sep okt nov dec
2015: jan feb mar apr maj jun jul avg sep okt nov dec
2014: jan feb mar apr maj jun jul avg sep okt nov dec
2013: jan feb mar apr maj jun jul avg sep okt nov dec
2012: jan feb mar apr maj jun jul avg sep okt nov dec
2011: jan feb mar apr maj jun jul avg sep okt nov dec
2010: jan feb mar apr maj jun jul avg sep okt nov dec
2009: jan feb mar apr maj jun jul avg sep okt nov dec
2008: jan feb mar apr maj jun jul avg sep okt nov dec
2007: jan feb mar apr maj jun jul avg sep okt nov dec
2006: jan feb mar apr maj jun jul avg sep okt nov dec
2005: jan feb mar apr maj jun jul avg sep okt nov dec
2004: jan feb mar apr maj jun jul avg sep okt nov dec
2003: jan feb mar apr maj jun jul avg sep okt nov dec
2002: jan feb mar apr maj jun jul avg sep okt nov dec

Poročilo za 2011 julij
                   Monthly Climatological Summary for jul 2011

Name: Vremenska postaja Okroglo   City: Kal nad Kanalom   State: Slovenija
Elevation: 770 m  Lat: N 46° 04' 21"   Lon: E 013° 44' 04"

                  Temperature (°C), Rain (mm), Wind Speed (km/h)

                                      Heat  Cool        Avg
    Mean                              Deg   Deg         Wind                 Dom
Day Temp  High   Time   Low    Time   Days  Days  Rain  Speed High   Time    Dir
----------------------------------------------------------------------------------
 1  15,2  20,5   13:27  10,1   21:45   2,8   0,0   7,3   5,0  35,3   20:31   SSE
 2  13,6  19,8   12:07   9,8   15:34   4,4   0,0   0,0   4,0  24,5   11:26   SSW
 3  14,8  20,5   17:37   9,7   04:20   3,2   0,0   0,0   3,3  30,2   12:13   WSW
 4  17,3  23,0   16:08  13,3   03:53   0,7   0,0   0,0   2,8  21,6   14:48   WSW
 5  17,4  21,9   03:51  13,9   23:50   0,6   0,0  26,9   3,8  19,8   14:57   SSW
 6  17,7  23,0   02:00  13,4   17:10   0,3   0,0   0,0   2,9  15,8   12:10   SSW
 7  20,1  25,2   14:06  17,2   16:50   0,0   2,1   0,0   2,5  16,9   13:44   WSW
 8  20,9  25,5   17:00  16,9   15:39   0,0   2,9   0,0   4,4  30,6   12:45   SSW
 9  23,0  28,9   17:54  18,6   06:00   0,0   5,0   0,0   2,7  21,2   12:20   NNW
10  23,4  28,4   07:10  19,1   17:16   0,0   5,4   0,0   2,9  17,6   14:55   NNW
11  23,2  29,5   17:17  19,6   12:58   0,0   5,2   0,0   3,0  30,6   23:43   NNW
12  22,7  29,6   15:35  18,6   05:00   0,0   4,7   0,0   6,3  33,8   08:35   ENE
13  23,7  28,6   14:13  19,9   15:41   0,0   5,7   0,0   2,4  18,4   14:17   NNW
14  23,3  28,4   15:57  20,4   23:48   0,0   5,3   0,0   4,0  32,8   15:58    SW
15  18,0  20,9   01:48  15,8   21:13   0,0   0,0   3,1   8,3  42,5   15:28   ENE
16  17,7  24,3   17:05  13,6   06:39   0,3   0,0   4,2   5,6  33,1   01:58   NNW
17  18,4  21,9   16:16  15,4   03:15   0,0   0,4   9,3   4,5  31,7   16:36   SSW
18  18,2  22,8   18:18  14,1   04:25   0,0   0,2  44,6   9,0  45,0   13:47   SSW
19  18,4  23,4   16:44  15,9   05:40   0,0   0,4   0,0   3,4  29,2   16:14   SSW
20  14,4  17,9   18:15  12,1   06:18   3,6   0,0   7,8   2,8  25,9   00:52    SW
21  15,9  22,6   16:05  12,6   21:32   2,1   0,0   3,1   5,7  26,3   17:19    SW
22  16,6  22,9   16:17  11,9   02:44   1,4   0,0   0,0   3,6  23,4   16:50   WSW
23  14,6  19,3   18:35  12,2   07:35   3,4   0,0  18,1   5,1  25,2   21:43    NE
24  11,3  13,5   00:36   8,9   08:36   6,7   0,0  48,7   9,0  40,0   14:10    NE
25  13,7  19,5   16:06  11,1   23:02   4,3   0,0   0,0   3,5  22,7   18:38     W
26  14,3  21,6   14:53  10,4   05:14   3,7   0,0   0,0   3,4  25,2   04:59    SW
27  15,7  20,6   15:06  13,1   06:34   2,3   0,0   0,0   3,6  24,8   11:19    SW
28  16,1  22,2   17:13  13,4   07:36   1,9   0,0   0,5   3,0  23,4   14:31   NNE
29  16,6  22,8   14:35  13,1   05:37   1,4   0,0   4,1   2,3  18,4   16:51    NW
30  15,7  18,9   15:13  14,3   04:40   2,3   0,0   5,7   3,4  26,6   13:51     S
31  17,4  23,9   16:20  13,8   04:47   0,6   0,0   0,0   2,1  13,3   17:12   WNW
----------------------------------------------------------------------------------
    17,7  29,6    12     8,9    24    46,0  37,3 183,4   4,0  45,0    18      SW

Max >=  30,0:  0
Max <=   0,0:  0
Min <=   0,0:  0
Min <=  -5,0:  0
Max Rain: 48,7 on day 24
Days of Rain: 12 (> 1,0 mm)  4 (> 10,0 mm)  3 (> 20,0 mm)
Heat Base: 18,0  Cool Base: 18,0  Method: Integration