NOAA-Style klimatska poročila

Izberi mesečna ali letna poročila
2017: jan feb mar apr maj jun jul avg sep okt nov dec
2016: jan feb mar apr maj jun jul avg sep okt nov dec
2015: jan feb mar apr maj jun jul avg sep okt nov dec
2014: jan feb mar apr maj jun jul avg sep okt nov dec
2013: jan feb mar apr maj jun jul avg sep okt nov dec
2012: jan feb mar apr maj jun jul avg sep okt nov dec
2011: jan feb mar apr maj jun jul avg sep okt nov dec
2010: jan feb mar apr maj jun jul avg sep okt nov dec
2009: jan feb mar apr maj jun jul avg sep okt nov dec
2008: jan feb mar apr maj jun jul avg sep okt nov dec
2007: jan feb mar apr maj jun jul avg sep okt nov dec
2006: jan feb mar apr maj jun jul avg sep okt nov dec
2005: jan feb mar apr maj jun jul avg sep okt nov dec
2004: jan feb mar apr maj jun jul avg sep okt nov dec
2003: jan feb mar apr maj jun jul avg sep okt nov dec
2002: jan feb mar apr maj jun jul avg sep okt nov dec

Poročilo za 2011 junij
                   Monthly Climatological Summary for jun 2011

Name: Vremenska postaja Okroglo   City: Kal nad Kanalom   State: Slovenija
Elevation: 770 m  Lat: N 46° 04' 21"   Lon: E 013° 44' 04"

                  Temperature (°C), Rain (mm), Wind Speed (km/h)

                                      Heat  Cool        Avg
    Mean                              Deg   Deg         Wind                 Dom
Day Temp  High   Time   Low    Time   Days  Days  Rain  Speed High   Time    Dir
----------------------------------------------------------------------------------
 1  16,0  20,4   13:24  13,0   05:04   2,0   0,0   4,7   2,2  19,1   14:26   ENE
 2  18,1  25,4   15:42  14,9   03:26   0,0   0,1   0,0   6,4  34,2   08:02    NE
 3  17,8  22,2   18:39  14,6   07:52   0,2   0,0   0,0   6,7  36,0   09:26    NE
 4  17,6  23,3   14:38  14,7   01:38   0,4   0,0   6,7   7,2  27,0   17:51     E
 5  16,5  21,5   16:38  13,3   02:38   1,5   0,0  17,1   2,1   8,3   20:38   WNW
 6  15,8  19,7   14:14  12,9   21:24   2,2   0,0   4,0   3,8  20,5   10:22     W
 7  14,8  17,5   09:08  13,3   03:26   3,2   0,0  51,3   3,3  27,7   15:22   ENE
 8  14,9  18,8   15:16  12,6   22:26   3,1   0,0   8,3   8,0  29,2   14:33   SSW
 9  13,7  16,9   13:20  12,5   03:26   4,3   0,0  14,0   1,7  13,7   12:13   SSW
10  15,2  19,6   15:26  12,3   04:38   2,8   0,0   0,5   4,0  27,4   08:31   SSE
11  15,8  20,3   16:17  12,9   01:21   2,2   0,0   1,5   3,4  25,9   08:03   NNW
12  17,0  22,4   04:32  13,2   15:13   1,0   0,0   0,0   3,4  27,0   12:29     E
13  15,6  19,1   11:29  13,8   20:54   2,4   0,0   8,8   2,9  22,0   10:26   NNE
14  17,1  24,4   16:36  13,9   00:44   0,9   0,0   0,0   4,0  26,3   14:58     E
15  18,8  24,5   17:01  14,1   02:38   0,0   0,8   0,0   2,9  17,6   07:16   NNW
16  19,1  23,8   11:15  15,5   15:26   0,0   1,1   0,0   3,0  23,4   16:47   WSW
17  18,2  22,1   16:03  15,9   04:26   0,0   0,2   0,0   4,4  27,7   14:51    SW
18  18,2  19,9   17:26  16,1   00:33   0,0   0,2   0,6  11,3  32,4   04:57   SSW
19  12,2  18,3   10:26   7,9   00:26   5,8   0,0  27,0  11,1  32,4   15:22   SSE
20  15,5  21,9   16:39  10,2   00:26   2,5   0,0   0,0   4,5  24,8   10:17   ENE
21  17,9  22,6   05:26  13,5   15:26   0,1   0,0   0,0   3,5   8,3   19:26   WSW
22  19,6  24,5   16:48  16,1   03:26   0,0   1,6   0,0   4,2  24,1   17:51     W
23  18,9  24,8   06:26  14,9   14:17   0,0   0,9  17,1   7,1  28,4   14:48    SW
24  13,7  15,9   02:26  10,6   12:26   4,3   0,0  30,0   9,2  33,5   16:26     E
25  15,8  22,5   06:26  11,8   17:44   2,2   0,0   0,0   3,6  19,8   10:59     N
26  17,3  22,8   08:45  12,4   17:33   0,7   0,0   0,0   2,8  15,8   12:47     W
27  19,3  24,8   15:49  14,8   02:26   0,0   1,3   0,0   2,6  20,5   15:34   WNW
28  20,3  25,8   14:56  15,9   04:05   0,0   2,3   0,0   2,4  15,5   13:05     W
29  20,9  25,6   16:26  16,5   06:26   0,0   2,9   0,0   2,8  11,9   17:54   NNW
30  19,0  23,2   22:51  16,1   23:50   0,0   1,0   1,0   2,5  18,7   22:19   WSW
----------------------------------------------------------------------------------
    17,0  25,8    28     7,9    19    41,8  12,4 192,6   4,1  36,0     3       S

Max >=  30,0:  0
Max <=   0,0:  0
Min <=   0,0:  0
Min <=  -5,0:  0
Max Rain: 51,3 on day 7
Days of Rain: 13 (> 1,0 mm)  6 (> 10,0 mm)  3 (> 20,0 mm)
Heat Base: 18,0  Cool Base: 18,0  Method: Integration